51.38.112.81 - - [29/Dec/2025:12:25:57 -0800] "GET /registration-retreat/static/media/logo.f96fed557c1617146760.png HTTP/1.1" 200 726 "-" "Mozilla/5.0 (Windows NT 10.0; Win64; x64) AppleWebKit/537.36 (KHTML, like Gecko) Chrome/139.0.0.0 Safari/537.36"
51.38.112.81 - - [29/Dec/2025:12:25:57 -0800] "GET /registration-retreat/static/media/facebook-logo.f1b98b28a01ce6ef2318.webp HTTP/1.1" 200 726 "-" "Mozilla/5.0 (Windows NT 10.0; Win64; x64) AppleWebKit/537.36 (KHTML, like Gecko) Chrome/139.0.0.0 Safari/537.36"
51.38.112.81 - - [29/Dec/2025:12:25:57 -0800] "GET /registration-retreat/static/media/Lovestrong-logo.6b0fc4407c08f3d3a653.jpg HTTP/1.1" 200 726 "-" "Mozilla/5.0 (Windows NT 10.0; Win64; x64) AppleWebKit/537.36 (KHTML, like Gecko) Chrome/139.0.0.0 Safari/537.36"
57.129.69.7 - - [29/Dec/2025:12:25:57 -0800] "GET /registration-retreat/static/media/couple-default.d7799f6002177d034d00.png HTTP/1.1" 200 726 "-" "Mozilla/5.0 (Windows NT 10.0; Win64; x64) AppleWebKit/537.36 (KHTML, like Gecko) Chrome/139.0.0.0 Safari/537.36"
51.75.23.120 - - [29/Dec/2025:12:25:57 -0800] "GET /registration-retreat/static/media/remove.3c662b752278fc52f408.png HTTP/1.1" 200 726 "-" "Mozilla/5.0 (Windows NT 10.0; Win64; x64) AppleWebKit/537.36 (KHTML, like Gecko) Chrome/139.0.0.0 Safari/537.36"
51.75.21.177 - - [29/Dec/2025:12:25:57 -0800] "GET /registration-retreat/static/media/image-placeholder.79e7971a50211262bed9.png HTTP/1.1" 200 726 "-" "Mozilla/5.0 (Windows NT 10.0; Win64; x64) AppleWebKit/537.36 (KHTML, like Gecko) Chrome/139.0.0.0 Safari/537.36"
51.91.254.244 - - [29/Dec/2025:12:25:57 -0800] "GET /registration-retreat/static/media/logo-mini.a054fcb0cd2c68839f4d.png HTTP/1.1" 200 726 "-" "Mozilla/5.0 (Windows NT 10.0; Win64; x64) AppleWebKit/537.36 (KHTML, like Gecko) Chrome/139.0.0.0 Safari/537.36"
217.182.73.60 - - [29/Dec/2025:12:25:57 -0800] "GET /registration-retreat/static/media/logolovestrong.f96fed557c1617146760.png HTTP/1.1" 200 726 "-" "Mozilla/5.0 (Windows NT 10.0; Win64; x64) AppleWebKit/537.36 (KHTML, like Gecko) Chrome/139.0.0.0 Safari/537.36"
57.129.81.226 - - [29/Dec/2025:12:25:57 -0800] "GET /logo.png HTTP/1.1" 200 163413 "-" "Mozilla/5.0 (Windows NT 10.0; Win64; x64) AppleWebKit/537.36 (KHTML, like Gecko) Chrome/139.0.0.0 Safari/537.36"
18.116.205.62 - - [29/Dec/2025:12:28:07 -0800] "HEAD / HTTP/1.1" 200 - "https://lovestrong.koolderbyacademy.com" "Mozilla/5.0+(compatible; UptimeRobot/2.0; http://www.uptimerobot.com/)"
173.231.199.178 - - [29/Dec/2025:12:30:00 -0800] "GET /api/auth/getallperishlist HTTP/1.1" 200 71489 "-" "Mozilla/5.0 (UptimeBot)"
173.231.199.178 - - [29/Dec/2025:12:30:00 -0800] "GET / HTTP/1.1" 200 726 "-" "Mozilla/5.0 (UptimeBot)"
66.235.194.119 - - [29/Dec/2025:12:30:00 -0800] "GET / HTTP/1.1" 200 726 "-" "Mozilla/5.0 (UptimeBot)"
66.235.194.119 - - [29/Dec/2025:12:30:00 -0800] "GET /api/auth/getallperishlist HTTP/1.1" 200 71489 "-" "Mozilla/5.0 (UptimeBot)"
52.15.147.27 - - [29/Dec/2025:12:33:14 -0800] "HEAD / HTTP/1.1" 200 - "https://lovestrong.koolderbyacademy.com" "Mozilla/5.0+(compatible; UptimeRobot/2.0; http://www.uptimerobot.com/)"
141.94.78.40 - - [29/Dec/2025:12:34:59 -0800] "GET /registration-retreat/172 HTTP/1.1" 200 985 "-" "Mozilla/5.0 (Windows NT 10.0; Win64; x64) AppleWebKit/537.36 (KHTML, like Gecko) Chrome/139.0.0.0 Safari/537.36"
57.129.81.225 - - [29/Dec/2025:12:35:14 -0800] "GET /registration-retreat/171 HTTP/1.1" 200 1005 "-" "Mozilla/5.0 (Windows NT 10.0; Win64; x64) AppleWebKit/537.36 (KHTML, like Gecko) Chrome/139.0.0.0 Safari/537.36"
178.156.184.20 - - [29/Dec/2025:12:38:19 -0800] "HEAD / HTTP/1.1" 200 - "https://lovestrong.koolderbyacademy.com" "Mozilla/5.0+(compatible; UptimeRobot/2.0; http://www.uptimerobot.com/)"
173.231.199.178 - - [29/Dec/2025:12:40:00 -0800] "GET / HTTP/1.1" 200 726 "-" "Mozilla/5.0 (UptimeBot)"
173.231.199.178 - - [29/Dec/2025:12:40:00 -0800] "GET /api/auth/getallperishlist HTTP/1.1" 200 71489 "-" "Mozilla/5.0 (UptimeBot)"
66.235.194.119 - - [29/Dec/2025:12:40:01 -0800] "GET / HTTP/1.1" 200 726 "-" "Mozilla/5.0 (UptimeBot)"
66.235.194.119 - - [29/Dec/2025:12:40:01 -0800] "GET /api/auth/getallperishlist HTTP/1.1" 200 71489 "-" "Mozilla/5.0 (UptimeBot)"
66.102.8.37 - - [29/Dec/2025:12:41:10 -0800] "GET /.well-known/assetlinks.json HTTP/1.1" 200 726 "-" "GoogleAssociationService"
66.102.8.39 - - [29/Dec/2025:12:41:10 -0800] "GET /.well-known/assetlinks.json HTTP/1.1" 200 726 "-" "GoogleAssociationService"
178.156.187.238 - - [29/Dec/2025:12:43:26 -0800] "HEAD / HTTP/1.1" 200 - "https://lovestrong.koolderbyacademy.com" "Mozilla/5.0+(compatible; UptimeRobot/2.0; http://www.uptimerobot.com/)"
178.156.189.113 - - [29/Dec/2025:12:48:37 -0800] "HEAD / HTTP/1.1" 200 - "https://lovestrong.koolderbyacademy.com" "Mozilla/5.0+(compatible; UptimeRobot/2.0; http://www.uptimerobot.com/)"
173.231.199.178 - - [29/Dec/2025:12:50:00 -0800] "GET / HTTP/1.1" 200 726 "-" "Mozilla/5.0 (UptimeBot)"
173.231.199.178 - - [29/Dec/2025:12:50:00 -0800] "GET /api/auth/getallperishlist HTTP/1.1" 200 71489 "-" "Mozilla/5.0 (UptimeBot)"
66.235.194.119 - - [29/Dec/2025:12:50:00 -0800] "GET / HTTP/1.1" 200 726 "-" "Mozilla/5.0 (UptimeBot)"
66.235.194.119 - - [29/Dec/2025:12:50:00 -0800] "GET /api/auth/getallperishlist HTTP/1.1" 200 71489 "-" "Mozilla/5.0 (UptimeBot)"
54.87.112.51 - - [29/Dec/2025:12:53:42 -0800] "HEAD / HTTP/1.1" 200 - "https://lovestrong.koolderbyacademy.com" "Mozilla/5.0+(compatible; UptimeRobot/2.0; http://www.uptimerobot.com/)"
178.156.189.249 - - [29/Dec/2025:12:58:47 -0800] "HEAD / HTTP/1.1" 200 - "https://lovestrong.koolderbyacademy.com" "Mozilla/5.0+(compatible; UptimeRobot/2.0; http://www.uptimerobot.com/)"
173.231.199.178 - - [29/Dec/2025:13:00:00 -0800] "GET / HTTP/1.1" 200 726 "-" "Mozilla/5.0 (UptimeBot)"
173.231.199.178 - - [29/Dec/2025:13:00:00 -0800] "GET /api/auth/getallperishlist HTTP/1.1" 200 71489 "-" "Mozilla/5.0 (UptimeBot)"
66.235.194.119 - - [29/Dec/2025:13:00:01 -0800] "GET / HTTP/1.1" 200 726 "-" "Mozilla/5.0 (UptimeBot)"
66.235.194.119 - - [29/Dec/2025:13:00:01 -0800] "GET /api/auth/getallperishlist HTTP/1.1" 200 71489 "-" "Mozilla/5.0 (UptimeBot)"
5.161.61.238 - - [29/Dec/2025:13:03:53 -0800] "HEAD / HTTP/1.1" 200 - "https://lovestrong.koolderbyacademy.com" "Mozilla/5.0+(compatible; UptimeRobot/2.0; http://www.uptimerobot.com/)"
5.161.61.238 - - [29/Dec/2025:13:08:57 -0800] "HEAD / HTTP/1.1" 200 - "https://lovestrong.koolderbyacademy.com" "Mozilla/5.0+(compatible; UptimeRobot/2.0; http://www.uptimerobot.com/)"
66.235.194.119 - - [29/Dec/2025:13:10:00 -0800] "GET / HTTP/1.1" 200 726 "-" "Mozilla/5.0 (UptimeBot)"
66.235.194.119 - - [29/Dec/2025:13:10:00 -0800] "GET /api/auth/getallperishlist HTTP/1.1" 200 71489 "-" "Mozilla/5.0 (UptimeBot)"
173.231.199.178 - - [29/Dec/2025:13:10:00 -0800] "GET /api/auth/getallperishlist HTTP/1.1" 200 71489 "-" "Mozilla/5.0 (UptimeBot)"
173.231.199.178 - - [29/Dec/2025:13:10:00 -0800] "GET / HTTP/1.1" 200 726 "-" "Mozilla/5.0 (UptimeBot)"
52.15.147.27 - - [29/Dec/2025:13:14:04 -0800] "HEAD / HTTP/1.1" 200 - "https://lovestrong.koolderbyacademy.com" "Mozilla/5.0+(compatible; UptimeRobot/2.0; http://www.uptimerobot.com/)"
178.156.187.238 - - [29/Dec/2025:13:19:08 -0800] "HEAD / HTTP/1.1" 200 - "https://lovestrong.koolderbyacademy.com" "Mozilla/5.0+(compatible; UptimeRobot/2.0; http://www.uptimerobot.com/)"
173.231.199.178 - - [29/Dec/2025:13:20:00 -0800] "GET /api/auth/getallperishlist HTTP/1.1" 200 71489 "-" "Mozilla/5.0 (UptimeBot)"
173.231.199.178 - - [29/Dec/2025:13:20:00 -0800] "GET / HTTP/1.1" 200 726 "-" "Mozilla/5.0 (UptimeBot)"
66.235.194.119 - - [29/Dec/2025:13:20:01 -0800] "GET / HTTP/1.1" 200 726 "-" "Mozilla/5.0 (UptimeBot)"
66.235.194.119 - - [29/Dec/2025:13:20:01 -0800] "GET /api/auth/getallperishlist HTTP/1.1" 200 71489 "-" "Mozilla/5.0 (UptimeBot)"
5.161.61.238 - - [29/Dec/2025:13:24:12 -0800] "HEAD / HTTP/1.1" 200 - "https://lovestrong.koolderbyacademy.com" "Mozilla/5.0+(compatible; UptimeRobot/2.0; http://www.uptimerobot.com/)"
3.149.57.90 - - [29/Dec/2025:13:29:20 -0800] "HEAD / HTTP/1.1" 200 - "https://lovestrong.koolderbyacademy.com" "Mozilla/5.0+(compatible; UptimeRobot/2.0; http://www.uptimerobot.com/)"
173.231.199.178 - - [29/Dec/2025:13:30:00 -0800] "GET / HTTP/1.1" 200 726 "-" "Mozilla/5.0 (UptimeBot)"
173.231.199.178 - - [29/Dec/2025:13:30:00 -0800] "GET /api/auth/getallperishlist HTTP/1.1" 200 71489 "-" "Mozilla/5.0 (UptimeBot)"
66.235.194.119 - - [29/Dec/2025:13:30:00 -0800] "GET /api/auth/getallperishlist HTTP/1.1" 200 71489 "-" "Mozilla/5.0 (UptimeBot)"
66.235.194.119 - - [29/Dec/2025:13:30:00 -0800] "GET / HTTP/1.1" 200 726 "-" "Mozilla/5.0 (UptimeBot)"
136.50.126.114 - - [29/Dec/2025:13:33:05 -0800] "GET /dashboard HTTP/1.1" 200 726 "-" "Mozilla/5.0 (Windows NT 10.0; Win64; x64) AppleWebKit/537.36 (KHTML, like Gecko) Chrome/143.0.0.0 Safari/537.36 Edg/143.0.0.0"
136.50.126.114 - - [29/Dec/2025:13:33:05 -0800] "GET /static/css/main.28f87cc5.css HTTP/1.1" 200 949337 "https://lovestrong.koolderbyacademy.com/dashboard" "Mozilla/5.0 (Windows NT 10.0; Win64; x64) AppleWebKit/537.36 (KHTML, like Gecko) Chrome/143.0.0.0 Safari/537.36 Edg/143.0.0.0"
136.50.126.114 - - [29/Dec/2025:13:33:05 -0800] "GET /static/js/main.696da69e.js HTTP/1.1" 200 5264417 "https://lovestrong.koolderbyacademy.com/dashboard" "Mozilla/5.0 (Windows NT 10.0; Win64; x64) AppleWebKit/537.36 (KHTML, like Gecko) Chrome/143.0.0.0 Safari/537.36 Edg/143.0.0.0"
136.50.126.114 - - [29/Dec/2025:13:33:07 -0800] "GET /static/media/logo.f96fed557c1617146760.png HTTP/1.1" 200 163413 "https://lovestrong.koolderbyacademy.com/dashboard" "Mozilla/5.0 (Windows NT 10.0; Win64; x64) AppleWebKit/537.36 (KHTML, like Gecko) Chrome/143.0.0.0 Safari/537.36 Edg/143.0.0.0"
136.50.126.114 - - [29/Dec/2025:13:33:07 -0800] "GET /static/media/logo-mini.a054fcb0cd2c68839f4d.png HTTP/1.1" 200 14791 "https://lovestrong.koolderbyacademy.com/dashboard" "Mozilla/5.0 (Windows NT 10.0; Win64; x64) AppleWebKit/537.36 (KHTML, like Gecko) Chrome/143.0.0.0 Safari/537.36 Edg/143.0.0.0"
136.50.126.114 - - [29/Dec/2025:13:33:07 -0800] "GET /public/profileImage/T%20-%20Mitschke,%20George%20&%20Irene.jpg HTTP/1.1" 304 - "https://lovestrong.koolderbyacademy.com/dashboard" "Mozilla/5.0 (Windows NT 10.0; Win64; x64) AppleWebKit/537.36 (KHTML, like Gecko) Chrome/143.0.0.0 Safari/537.36 Edg/143.0.0.0"
136.50.126.114 - - [29/Dec/2025:13:33:07 -0800] "GET /static/media/Simple-Line-Icons.3826fa1cb2348dd93948.woff2 HTTP/1.1" 200 30064 "https://lovestrong.koolderbyacademy.com/static/css/main.28f87cc5.css" "Mozilla/5.0 (Windows NT 10.0; Win64; x64) AppleWebKit/537.36 (KHTML, like Gecko) Chrome/143.0.0.0 Safari/537.36 Edg/143.0.0.0"
136.50.126.114 - - [29/Dec/2025:13:33:07 -0800] "GET /static/media/materialdesignicons-webfont.2ec256c84a2002197204.woff2 HTTP/1.1" 200 224348 "https://lovestrong.koolderbyacademy.com/static/css/main.28f87cc5.css" "Mozilla/5.0 (Windows NT 10.0; Win64; x64) AppleWebKit/537.36 (KHTML, like Gecko) Chrome/143.0.0.0 Safari/537.36 Edg/143.0.0.0"
136.50.126.114 - - [29/Dec/2025:13:33:07 -0800] "GET /manifest.json HTTP/1.1" 200 492 "https://lovestrong.koolderbyacademy.com/dashboard" "Mozilla/5.0 (Windows NT 10.0; Win64; x64) AppleWebKit/537.36 (KHTML, like Gecko) Chrome/143.0.0.0 Safari/537.36 Edg/143.0.0.0"
136.50.126.114 - - [29/Dec/2025:13:33:08 -0800] "GET /logo192.png HTTP/1.1" 200 5347 "https://lovestrong.koolderbyacademy.com/dashboard" "Mozilla/5.0 (Windows NT 10.0; Win64; x64) AppleWebKit/537.36 (KHTML, like Gecko) Chrome/143.0.0.0 Safari/537.36 Edg/143.0.0.0"
136.50.126.114 - - [29/Dec/2025:13:33:14 -0800] "POST /api/quickReport/searchCounts HTTP/1.1" 200 209 "https://lovestrong.koolderbyacademy.com/quickReport" "Mozilla/5.0 (Windows NT 10.0; Win64; x64) AppleWebKit/537.36 (KHTML, like Gecko) Chrome/143.0.0.0 Safari/537.36 Edg/143.0.0.0"
136.50.126.114 - - [29/Dec/2025:13:33:14 -0800] "POST /api/admin/addlogreport HTTP/1.1" 200 16 "https://lovestrong.koolderbyacademy.com/quickReport" "Mozilla/5.0 (Windows NT 10.0; Win64; x64) AppleWebKit/537.36 (KHTML, like Gecko) Chrome/143.0.0.0 Safari/537.36 Edg/143.0.0.0"
136.50.126.114 - - [29/Dec/2025:13:33:14 -0800] "POST /api/retreat/getAllRetreats HTTP/1.1" 200 174760 "https://lovestrong.koolderbyacademy.com/quickReport" "Mozilla/5.0 (Windows NT 10.0; Win64; x64) AppleWebKit/537.36 (KHTML, like Gecko) Chrome/143.0.0.0 Safari/537.36 Edg/143.0.0.0"
136.50.126.114 - - [29/Dec/2025:13:33:17 -0800] "GET /api/auth/getallperishlist HTTP/1.1" 200 71489 "https://lovestrong.koolderbyacademy.com/manageRetreat" "Mozilla/5.0 (Windows NT 10.0; Win64; x64) AppleWebKit/537.36 (KHTML, like Gecko) Chrome/143.0.0.0 Safari/537.36 Edg/143.0.0.0"
136.50.126.114 - - [29/Dec/2025:13:33:17 -0800] "POST /api/admin/addlogreport HTTP/1.1" 200 16 "https://lovestrong.koolderbyacademy.com/manageRetreat" "Mozilla/5.0 (Windows NT 10.0; Win64; x64) AppleWebKit/537.36 (KHTML, like Gecko) Chrome/143.0.0.0 Safari/537.36 Edg/143.0.0.0"
136.50.126.114 - - [29/Dec/2025:13:33:17 -0800] "POST /api/retreat/getAllRetreats HTTP/1.1" 200 83666 "https://lovestrong.koolderbyacademy.com/manageRetreat" "Mozilla/5.0 (Windows NT 10.0; Win64; x64) AppleWebKit/537.36 (KHTML, like Gecko) Chrome/143.0.0.0 Safari/537.36 Edg/143.0.0.0"
136.50.126.114 - - [29/Dec/2025:13:33:17 -0800] "GET /static/media/feather-webfont.91c1e78fbb5fbc7399d3.woff HTTP/1.1" 200 12936 "https://lovestrong.koolderbyacademy.com/static/css/main.28f87cc5.css" "Mozilla/5.0 (Windows NT 10.0; Win64; x64) AppleWebKit/537.36 (KHTML, like Gecko) Chrome/143.0.0.0 Safari/537.36 Edg/143.0.0.0"
64.233.172.136 - - [29/Dec/2025:13:33:25 -0800] "GET /.well-known/traffic-advice HTTP/1.1" 200 726 "-" "Chrome Privacy Preserving Prefetch Proxy"
162.120.185.193 - - [29/Dec/2025:13:33:25 -0800] "GET /registration-retreat/165 HTTP/1.1" 200 1027 "https://www.google.com/" "Mozilla/5.0 (X11; CrOS x86_64 14541.0.0) AppleWebKit/537.36 (KHTML, like Gecko) Chrome/142.0.0.0 Safari/537.36"
193.186.4.233 - - [29/Dec/2025:13:33:26 -0800] "GET /registration-retreat/159 HTTP/1.1" 200 1016 "https://www.google.com/" "Mozilla/5.0 (X11; CrOS x86_64 14541.0.0) AppleWebKit/537.36 (KHTML, like Gecko) Chrome/142.0.0.0 Safari/537.36"
40.77.167.16 - - [29/Dec/2025:13:34:01 -0800] "GET /?f=8061381800d2cc85 HTTP/1.1" 200 726 "-" "Mozilla/5.0 AppleWebKit/537.36 (KHTML, like Gecko; compatible; bingbot/2.0; +http://www.bing.com/bingbot.htm) Chrome/116.0.1938.76 Safari/537.36"
178.156.187.238 - - [29/Dec/2025:13:34:25 -0800] "HEAD / HTTP/1.1" 200 - "https://lovestrong.koolderbyacademy.com" "Mozilla/5.0+(compatible; UptimeRobot/2.0; http://www.uptimerobot.com/)"
193.186.4.225 - - [29/Dec/2025:13:34:26 -0800] "GET /registration-retreat/139 HTTP/1.1" 200 1009 "https://www.google.com/" "Mozilla/5.0 (X11; CrOS x86_64 14541.0.0) AppleWebKit/537.36 (KHTML, like Gecko) Chrome/142.0.0.0 Safari/537.36"
193.186.4.234 - - [29/Dec/2025:13:34:30 -0800] "GET /registration-retreat/164 HTTP/1.1" 200 996 "https://www.google.com/" "Mozilla/5.0 (X11; CrOS x86_64 14541.0.0) AppleWebKit/537.36 (KHTML, like Gecko) Chrome/142.0.0.0 Safari/537.36"
193.186.4.232 - - [29/Dec/2025:13:34:32 -0800] "GET /registration-retreat/135 HTTP/1.1" 200 965 "https://www.google.com/" "Mozilla/5.0 (X11; CrOS x86_64 14541.0.0) AppleWebKit/537.36 (KHTML, like Gecko) Chrome/142.0.0.0 Safari/537.36"
193.186.4.204 - - [29/Dec/2025:13:35:09 -0800] "GET /create-ticket HTTP/1.1" 200 726 "https://www.google.com/" "Mozilla/5.0 (X11; CrOS x86_64 14541.0.0) AppleWebKit/537.36 (KHTML, like Gecko) Chrome/142.0.0.0 Safari/537.36"
96.8.187.137 - - [29/Dec/2025:13:35:16 -0800] "GET /static/css/main.28f87cc5.css HTTP/1.1" 200 949337 "https://lovestrong.koolderbyacademy.com/create-ticket" "Mozilla/5.0 (X11; CrOS x86_64 14541.0.0) AppleWebKit/537.36 (KHTML, like Gecko) Chrome/142.0.0.0 Safari/537.36"
96.8.187.137 - - [29/Dec/2025:13:35:16 -0800] "GET /static/js/main.696da69e.js HTTP/1.1" 200 5264417 "https://lovestrong.koolderbyacademy.com/create-ticket" "Mozilla/5.0 (X11; CrOS x86_64 14541.0.0) AppleWebKit/537.36 (KHTML, like Gecko) Chrome/142.0.0.0 Safari/537.36"
96.8.187.137 - - [29/Dec/2025:13:35:21 -0800] "GET /static/media/logo.f96fed557c1617146760.png HTTP/1.1" 200 163413 "https://lovestrong.koolderbyacademy.com/create-ticket" "Mozilla/5.0 (X11; CrOS x86_64 14541.0.0) AppleWebKit/537.36 (KHTML, like Gecko) Chrome/142.0.0.0 Safari/537.36"
96.8.187.137 - - [29/Dec/2025:13:35:21 -0800] "GET /logo.png HTTP/1.1" 200 163413 "https://lovestrong.koolderbyacademy.com/create-ticket" "Mozilla/5.0 (X11; CrOS x86_64 14541.0.0) AppleWebKit/537.36 (KHTML, like Gecko) Chrome/142.0.0.0 Safari/537.36"
96.8.187.137 - - [29/Dec/2025:13:35:21 -0800] "GET /manifest.json HTTP/1.1" 200 492 "https://lovestrong.koolderbyacademy.com/create-ticket" "Mozilla/5.0 (X11; CrOS x86_64 14541.0.0) AppleWebKit/537.36 (KHTML, like Gecko) Chrome/142.0.0.0 Safari/537.36"
96.8.187.137 - - [29/Dec/2025:13:35:21 -0800] "GET /logo192.png HTTP/1.1" 200 5347 "https://lovestrong.koolderbyacademy.com/create-ticket" "Mozilla/5.0 (X11; CrOS x86_64 14541.0.0) AppleWebKit/537.36 (KHTML, like Gecko) Chrome/142.0.0.0 Safari/537.36"
96.8.187.137 - - [29/Dec/2025:13:35:56 -0800] "GET /create-ticket HTTP/1.1" 200 726 "-" "Mozilla/5.0 (iPhone; CPU iPhone OS 18_7 like Mac OS X) AppleWebKit/605.1.15 (KHTML, like Gecko) Version/26.1 Mobile/15E148 Safari/604.1"
96.8.187.137 - - [29/Dec/2025:13:35:57 -0800] "GET /manifest.json HTTP/1.1" 304 - "https://lovestrong.koolderbyacademy.com/create-ticket" "Mozilla/5.0 (iPhone; CPU iPhone OS 18_7 like Mac OS X) AppleWebKit/605.1.15 (KHTML, like Gecko) Version/26.1 Mobile/15E148 Safari/604.1"
96.8.187.137 - - [29/Dec/2025:13:35:57 -0800] "GET /static/css/main.28f87cc5.css HTTP/1.1" 200 949337 "https://lovestrong.koolderbyacademy.com/create-ticket" "Mozilla/5.0 (iPhone; CPU iPhone OS 18_7 like Mac OS X) AppleWebKit/605.1.15 (KHTML, like Gecko) Version/26.1 Mobile/15E148 Safari/604.1"
96.8.187.137 - - [29/Dec/2025:13:35:57 -0800] "GET /static/js/main.696da69e.js HTTP/1.1" 200 5264417 "https://lovestrong.koolderbyacademy.com/create-ticket" "Mozilla/5.0 (iPhone; CPU iPhone OS 18_7 like Mac OS X) AppleWebKit/605.1.15 (KHTML, like Gecko) Version/26.1 Mobile/15E148 Safari/604.1"
96.8.187.137 - - [29/Dec/2025:13:35:58 -0800] "GET /static/media/logo.f96fed557c1617146760.png HTTP/1.1" 304 - "https://lovestrong.koolderbyacademy.com/create-ticket" "Mozilla/5.0 (iPhone; CPU iPhone OS 18_7 like Mac OS X) AppleWebKit/605.1.15 (KHTML, like Gecko) Version/26.1 Mobile/15E148 Safari/604.1"
96.8.187.137 - - [29/Dec/2025:13:36:11 -0800] "GET /retreat-registrations HTTP/1.1" 304 - "-" "Mozilla/5.0 (iPhone; CPU iPhone OS 18_7 like Mac OS X) AppleWebKit/605.1.15 (KHTML, like Gecko) Version/26.1 Mobile/15E148 Safari/604.1"
96.8.187.137 - - [29/Dec/2025:13:36:11 -0800] "GET /manifest.json HTTP/1.1" 304 - "https://lovestrong.koolderbyacademy.com/retreat-registrations" "Mozilla/5.0 (iPhone; CPU iPhone OS 18_7 like Mac OS X) AppleWebKit/605.1.15 (KHTML, like Gecko) Version/26.1 Mobile/15E148 Safari/604.1"
96.8.187.137 - - [29/Dec/2025:13:36:11 -0800] "GET /static/media/logo.f96fed557c1617146760.png HTTP/1.1" 304 - "https://lovestrong.koolderbyacademy.com/retreat-registrations" "Mozilla/5.0 (iPhone; CPU iPhone OS 18_7 like Mac OS X) AppleWebKit/605.1.15 (KHTML, like Gecko) Version/26.1 Mobile/15E148 Safari/604.1"
96.8.187.137 - - [29/Dec/2025:13:36:11 -0800] "GET /static/media/feather-webfont.91c1e78fbb5fbc7399d3.woff HTTP/1.1" 304 - "https://lovestrong.koolderbyacademy.com/retreat-registrations" "Mozilla/5.0 (iPhone; CPU iPhone OS 18_7 like Mac OS X) AppleWebKit/605.1.15 (KHTML, like Gecko) Version/26.1 Mobile/15E148 Safari/604.1"
96.8.187.137 - - [29/Dec/2025:13:36:11 -0800] "GET /static/media/logo-mini.a054fcb0cd2c68839f4d.png HTTP/1.1" 304 - "https://lovestrong.koolderbyacademy.com/retreat-registrations" "Mozilla/5.0 (iPhone; CPU iPhone OS 18_7 like Mac OS X) AppleWebKit/605.1.15 (KHTML, like Gecko) Version/26.1 Mobile/15E148 Safari/604.1"
96.8.187.137 - - [29/Dec/2025:13:36:11 -0800] "GET /static/css/main.883c1d42.css HTTP/1.1" 200 726 "https://lovestrong.koolderbyacademy.com/retreat-registrations" "Mozilla/5.0 (iPhone; CPU iPhone OS 18_7 like Mac OS X) AppleWebKit/605.1.15 (KHTML, like Gecko) Version/26.1 Mobile/15E148 Safari/604.1"
96.8.187.137 - - [29/Dec/2025:13:36:11 -0800] "GET /public/profileImage/New%20Project%20(2).png HTTP/1.1" 304 - "https://lovestrong.koolderbyacademy.com/retreat-registrations" "Mozilla/5.0 (iPhone; CPU iPhone OS 18_7 like Mac OS X) AppleWebKit/605.1.15 (KHTML, like Gecko) Version/26.1 Mobile/15E148 Safari/604.1"
96.8.187.137 - - [29/Dec/2025:13:36:11 -0800] "GET /public/profileImage/Screenshot%202023-08-27%20at%202.23.02%20PM.png HTTP/1.1" 304 - "https://lovestrong.koolderbyacademy.com/retreat-registrations" "Mozilla/5.0 (iPhone; CPU iPhone OS 18_7 like Mac OS X) AppleWebKit/605.1.15 (KHTML, like Gecko) Version/26.1 Mobile/15E148 Safari/604.1"
96.8.187.137 - - [29/Dec/2025:13:36:11 -0800] "GET /static/css/main.28f87cc5.css HTTP/1.1" 304 - "https://lovestrong.koolderbyacademy.com/retreat-registrations" "Mozilla/5.0 (iPhone; CPU iPhone OS 18_7 like Mac OS X) AppleWebKit/605.1.15 (KHTML, like Gecko) Version/26.1 Mobile/15E148 Safari/604.1"
96.8.187.137 - - [29/Dec/2025:13:36:11 -0800] "GET /static/js/main.6060aa23.js HTTP/1.1" 200 726 "https://lovestrong.koolderbyacademy.com/retreat-registrations" "Mozilla/5.0 (iPhone; CPU iPhone OS 18_7 like Mac OS X) AppleWebKit/605.1.15 (KHTML, like Gecko) Version/26.1 Mobile/15E148 Safari/604.1"
96.8.187.137 - - [29/Dec/2025:13:36:11 -0800] "GET /public/roasterImage/Michael_and_Margaret_Juarez.jpg HTTP/1.1" 304 - "https://lovestrong.koolderbyacademy.com/retreat-registrations" "Mozilla/5.0 (iPhone; CPU iPhone OS 18_7 like Mac OS X) AppleWebKit/605.1.15 (KHTML, like Gecko) Version/26.1 Mobile/15E148 Safari/604.1"
96.8.187.137 - - [29/Dec/2025:13:36:11 -0800] "GET /static/js/main.696da69e.js HTTP/1.1" 304 - "https://lovestrong.koolderbyacademy.com/retreat-registrations" "Mozilla/5.0 (iPhone; CPU iPhone OS 18_7 like Mac OS X) AppleWebKit/605.1.15 (KHTML, like Gecko) Version/26.1 Mobile/15E148 Safari/604.1"
96.8.187.137 - - [29/Dec/2025:13:36:11 -0800] "POST /api/retreat/getAllAccessedRetreats HTTP/1.1" 200 5842 "https://lovestrong.koolderbyacademy.com/retreat-registrations" "Mozilla/5.0 (iPhone; CPU iPhone OS 18_7 like Mac OS X) AppleWebKit/605.1.15 (KHTML, like Gecko) Version/26.1 Mobile/15E148 Safari/604.1"
96.8.187.137 - - [29/Dec/2025:13:36:11 -0800] "GET /api/auth/getallperishlist HTTP/1.1" 200 71489 "https://lovestrong.koolderbyacademy.com/retreat-registrations" "Mozilla/5.0 (iPhone; CPU iPhone OS 18_7 like Mac OS X) AppleWebKit/605.1.15 (KHTML, like Gecko) Version/26.1 Mobile/15E148 Safari/604.1"
96.8.187.137 - - [29/Dec/2025:13:36:11 -0800] "POST /api/admin/addlogreport HTTP/1.1" 200 16 "https://lovestrong.koolderbyacademy.com/retreat-registrations" "Mozilla/5.0 (iPhone; CPU iPhone OS 18_7 like Mac OS X) AppleWebKit/605.1.15 (KHTML, like Gecko) Version/26.1 Mobile/15E148 Safari/604.1"
96.8.187.137 - - [29/Dec/2025:13:36:11 -0800] "GET /static/media/materialdesignicons-webfont.2ec256c84a2002197204.woff2 HTTP/1.1" 200 224348 "https://lovestrong.koolderbyacademy.com/retreat-registrations" "Mozilla/5.0 (iPhone; CPU iPhone OS 18_7 like Mac OS X) AppleWebKit/605.1.15 (KHTML, like Gecko) Version/26.1 Mobile/15E148 Safari/604.1"
96.8.187.137 - - [29/Dec/2025:13:36:11 -0800] "GET /apple-touch-icon-precomposed.png HTTP/1.1" 200 726 "-" "NetworkingExtension/8622.2.11.10.8 Network/5569.42.2 iOS/26.1"
96.8.187.137 - - [29/Dec/2025:13:36:11 -0800] "POST /api/retreatRoast/getRetreatRoastData HTTP/1.1" 200 21569 "https://lovestrong.koolderbyacademy.com/retreat-registrations" "Mozilla/5.0 (iPhone; CPU iPhone OS 18_7 like Mac OS X) AppleWebKit/605.1.15 (KHTML, like Gecko) Version/26.1 Mobile/15E148 Safari/604.1"
96.8.187.137 - - [29/Dec/2025:13:36:11 -0800] "GET /logo192.png HTTP/1.1" 200 5347 "-" "NetworkingExtension/8622.2.11.10.8 Network/5569.42.2 iOS/26.1"
96.8.187.137 - - [29/Dec/2025:13:36:11 -0800] "GET /favicon.ico HTTP/1.1" 200 3870 "-" "NetworkingExtension/8622.2.11.10.8 Network/5569.42.2 iOS/26.1"
96.8.187.137 - - [29/Dec/2025:13:36:11 -0800] "GET /apple-touch-icon.png HTTP/1.1" 200 726 "-" "NetworkingExtension/8622.2.11.10.8 Network/5569.42.2 iOS/26.1"
96.8.187.137 - - [29/Dec/2025:13:36:11 -0800] "GET /logo.png HTTP/1.1" 200 163413 "-" "NetworkingExtension/8622.2.11.10.8 Network/5569.42.2 iOS/26.1"
96.8.187.137 - - [29/Dec/2025:13:36:11 -0800] "GET /logo.png HTTP/1.1" 200 163413 "-" "NetworkingExtension/8622.2.11.10.8 Network/5569.42.2 iOS/26.1"
96.8.187.137 - - [29/Dec/2025:13:36:11 -0800] "GET /api/admin/couplesForCheck HTTP/1.1" 200 2823800 "https://lovestrong.koolderbyacademy.com/retreat-registrations" "Mozilla/5.0 (iPhone; CPU iPhone OS 18_7 like Mac OS X) AppleWebKit/605.1.15 (KHTML, like Gecko) Version/26.1 Mobile/15E148 Safari/604.1"
96.8.187.137 - - [29/Dec/2025:13:36:13 -0800] "GET /static/media/couple-default.d7799f6002177d034d00.png HTTP/1.1" 200 22736 "https://lovestrong.koolderbyacademy.com/retreat-registrations" "Mozilla/5.0 (iPhone; CPU iPhone OS 18_7 like Mac OS X) AppleWebKit/605.1.15 (KHTML, like Gecko) Version/26.1 Mobile/15E148 Safari/604.1"
96.8.187.137 - - [29/Dec/2025:13:36:13 -0800] "GET /public/profileImage/Wilken,%20Dale%20&%20Judy_2025-09-17.jpeg HTTP/1.1" 200 86792 "https://lovestrong.koolderbyacademy.com/retreat-registrations" "Mozilla/5.0 (iPhone; CPU iPhone OS 18_7 like Mac OS X) AppleWebKit/605.1.15 (KHTML, like Gecko) Version/26.1 Mobile/15E148 Safari/604.1"
96.8.187.137 - - [29/Dec/2025:13:36:13 -0800] "GET /public/roasterImage/Michael_and_Teri_Henson.jpg HTTP/1.1" 304 - "https://lovestrong.koolderbyacademy.com/retreat-registrations" "Mozilla/5.0 (iPhone; CPU iPhone OS 18_7 like Mac OS X) AppleWebKit/605.1.15 (KHTML, like Gecko) Version/26.1 Mobile/15E148 Safari/604.1"
96.8.187.137 - - [29/Dec/2025:13:36:13 -0800] "GET /public/profileImage/Screenshot%202023-08-27%20at%201.20.54%20PM.png HTTP/1.1" 200 317467 "https://lovestrong.koolderbyacademy.com/retreat-registrations" "Mozilla/5.0 (iPhone; CPU iPhone OS 18_7 like Mac OS X) AppleWebKit/605.1.15 (KHTML, like Gecko) Version/26.1 Mobile/15E148 Safari/604.1"
96.8.187.137 - - [29/Dec/2025:13:36:13 -0800] "GET /public/profileImage/Gottardy,%20Deacon%20Ken%20%20&%20Kathy_2025-12-04.JPG HTTP/1.1" 304 - "https://lovestrong.koolderbyacademy.com/retreat-registrations" "Mozilla/5.0 (iPhone; CPU iPhone OS 18_7 like Mac OS X) AppleWebKit/605.1.15 (KHTML, like Gecko) Version/26.1 Mobile/15E148 Safari/604.1"
96.8.187.137 - - [29/Dec/2025:13:36:13 -0800] "GET /public/profileImage/Fresquez,%20Mark%20&%20Melinda_2025-11-02.jpeg HTTP/1.1" 200 436451 "https://lovestrong.koolderbyacademy.com/retreat-registrations" "Mozilla/5.0 (iPhone; CPU iPhone OS 18_7 like Mac OS X) AppleWebKit/605.1.15 (KHTML, like Gecko) Version/26.1 Mobile/15E148 Safari/604.1"
96.8.187.137 - - [29/Dec/2025:13:36:13 -0800] "GET /public/profileImage/Murphy,%20Brian%20&%20Dina_2025-11-02.jpeg HTTP/1.1" 304 - "https://lovestrong.koolderbyacademy.com/retreat-registrations" "Mozilla/5.0 (iPhone; CPU iPhone OS 18_7 like Mac OS X) AppleWebKit/605.1.15 (KHTML, like Gecko) Version/26.1 Mobile/15E148 Safari/604.1"
96.8.187.137 - - [29/Dec/2025:13:36:13 -0800] "GET /public/profileImage/Screenshot%202023-08-27%20at%204.12.17%20PM.png HTTP/1.1" 304 - "https://lovestrong.koolderbyacademy.com/retreat-registrations" "Mozilla/5.0 (iPhone; CPU iPhone OS 18_7 like Mac OS X) AppleWebKit/605.1.15 (KHTML, like Gecko) Version/26.1 Mobile/15E148 Safari/604.1"
96.8.187.137 - - [29/Dec/2025:13:36:13 -0800] "GET /public/roasterImage/Andrew_and_Pam_Minnick.jpg HTTP/1.1" 200 1380235 "https://lovestrong.koolderbyacademy.com/retreat-registrations" "Mozilla/5.0 (iPhone; CPU iPhone OS 18_7 like Mac OS X) AppleWebKit/605.1.15 (KHTML, like Gecko) Version/26.1 Mobile/15E148 Safari/604.1"
96.8.187.137 - - [29/Dec/2025:13:36:13 -0800] "GET /public/profileImage/Lehmann,%20Chris%20&%20Elice.jpg HTTP/1.1" 200 11121968 "https://lovestrong.koolderbyacademy.com/retreat-registrations" "Mozilla/5.0 (iPhone; CPU iPhone OS 18_7 like Mac OS X) AppleWebKit/605.1.15 (KHTML, like Gecko) Version/26.1 Mobile/15E148 Safari/604.1"
96.8.187.137 - - [29/Dec/2025:13:36:57 -0800] "GET /create-ticket HTTP/1.1" 304 - "https://lovestrong.koolderbyacademy.com/retreat-registrations" "Mozilla/5.0 (iPhone; CPU iPhone OS 18_7 like Mac OS X) AppleWebKit/605.1.15 (KHTML, like Gecko) Version/26.1 Mobile/15E148 Safari/604.1"
96.8.187.137 - - [29/Dec/2025:13:36:57 -0800] "GET /static/css/main.28f87cc5.css HTTP/1.1" 304 - "https://lovestrong.koolderbyacademy.com/create-ticket" "Mozilla/5.0 (iPhone; CPU iPhone OS 18_7 like Mac OS X) AppleWebKit/605.1.15 (KHTML, like Gecko) Version/26.1 Mobile/15E148 Safari/604.1"
96.8.187.137 - - [29/Dec/2025:13:36:57 -0800] "GET /manifest.json HTTP/1.1" 304 - "https://lovestrong.koolderbyacademy.com/create-ticket" "Mozilla/5.0 (iPhone; CPU iPhone OS 18_7 like Mac OS X) AppleWebKit/605.1.15 (KHTML, like Gecko) Version/26.1 Mobile/15E148 Safari/604.1"
96.8.187.137 - - [29/Dec/2025:13:36:57 -0800] "GET /static/js/main.696da69e.js HTTP/1.1" 304 - "https://lovestrong.koolderbyacademy.com/create-ticket" "Mozilla/5.0 (iPhone; CPU iPhone OS 18_7 like Mac OS X) AppleWebKit/605.1.15 (KHTML, like Gecko) Version/26.1 Mobile/15E148 Safari/604.1"
96.8.187.137 - - [29/Dec/2025:13:36:57 -0800] "GET /static/media/logo.f96fed557c1617146760.png HTTP/1.1" 304 - "https://lovestrong.koolderbyacademy.com/create-ticket" "Mozilla/5.0 (iPhone; CPU iPhone OS 18_7 like Mac OS X) AppleWebKit/605.1.15 (KHTML, like Gecko) Version/26.1 Mobile/15E148 Safari/604.1"
40.77.167.132 - - [29/Dec/2025:13:37:08 -0800] "GET /?f=284959710f2e628 HTTP/1.1" 200 726 "-" "Mozilla/5.0 AppleWebKit/537.36 (KHTML, like Gecko; compatible; bingbot/2.0; +http://www.bing.com/bingbot.htm) Chrome/116.0.1938.76 Safari/537.36"
96.8.187.137 - - [29/Dec/2025:13:37:50 -0800] "GET /api/auth/getallperishlist HTTP/1.1" 304 - "https://lovestrong.koolderbyacademy.com/retreat-registrations" "Mozilla/5.0 (iPhone; CPU iPhone OS 18_7 like Mac OS X) AppleWebKit/605.1.15 (KHTML, like Gecko) Version/26.1 Mobile/15E148 Safari/604.1"
96.8.187.137 - - [29/Dec/2025:13:37:50 -0800] "GET /api/auth/getallperishlist HTTP/1.1" 304 - "https://lovestrong.koolderbyacademy.com/retreat-registrations" "Mozilla/5.0 (iPhone; CPU iPhone OS 18_7 like Mac OS X) AppleWebKit/605.1.15 (KHTML, like Gecko) Version/26.1 Mobile/15E148 Safari/604.1"
96.8.187.137 - - [29/Dec/2025:13:37:50 -0800] "GET /api/roles/getallrolelist HTTP/1.1" 200 1560 "https://lovestrong.koolderbyacademy.com/retreat-registrations" "Mozilla/5.0 (iPhone; CPU iPhone OS 18_7 like Mac OS X) AppleWebKit/605.1.15 (KHTML, like Gecko) Version/26.1 Mobile/15E148 Safari/604.1"
96.8.187.137 - - [29/Dec/2025:13:37:50 -0800] "GET /api/talks/getalltalklist HTTP/1.1" 200 3837 "https://lovestrong.koolderbyacademy.com/retreat-registrations" "Mozilla/5.0 (iPhone; CPU iPhone OS 18_7 like Mac OS X) AppleWebKit/605.1.15 (KHTML, like Gecko) Version/26.1 Mobile/15E148 Safari/604.1"
96.8.187.137 - - [29/Dec/2025:13:37:50 -0800] "GET /api/service/getallservicelist HTTP/1.1" 304 - "https://lovestrong.koolderbyacademy.com/retreat-registrations" "Mozilla/5.0 (iPhone; CPU iPhone OS 18_7 like Mac OS X) AppleWebKit/605.1.15 (KHTML, like Gecko) Version/26.1 Mobile/15E148 Safari/604.1"
96.8.187.137 - - [29/Dec/2025:13:38:11 -0800] "POST /api/retreatRoast/getRetreatRoastData HTTP/1.1" 200 21569 "https://lovestrong.koolderbyacademy.com/retreat-registrations" "Mozilla/5.0 (iPhone; CPU iPhone OS 18_7 like Mac OS X) AppleWebKit/605.1.15 (KHTML, like Gecko) Version/26.1 Mobile/15E148 Safari/604.1"
96.8.187.137 - - [29/Dec/2025:13:38:11 -0800] "GET /static/media/themify.29b39089170885ae2967.woff HTTP/1.1" 200 56108 "https://lovestrong.koolderbyacademy.com/retreat-registrations" "Mozilla/5.0 (iPhone; CPU iPhone OS 18_7 like Mac OS X) AppleWebKit/605.1.15 (KHTML, like Gecko) Version/26.1 Mobile/15E148 Safari/604.1"
96.8.187.137 - - [29/Dec/2025:13:38:11 -0800] "GET /api/admin/couplesForCheck HTTP/1.1" 304 - "https://lovestrong.koolderbyacademy.com/retreat-registrations" "Mozilla/5.0 (iPhone; CPU iPhone OS 18_7 like Mac OS X) AppleWebKit/605.1.15 (KHTML, like Gecko) Version/26.1 Mobile/15E148 Safari/604.1"
5.161.117.52 - - [29/Dec/2025:13:39:32 -0800] "HEAD / HTTP/1.1" 200 - "https://lovestrong.koolderbyacademy.com" "Mozilla/5.0+(compatible; UptimeRobot/2.0; http://www.uptimerobot.com/)"
173.231.199.178 - - [29/Dec/2025:13:40:00 -0800] "GET / HTTP/1.1" 200 726 "-" "Mozilla/5.0 (UptimeBot)"
173.231.199.178 - - [29/Dec/2025:13:40:00 -0800] "GET /api/auth/getallperishlist HTTP/1.1" 200 71489 "-" "Mozilla/5.0 (UptimeBot)"
66.235.194.119 - - [29/Dec/2025:13:40:00 -0800] "GET / HTTP/1.1" 200 726 "-" "Mozilla/5.0 (UptimeBot)"
66.235.194.119 - - [29/Dec/2025:13:40:00 -0800] "GET /api/auth/getallperishlist HTTP/1.1" 200 71489 "-" "Mozilla/5.0 (UptimeBot)"
54.87.112.51 - - [29/Dec/2025:13:44:39 -0800] "HEAD / HTTP/1.1" 200 - "https://lovestrong.koolderbyacademy.com" "Mozilla/5.0+(compatible; UptimeRobot/2.0; http://www.uptimerobot.com/)"
178.156.184.20 - - [29/Dec/2025:13:49:44 -0800] "HEAD / HTTP/1.1" 200 - "https://lovestrong.koolderbyacademy.com" "Mozilla/5.0+(compatible; UptimeRobot/2.0; http://www.uptimerobot.com/)"
66.235.194.119 - - [29/Dec/2025:13:50:00 -0800] "GET /api/auth/getallperishlist HTTP/1.1" 200 71489 "-" "Mozilla/5.0 (UptimeBot)"
66.235.194.119 - - [29/Dec/2025:13:50:00 -0800] "GET / HTTP/1.1" 200 726 "-" "Mozilla/5.0 (UptimeBot)"
173.231.199.178 - - [29/Dec/2025:13:50:00 -0800] "GET / HTTP/1.1" 200 726 "-" "Mozilla/5.0 (UptimeBot)"
173.231.199.178 - - [29/Dec/2025:13:50:00 -0800] "GET /api/auth/getallperishlist HTTP/1.1" 200 71489 "-" "Mozilla/5.0 (UptimeBot)"
5.161.73.160 - - [29/Dec/2025:13:54:55 -0800] "HEAD / HTTP/1.1" 200 - "https://lovestrong.koolderbyacademy.com" "Mozilla/5.0+(compatible; UptimeRobot/2.0; http://www.uptimerobot.com/)"
51.83.6.238 - - [29/Dec/2025:13:59:50 -0800] "GET /robots.txt HTTP/1.1" 200 67 "-" "Mozilla/5.0 (compatible; MJ12bot/v1.4.8; http://mj12bot.com/)"
51.83.6.238 - - [29/Dec/2025:13:59:55 -0800] "GET / HTTP/1.1" 200 726 "-" "Mozilla/5.0 (compatible; MJ12bot/v1.4.8; http://mj12bot.com/)"
51.83.6.238 - - [29/Dec/2025:13:59:56 -0800] "GET / HTTP/1.1" 200 726 "-" "Mozilla/5.0 (compatible; MJ12bot/v1.4.8; http://mj12bot.com/)"
51.83.6.238 - - [29/Dec/2025:13:59:59 -0800] "GET /robots.txt HTTP/1.1" 200 67 "-" "Mozilla/5.0 (compatible; MJ12bot/v1.4.8; http://mj12bot.com/)"
66.235.194.119 - - [29/Dec/2025:14:00:00 -0800] "GET /api/auth/getallperishlist HTTP/1.1" 200 71489 "-" "Mozilla/5.0 (UptimeBot)"
66.235.194.119 - - [29/Dec/2025:14:00:00 -0800] "GET / HTTP/1.1" 200 726 "-" "Mozilla/5.0 (UptimeBot)"
173.231.199.178 - - [29/Dec/2025:14:00:00 -0800] "GET / HTTP/1.1" 200 726 "-" "Mozilla/5.0 (UptimeBot)"
173.231.199.178 - - [29/Dec/2025:14:00:00 -0800] "GET /api/auth/getallperishlist HTTP/1.1" 200 71489 "-" "Mozilla/5.0 (UptimeBot)"
178.156.185.127 - - [29/Dec/2025:14:00:04 -0800] "HEAD / HTTP/1.1" 200 - "https://lovestrong.koolderbyacademy.com" "Mozilla/5.0+(compatible; UptimeRobot/2.0; http://www.uptimerobot.com/)"
51.83.6.238 - - [29/Dec/2025:14:00:06 -0800] "GET / HTTP/1.1" 200 726 "-" "Mozilla/5.0 (compatible; MJ12bot/v1.4.8; http://mj12bot.com/)"
51.83.6.238 - - [29/Dec/2025:14:00:08 -0800] "GET / HTTP/1.1" 200 726 "-" "Mozilla/5.0 (compatible; MJ12bot/v1.4.8; http://mj12bot.com/)"
66.220.149.8 - - [29/Dec/2025:14:04:42 -0800] "GET /public/retreatImage/unnamed.jpg HTTP/1.1" 200 121868 "-" "facebookexternalhit/1.1 (+http://www.facebook.com/externalhit_uatext.php)"
5.161.113.195 - - [29/Dec/2025:14:05:10 -0800] "HEAD / HTTP/1.1" 200 - "https://lovestrong.koolderbyacademy.com" "Mozilla/5.0+(compatible; UptimeRobot/2.0; http://www.uptimerobot.com/)"
173.231.199.178 - - [29/Dec/2025:14:10:00 -0800] "GET /api/auth/getallperishlist HTTP/1.1" 200 71489 "-" "Mozilla/5.0 (UptimeBot)"
173.231.199.178 - - [29/Dec/2025:14:10:00 -0800] "GET / HTTP/1.1" 200 726 "-" "Mozilla/5.0 (UptimeBot)"
66.235.194.119 - - [29/Dec/2025:14:10:00 -0800] "GET / HTTP/1.1" 200 726 "-" "Mozilla/5.0 (UptimeBot)"
66.235.194.119 - - [29/Dec/2025:14:10:00 -0800] "GET /api/auth/getallperishlist HTTP/1.1" 200 71489 "-" "Mozilla/5.0 (UptimeBot)"
178.156.189.113 - - [29/Dec/2025:14:10:18 -0800] "HEAD / HTTP/1.1" 200 - "https://lovestrong.koolderbyacademy.com" "Mozilla/5.0+(compatible; UptimeRobot/2.0; http://www.uptimerobot.com/)"
43.130.91.95 - - [29/Dec/2025:14:12:54 -0800] "GET / HTTP/1.1" 200 726 "http://lovestrong.koolderbyacademy.com" "Mozilla/5.0 (iPhone; CPU iPhone OS 13_2_3 like Mac OS X) AppleWebKit/605.1.15 (KHTML, like Gecko) Version/13.0.3 Mobile/15E148 Safari/604.1"
3.149.57.90 - - [29/Dec/2025:14:15:23 -0800] "HEAD / HTTP/1.1" 200 - "https://lovestrong.koolderbyacademy.com" "Mozilla/5.0+(compatible; UptimeRobot/2.0; http://www.uptimerobot.com/)"
173.231.199.178 - - [29/Dec/2025:14:20:00 -0800] "GET /api/auth/getallperishlist HTTP/1.1" 200 71489 "-" "Mozilla/5.0 (UptimeBot)"
173.231.199.178 - - [29/Dec/2025:14:20:00 -0800] "GET / HTTP/1.1" 200 726 "-" "Mozilla/5.0 (UptimeBot)"
66.235.194.119 - - [29/Dec/2025:14:20:00 -0800] "GET / HTTP/1.1" 200 726 "-" "Mozilla/5.0 (UptimeBot)"
66.235.194.119 - - [29/Dec/2025:14:20:01 -0800] "GET /api/auth/getallperishlist HTTP/1.1" 200 71489 "-" "Mozilla/5.0 (UptimeBot)"
5.161.75.7 - - [29/Dec/2025:14:20:31 -0800] "HEAD / HTTP/1.1" 200 - "https://lovestrong.koolderbyacademy.com" "Mozilla/5.0+(compatible; UptimeRobot/2.0; http://www.uptimerobot.com/)"
3.212.128.62 - - [29/Dec/2025:14:25:36 -0800] "HEAD / HTTP/1.1" 200 - "https://lovestrong.koolderbyacademy.com" "Mozilla/5.0+(compatible; UptimeRobot/2.0; http://www.uptimerobot.com/)"
66.235.194.119 - - [29/Dec/2025:14:30:00 -0800] "GET / HTTP/1.1" 200 726 "-" "Mozilla/5.0 (UptimeBot)"
66.235.194.119 - - [29/Dec/2025:14:30:00 -0800] "GET /api/auth/getallperishlist HTTP/1.1" 200 71489 "-" "Mozilla/5.0 (UptimeBot)"
173.231.199.178 - - [29/Dec/2025:14:30:00 -0800] "GET / HTTP/1.1" 200 726 "-" "Mozilla/5.0 (UptimeBot)"
173.231.199.178 - - [29/Dec/2025:14:30:00 -0800] "GET /api/auth/getallperishlist HTTP/1.1" 200 71489 "-" "Mozilla/5.0 (UptimeBot)"
54.87.112.51 - - [29/Dec/2025:14:30:40 -0800] "HEAD / HTTP/1.1" 200 - "https://lovestrong.koolderbyacademy.com" "Mozilla/5.0+(compatible; UptimeRobot/2.0; http://www.uptimerobot.com/)"
3.20.63.178 - - [29/Dec/2025:14:35:52 -0800] "HEAD / HTTP/1.1" 200 - "https://lovestrong.koolderbyacademy.com" "Mozilla/5.0+(compatible; UptimeRobot/2.0; http://www.uptimerobot.com/)"
SAVE
CANCEL