66.235.194.119 - - [29/Dec/2025:06:40:01 -0800] "GET /api/auth/getallperishlist HTTP/1.1" 200 71489 "-" "Mozilla/5.0 (UptimeBot)"
54.167.223.174 - - [29/Dec/2025:06:41:47 -0800] "HEAD / HTTP/1.1" 200 - "https://lovestrong.koolderbyacademy.com" "Mozilla/5.0+(compatible; UptimeRobot/2.0; http://www.uptimerobot.com/)"
178.156.189.249 - - [29/Dec/2025:06:46:51 -0800] "HEAD / HTTP/1.1" 200 - "https://lovestrong.koolderbyacademy.com" "Mozilla/5.0+(compatible; UptimeRobot/2.0; http://www.uptimerobot.com/)"
66.235.194.119 - - [29/Dec/2025:06:50:00 -0800] "GET /api/auth/getallperishlist HTTP/1.1" 200 71489 "-" "Mozilla/5.0 (UptimeBot)"
66.235.194.119 - - [29/Dec/2025:06:50:00 -0800] "GET / HTTP/1.1" 200 726 "-" "Mozilla/5.0 (UptimeBot)"
173.231.199.178 - - [29/Dec/2025:06:50:00 -0800] "GET / HTTP/1.1" 200 726 "-" "Mozilla/5.0 (UptimeBot)"
173.231.199.178 - - [29/Dec/2025:06:50:01 -0800] "GET /api/auth/getallperishlist HTTP/1.1" 200 71489 "-" "Mozilla/5.0 (UptimeBot)"
178.156.187.238 - - [29/Dec/2025:06:51:56 -0800] "HEAD / HTTP/1.1" 200 - "https://lovestrong.koolderbyacademy.com" "Mozilla/5.0+(compatible; UptimeRobot/2.0; http://www.uptimerobot.com/)"
216.73.216.118 - - [29/Dec/2025:06:52:38 -0800] "GET /robots.txt HTTP/1.1" 200 67 "-" "Mozilla/5.0 AppleWebKit/537.36 (KHTML, like Gecko; compatible; ClaudeBot/1.0; +claudebot@anthropic.com)"
216.73.216.118 - - [29/Dec/2025:06:52:38 -0800] "GET /sitemap.xml HTTP/1.1" 200 726 "-" "Mozilla/5.0 AppleWebKit/537.36 (KHTML, like Gecko; compatible; ClaudeBot/1.0; +claudebot@anthropic.com)"
54.87.112.51 - - [29/Dec/2025:06:57:01 -0800] "HEAD / HTTP/1.1" 200 - "https://lovestrong.koolderbyacademy.com" "Mozilla/5.0+(compatible; UptimeRobot/2.0; http://www.uptimerobot.com/)"
173.231.199.178 - - [29/Dec/2025:07:00:00 -0800] "GET / HTTP/1.1" 200 726 "-" "Mozilla/5.0 (UptimeBot)"
173.231.199.178 - - [29/Dec/2025:07:00:00 -0800] "GET /api/auth/getallperishlist HTTP/1.1" 200 71489 "-" "Mozilla/5.0 (UptimeBot)"
66.235.194.119 - - [29/Dec/2025:07:00:01 -0800] "GET /api/auth/getallperishlist HTTP/1.1" 200 71489 "-" "Mozilla/5.0 (UptimeBot)"
66.235.194.119 - - [29/Dec/2025:07:00:01 -0800] "GET / HTTP/1.1" 200 726 "-" "Mozilla/5.0 (UptimeBot)"
5.161.73.160 - - [29/Dec/2025:07:02:05 -0800] "HEAD / HTTP/1.1" 200 - "https://lovestrong.koolderbyacademy.com" "Mozilla/5.0+(compatible; UptimeRobot/2.0; http://www.uptimerobot.com/)"
178.156.181.172 - - [29/Dec/2025:07:07:10 -0800] "HEAD / HTTP/1.1" 200 - "https://lovestrong.koolderbyacademy.com" "Mozilla/5.0+(compatible; UptimeRobot/2.0; http://www.uptimerobot.com/)"
66.235.194.119 - - [29/Dec/2025:07:10:00 -0800] "GET /api/auth/getallperishlist HTTP/1.1" 200 71489 "-" "Mozilla/5.0 (UptimeBot)"
66.235.194.119 - - [29/Dec/2025:07:10:00 -0800] "GET / HTTP/1.1" 200 726 "-" "Mozilla/5.0 (UptimeBot)"
173.231.199.178 - - [29/Dec/2025:07:10:00 -0800] "GET /api/auth/getallperishlist HTTP/1.1" 200 71489 "-" "Mozilla/5.0 (UptimeBot)"
173.231.199.178 - - [29/Dec/2025:07:10:00 -0800] "GET / HTTP/1.1" 200 726 "-" "Mozilla/5.0 (UptimeBot)"
178.156.187.238 - - [29/Dec/2025:07:12:15 -0800] "HEAD / HTTP/1.1" 200 - "https://lovestrong.koolderbyacademy.com" "Mozilla/5.0+(compatible; UptimeRobot/2.0; http://www.uptimerobot.com/)"
178.156.189.113 - - [29/Dec/2025:07:17:23 -0800] "HEAD / HTTP/1.1" 200 - "https://lovestrong.koolderbyacademy.com" "Mozilla/5.0+(compatible; UptimeRobot/2.0; http://www.uptimerobot.com/)"
173.231.199.178 - - [29/Dec/2025:07:20:00 -0800] "GET / HTTP/1.1" 200 726 "-" "Mozilla/5.0 (UptimeBot)"
173.231.199.178 - - [29/Dec/2025:07:20:00 -0800] "GET /api/auth/getallperishlist HTTP/1.1" 200 71489 "-" "Mozilla/5.0 (UptimeBot)"
66.235.194.119 - - [29/Dec/2025:07:20:00 -0800] "GET /api/auth/getallperishlist HTTP/1.1" 200 71489 "-" "Mozilla/5.0 (UptimeBot)"
66.235.194.119 - - [29/Dec/2025:07:20:01 -0800] "GET / HTTP/1.1" 200 726 "-" "Mozilla/5.0 (UptimeBot)"
178.156.187.238 - - [29/Dec/2025:07:22:28 -0800] "HEAD / HTTP/1.1" 200 - "https://lovestrong.koolderbyacademy.com" "Mozilla/5.0+(compatible; UptimeRobot/2.0; http://www.uptimerobot.com/)"
43.157.22.109 - - [29/Dec/2025:07:25:48 -0800] "GET / HTTP/1.1" 200 726 "http://lovestrong.koolderbyacademy.com" "Mozilla/5.0 (iPhone; CPU iPhone OS 13_2_3 like Mac OS X) AppleWebKit/605.1.15 (KHTML, like Gecko) Version/13.0.3 Mobile/15E148 Safari/604.1"
178.156.185.231 - - [29/Dec/2025:07:27:34 -0800] "HEAD / HTTP/1.1" 200 - "https://lovestrong.koolderbyacademy.com" "Mozilla/5.0+(compatible; UptimeRobot/2.0; http://www.uptimerobot.com/)"
173.231.199.178 - - [29/Dec/2025:07:30:00 -0800] "GET / HTTP/1.1" 200 726 "-" "Mozilla/5.0 (UptimeBot)"
173.231.199.178 - - [29/Dec/2025:07:30:00 -0800] "GET /api/auth/getallperishlist HTTP/1.1" 200 71489 "-" "Mozilla/5.0 (UptimeBot)"
66.235.194.119 - - [29/Dec/2025:07:30:00 -0800] "GET /api/auth/getallperishlist HTTP/1.1" 200 71489 "-" "Mozilla/5.0 (UptimeBot)"
66.235.194.119 - - [29/Dec/2025:07:30:00 -0800] "GET / HTTP/1.1" 200 726 "-" "Mozilla/5.0 (UptimeBot)"
178.156.189.249 - - [29/Dec/2025:07:32:38 -0800] "HEAD / HTTP/1.1" 200 - "https://lovestrong.koolderbyacademy.com" "Mozilla/5.0+(compatible; UptimeRobot/2.0; http://www.uptimerobot.com/)"
66.102.7.12 - - [29/Dec/2025:07:34:30 -0800] "GET /logo.png HTTP/1.1" 200 163413 "-" "Mozilla/5.0 (Windows NT 5.1; rv:11.0) Gecko Firefox/11.0 (via ggpht.com GoogleImageProxy)"
66.102.7.12 - - [29/Dec/2025:07:34:30 -0800] "GET /logo.png HTTP/1.1" 200 163413 "-" "Mozilla/5.0 (Windows NT 5.1; rv:11.0) Gecko Firefox/11.0 (via ggpht.com GoogleImageProxy)"
5.161.61.238 - - [29/Dec/2025:07:37:43 -0800] "HEAD / HTTP/1.1" 200 - "https://lovestrong.koolderbyacademy.com" "Mozilla/5.0+(compatible; UptimeRobot/2.0; http://www.uptimerobot.com/)"
96.8.186.146 - - [29/Dec/2025:07:38:36 -0800] "GET /retreat-registrations HTTP/1.1" 200 726 "https://ntp.msn.com/" "Mozilla/5.0 (Windows NT 10.0; Win64; x64) AppleWebKit/537.36 (KHTML, like Gecko) Chrome/143.0.0.0 Safari/537.36 Edg/143.0.0.0"
96.8.186.146 - - [29/Dec/2025:07:38:36 -0800] "GET /static/js/main.696da69e.js HTTP/1.1" 200 5264417 "https://lovestrong.koolderbyacademy.com/retreat-registrations" "Mozilla/5.0 (Windows NT 10.0; Win64; x64) AppleWebKit/537.36 (KHTML, like Gecko) Chrome/143.0.0.0 Safari/537.36 Edg/143.0.0.0"
96.8.186.146 - - [29/Dec/2025:07:38:36 -0800] "GET /static/css/main.28f87cc5.css HTTP/1.1" 200 949337 "https://lovestrong.koolderbyacademy.com/retreat-registrations" "Mozilla/5.0 (Windows NT 10.0; Win64; x64) AppleWebKit/537.36 (KHTML, like Gecko) Chrome/143.0.0.0 Safari/537.36 Edg/143.0.0.0"
96.8.186.146 - - [29/Dec/2025:07:38:38 -0800] "GET /static/media/logo.f96fed557c1617146760.png HTTP/1.1" 200 163413 "https://lovestrong.koolderbyacademy.com/login?redirect=%2Fretreat-registrations" "Mozilla/5.0 (Windows NT 10.0; Win64; x64) AppleWebKit/537.36 (KHTML, like Gecko) Chrome/143.0.0.0 Safari/537.36 Edg/143.0.0.0"
96.8.186.146 - - [29/Dec/2025:07:38:38 -0800] "GET /manifest.json HTTP/1.1" 200 492 "https://lovestrong.koolderbyacademy.com/login?redirect=%2Fretreat-registrations" "Mozilla/5.0 (Windows NT 10.0; Win64; x64) AppleWebKit/537.36 (KHTML, like Gecko) Chrome/143.0.0.0 Safari/537.36 Edg/143.0.0.0"
96.8.186.146 - - [29/Dec/2025:07:38:38 -0800] "GET /static/media/materialdesignicons-webfont.2ec256c84a2002197204.woff2 HTTP/1.1" 200 224348 "https://lovestrong.koolderbyacademy.com/static/css/main.28f87cc5.css" "Mozilla/5.0 (Windows NT 10.0; Win64; x64) AppleWebKit/537.36 (KHTML, like Gecko) Chrome/143.0.0.0 Safari/537.36 Edg/143.0.0.0"
96.8.186.146 - - [29/Dec/2025:07:38:38 -0800] "GET /logo192.png HTTP/1.1" 200 5347 "https://lovestrong.koolderbyacademy.com/login?redirect=%2Fretreat-registrations" "Mozilla/5.0 (Windows NT 10.0; Win64; x64) AppleWebKit/537.36 (KHTML, like Gecko) Chrome/143.0.0.0 Safari/537.36 Edg/143.0.0.0"
173.231.199.178 - - [29/Dec/2025:07:40:00 -0800] "GET / HTTP/1.1" 200 726 "-" "Mozilla/5.0 (UptimeBot)"
173.231.199.178 - - [29/Dec/2025:07:40:00 -0800] "GET /api/auth/getallperishlist HTTP/1.1" 200 71489 "-" "Mozilla/5.0 (UptimeBot)"
66.235.194.119 - - [29/Dec/2025:07:40:00 -0800] "GET / HTTP/1.1" 200 726 "-" "Mozilla/5.0 (UptimeBot)"
66.235.194.119 - - [29/Dec/2025:07:40:00 -0800] "GET /api/auth/getallperishlist HTTP/1.1" 200 71489 "-" "Mozilla/5.0 (UptimeBot)"
54.167.223.174 - - [29/Dec/2025:07:42:51 -0800] "HEAD / HTTP/1.1" 200 - "https://lovestrong.koolderbyacademy.com" "Mozilla/5.0+(compatible; UptimeRobot/2.0; http://www.uptimerobot.com/)"
52.167.144.213 - - [29/Dec/2025:07:42:55 -0800] "GET /?f=910963300c66e16 HTTP/1.1" 200 726 "-" "Mozilla/5.0 AppleWebKit/537.36 (KHTML, like Gecko; compatible; bingbot/2.0; +http://www.bing.com/bingbot.htm) Chrome/116.0.1938.76 Safari/537.36"
66.102.7.10 - - [29/Dec/2025:07:43:22 -0800] "GET /logo.png HTTP/1.1" 200 163413 "-" "Mozilla/5.0 (Windows NT 5.1; rv:11.0) Gecko Firefox/11.0 (via ggpht.com GoogleImageProxy)"
54.167.223.174 - - [29/Dec/2025:07:47:56 -0800] "HEAD / HTTP/1.1" 200 - "https://lovestrong.koolderbyacademy.com" "Mozilla/5.0+(compatible; UptimeRobot/2.0; http://www.uptimerobot.com/)"
38.49.142.210 - - [29/Dec/2025:07:49:33 -0800] "GET /apple-touch-icon-precomposed.png HTTP/1.1" 200 726 "-" "NetworkingExtension/8622.2.11.10.8 Network/5569.42.2 iOS/26.1"
38.49.142.210 - - [29/Dec/2025:07:49:33 -0800] "GET /apple-touch-icon.png HTTP/1.1" 200 726 "-" "NetworkingExtension/8622.2.11.10.8 Network/5569.42.2 iOS/26.1"
38.49.142.210 - - [29/Dec/2025:07:49:33 -0800] "GET /favicon.ico HTTP/1.1" 200 3870 "-" "NetworkingExtension/8622.2.11.10.8 Network/5569.42.2 iOS/26.1"
38.49.142.210 - - [29/Dec/2025:07:49:33 -0800] "GET /registration-retreat/160 HTTP/1.1" 200 994 "-" "Mozilla/5.0 (Macintosh; Intel Mac OS X 10_11_1) AppleWebKit/601.2.4 (KHTML, like Gecko) Version/9.0.1 Safari/601.2.4 facebookexternalhit/1.1 Facebot Twitterbot/1.0"
38.49.142.210 - - [29/Dec/2025:07:49:35 -0800] "GET /logo192.png HTTP/1.1" 200 5347 "-" "NetworkingExtension/8622.2.11.10.8 Network/5569.42.2 iOS/26.1"
38.49.142.210 - - [29/Dec/2025:07:49:35 -0800] "GET /logo.png HTTP/1.1" 200 163413 "-" "NetworkingExtension/8622.2.11.10.8 Network/5569.42.2 iOS/26.1"
38.49.142.210 - - [29/Dec/2025:07:49:35 -0800] "GET /public/retreatImage/df1b74fd-c22b-4546-a9c8-f2123275bb3b.JPG HTTP/1.1" 200 581593 "-" "NetworkingExtension/8622.2.11.10.8 Network/5569.42.2 iOS/26.1"
66.235.194.119 - - [29/Dec/2025:07:50:00 -0800] "GET / HTTP/1.1" 200 726 "-" "Mozilla/5.0 (UptimeBot)"
66.235.194.119 - - [29/Dec/2025:07:50:00 -0800] "GET /api/auth/getallperishlist HTTP/1.1" 200 71489 "-" "Mozilla/5.0 (UptimeBot)"
173.231.199.178 - - [29/Dec/2025:07:50:00 -0800] "GET / HTTP/1.1" 200 726 "-" "Mozilla/5.0 (UptimeBot)"
173.231.199.178 - - [29/Dec/2025:07:50:00 -0800] "GET /api/auth/getallperishlist HTTP/1.1" 200 71489 "-" "Mozilla/5.0 (UptimeBot)"
66.249.88.199 - - [29/Dec/2025:07:51:12 -0800] "GET /logo.png HTTP/1.1" 200 163413 "-" "Mozilla/5.0 (Windows NT 5.1; rv:11.0) Gecko Firefox/11.0 (via ggpht.com GoogleImageProxy)"
3.133.226.214 - - [29/Dec/2025:07:53:00 -0800] "HEAD / HTTP/1.1" 200 - "https://lovestrong.koolderbyacademy.com" "Mozilla/5.0+(compatible; UptimeRobot/2.0; http://www.uptimerobot.com/)"
3.133.226.214 - - [29/Dec/2025:07:58:08 -0800] "HEAD / HTTP/1.1" 200 - "https://lovestrong.koolderbyacademy.com" "Mozilla/5.0+(compatible; UptimeRobot/2.0; http://www.uptimerobot.com/)"
173.231.199.178 - - [29/Dec/2025:08:00:00 -0800] "GET / HTTP/1.1" 200 726 "-" "Mozilla/5.0 (UptimeBot)"
173.231.199.178 - - [29/Dec/2025:08:00:00 -0800] "GET /api/auth/getallperishlist HTTP/1.1" 200 71489 "-" "Mozilla/5.0 (UptimeBot)"
66.235.194.119 - - [29/Dec/2025:08:00:00 -0800] "GET / HTTP/1.1" 200 726 "-" "Mozilla/5.0 (UptimeBot)"
66.235.194.119 - - [29/Dec/2025:08:00:01 -0800] "GET /api/auth/getallperishlist HTTP/1.1" 200 71489 "-" "Mozilla/5.0 (UptimeBot)"
52.167.144.169 - - [29/Dec/2025:08:00:55 -0800] "GET /public/retreatImage/IMG_7637.jpeg HTTP/1.1" 200 2315079 "-" "Mozilla/5.0 AppleWebKit/537.36 (KHTML, like Gecko; compatible; bingbot/2.0; +http://www.bing.com/bingbot.htm) Chrome/116.0.1938.76 Safari/537.36"
52.22.236.30 - - [29/Dec/2025:08:03:12 -0800] "HEAD / HTTP/1.1" 200 - "https://lovestrong.koolderbyacademy.com" "Mozilla/5.0+(compatible; UptimeRobot/2.0; http://www.uptimerobot.com/)"
96.8.186.146 - - [29/Dec/2025:08:06:10 -0800] "POST /api/auth/login HTTP/1.1" 200 589 "https://lovestrong.koolderbyacademy.com/login?redirect=%2Fretreat-registrations" "Mozilla/5.0 (Windows NT 10.0; Win64; x64) AppleWebKit/537.36 (KHTML, like Gecko) Chrome/143.0.0.0 Safari/537.36 Edg/143.0.0.0"
96.8.186.146 - - [29/Dec/2025:08:06:10 -0800] "POST /api/admin/addlogreport HTTP/1.1" 200 16 "https://lovestrong.koolderbyacademy.com/login?redirect=%2Fretreat-registrations" "Mozilla/5.0 (Windows NT 10.0; Win64; x64) AppleWebKit/537.36 (KHTML, like Gecko) Chrome/143.0.0.0 Safari/537.36 Edg/143.0.0.0"
96.8.186.146 - - [29/Dec/2025:08:06:10 -0800] "GET /static/media/Simple-Line-Icons.3826fa1cb2348dd93948.woff2 HTTP/1.1" 200 30064 "https://lovestrong.koolderbyacademy.com/static/css/main.28f87cc5.css" "Mozilla/5.0 (Windows NT 10.0; Win64; x64) AppleWebKit/537.36 (KHTML, like Gecko) Chrome/143.0.0.0 Safari/537.36 Edg/143.0.0.0"
96.8.186.146 - - [29/Dec/2025:08:06:10 -0800] "GET /static/media/feather-webfont.91c1e78fbb5fbc7399d3.woff HTTP/1.1" 200 12936 "https://lovestrong.koolderbyacademy.com/static/css/main.28f87cc5.css" "Mozilla/5.0 (Windows NT 10.0; Win64; x64) AppleWebKit/537.36 (KHTML, like Gecko) Chrome/143.0.0.0 Safari/537.36 Edg/143.0.0.0"
96.8.186.146 - - [29/Dec/2025:08:06:10 -0800] "GET /static/media/logo-mini.a054fcb0cd2c68839f4d.png HTTP/1.1" 200 14791 "https://lovestrong.koolderbyacademy.com/retreat-registrations" "Mozilla/5.0 (Windows NT 10.0; Win64; x64) AppleWebKit/537.36 (KHTML, like Gecko) Chrome/143.0.0.0 Safari/537.36 Edg/143.0.0.0"
96.8.186.146 - - [29/Dec/2025:08:06:10 -0800] "POST /api/admin/addlogreport HTTP/1.1" 200 16 "https://lovestrong.koolderbyacademy.com/retreat-registrations" "Mozilla/5.0 (Windows NT 10.0; Win64; x64) AppleWebKit/537.36 (KHTML, like Gecko) Chrome/143.0.0.0 Safari/537.36 Edg/143.0.0.0"
96.8.186.146 - - [29/Dec/2025:08:06:10 -0800] "POST /api/retreat/getAllAccessedRetreats HTTP/1.1" 200 5842 "https://lovestrong.koolderbyacademy.com/retreat-registrations" "Mozilla/5.0 (Windows NT 10.0; Win64; x64) AppleWebKit/537.36 (KHTML, like Gecko) Chrome/143.0.0.0 Safari/537.36 Edg/143.0.0.0"
96.8.186.146 - - [29/Dec/2025:08:06:10 -0800] "GET /api/auth/getallperishlist HTTP/1.1" 200 71489 "https://lovestrong.koolderbyacademy.com/retreat-registrations" "Mozilla/5.0 (Windows NT 10.0; Win64; x64) AppleWebKit/537.36 (KHTML, like Gecko) Chrome/143.0.0.0 Safari/537.36 Edg/143.0.0.0"
96.8.186.146 - - [29/Dec/2025:08:06:10 -0800] "GET /api/auth/getallperishlist HTTP/1.1" 304 - "https://lovestrong.koolderbyacademy.com/retreat-registrations" "Mozilla/5.0 (Windows NT 10.0; Win64; x64) AppleWebKit/537.36 (KHTML, like Gecko) Chrome/143.0.0.0 Safari/537.36 Edg/143.0.0.0"
96.8.186.146 - - [29/Dec/2025:08:06:10 -0800] "GET /public/roasterImage/Michael_and_Margaret_Juarez.jpg HTTP/1.1" 200 973688 "https://lovestrong.koolderbyacademy.com/retreat-registrations" "Mozilla/5.0 (Windows NT 10.0; Win64; x64) AppleWebKit/537.36 (KHTML, like Gecko) Chrome/143.0.0.0 Safari/537.36 Edg/143.0.0.0"
96.8.186.146 - - [29/Dec/2025:08:06:11 -0800] "POST /api/retreatRoast/getRetreatRoastData HTTP/1.1" 200 21569 "https://lovestrong.koolderbyacademy.com/retreat-registrations" "Mozilla/5.0 (Windows NT 10.0; Win64; x64) AppleWebKit/537.36 (KHTML, like Gecko) Chrome/143.0.0.0 Safari/537.36 Edg/143.0.0.0"
96.8.186.146 - - [29/Dec/2025:08:06:11 -0800] "GET /api/admin/couplesForCheck HTTP/1.1" 200 2823800 "https://lovestrong.koolderbyacademy.com/retreat-registrations" "Mozilla/5.0 (Windows NT 10.0; Win64; x64) AppleWebKit/537.36 (KHTML, like Gecko) Chrome/143.0.0.0 Safari/537.36 Edg/143.0.0.0"
96.8.186.146 - - [29/Dec/2025:08:06:11 -0800] "GET /static/media/couple-default.d7799f6002177d034d00.png HTTP/1.1" 200 22736 "https://lovestrong.koolderbyacademy.com/retreat-registrations" "Mozilla/5.0 (Windows NT 10.0; Win64; x64) AppleWebKit/537.36 (KHTML, like Gecko) Chrome/143.0.0.0 Safari/537.36 Edg/143.0.0.0"
96.8.186.146 - - [29/Dec/2025:08:06:11 -0800] "GET /public/profileImage/Wilken,%20Dale%20&%20Judy_2025-09-17.jpeg HTTP/1.1" 200 86792 "https://lovestrong.koolderbyacademy.com/retreat-registrations" "Mozilla/5.0 (Windows NT 10.0; Win64; x64) AppleWebKit/537.36 (KHTML, like Gecko) Chrome/143.0.0.0 Safari/537.36 Edg/143.0.0.0"
96.8.186.146 - - [29/Dec/2025:08:06:11 -0800] "GET /public/profileImage/Screenshot%202023-08-27%20at%202.23.02%20PM.png HTTP/1.1" 200 211416 "https://lovestrong.koolderbyacademy.com/retreat-registrations" "Mozilla/5.0 (Windows NT 10.0; Win64; x64) AppleWebKit/537.36 (KHTML, like Gecko) Chrome/143.0.0.0 Safari/537.36 Edg/143.0.0.0"
96.8.186.146 - - [29/Dec/2025:08:06:11 -0800] "GET /public/profileImage/Screenshot%202023-08-27%20at%201.20.54%20PM.png HTTP/1.1" 200 317467 "https://lovestrong.koolderbyacademy.com/retreat-registrations" "Mozilla/5.0 (Windows NT 10.0; Win64; x64) AppleWebKit/537.36 (KHTML, like Gecko) Chrome/143.0.0.0 Safari/537.36 Edg/143.0.0.0"
96.8.186.146 - - [29/Dec/2025:08:06:11 -0800] "GET /public/profileImage/Murphy,%20Brian%20&%20Dina_2025-11-02.jpeg HTTP/1.1" 200 412667 "https://lovestrong.koolderbyacademy.com/retreat-registrations" "Mozilla/5.0 (Windows NT 10.0; Win64; x64) AppleWebKit/537.36 (KHTML, like Gecko) Chrome/143.0.0.0 Safari/537.36 Edg/143.0.0.0"
96.8.186.146 - - [29/Dec/2025:08:06:11 -0800] "GET /public/profileImage/Screenshot%202023-08-27%20at%204.12.17%20PM.png HTTP/1.1" 200 828481 "https://lovestrong.koolderbyacademy.com/retreat-registrations" "Mozilla/5.0 (Windows NT 10.0; Win64; x64) AppleWebKit/537.36 (KHTML, like Gecko) Chrome/143.0.0.0 Safari/537.36 Edg/143.0.0.0"
96.8.186.146 - - [29/Dec/2025:08:06:11 -0800] "GET /public/roasterImage/Michael_and_Teri_Henson.jpg HTTP/1.1" 200 1137127 "https://lovestrong.koolderbyacademy.com/retreat-registrations" "Mozilla/5.0 (Windows NT 10.0; Win64; x64) AppleWebKit/537.36 (KHTML, like Gecko) Chrome/143.0.0.0 Safari/537.36 Edg/143.0.0.0"
96.8.186.146 - - [29/Dec/2025:08:06:11 -0800] "GET /public/roasterImage/Andrew_and_Pam_Minnick.jpg HTTP/1.1" 200 1380235 "https://lovestrong.koolderbyacademy.com/retreat-registrations" "Mozilla/5.0 (Windows NT 10.0; Win64; x64) AppleWebKit/537.36 (KHTML, like Gecko) Chrome/143.0.0.0 Safari/537.36 Edg/143.0.0.0"
96.8.186.146 - - [29/Dec/2025:08:06:11 -0800] "GET /public/profileImage/Gottardy,%20Deacon%20Ken%20%20&%20Kathy_2025-12-04.JPG HTTP/1.1" 200 2555015 "https://lovestrong.koolderbyacademy.com/retreat-registrations" "Mozilla/5.0 (Windows NT 10.0; Win64; x64) AppleWebKit/537.36 (KHTML, like Gecko) Chrome/143.0.0.0 Safari/537.36 Edg/143.0.0.0"
96.8.186.146 - - [29/Dec/2025:08:06:11 -0800] "GET /public/profileImage/Fresquez,%20Mark%20&%20Melinda_2025-11-02.jpeg HTTP/1.1" 200 436451 "https://lovestrong.koolderbyacademy.com/retreat-registrations" "Mozilla/5.0 (Windows NT 10.0; Win64; x64) AppleWebKit/537.36 (KHTML, like Gecko) Chrome/143.0.0.0 Safari/537.36 Edg/143.0.0.0"
96.8.186.146 - - [29/Dec/2025:08:06:12 -0800] "GET /public/profileImage/New%20Project%20(2).png HTTP/1.1" 200 578968 "https://lovestrong.koolderbyacademy.com/retreat-registrations" "Mozilla/5.0 (Windows NT 10.0; Win64; x64) AppleWebKit/537.36 (KHTML, like Gecko) Chrome/143.0.0.0 Safari/537.36 Edg/143.0.0.0"
96.8.186.146 - - [29/Dec/2025:08:06:11 -0800] "GET /public/profileImage/Lehmann,%20Chris%20&%20Elice.jpg HTTP/1.1" 200 11121968 "https://lovestrong.koolderbyacademy.com/retreat-registrations" "Mozilla/5.0 (Windows NT 10.0; Win64; x64) AppleWebKit/537.36 (KHTML, like Gecko) Chrome/143.0.0.0 Safari/537.36 Edg/143.0.0.0"
3.133.226.214 - - [29/Dec/2025:08:08:16 -0800] "HEAD / HTTP/1.1" 200 - "https://lovestrong.koolderbyacademy.com" "Mozilla/5.0+(compatible; UptimeRobot/2.0; http://www.uptimerobot.com/)"
173.231.199.178 - - [29/Dec/2025:08:10:00 -0800] "GET / HTTP/1.1" 200 726 "-" "Mozilla/5.0 (UptimeBot)"
173.231.199.178 - - [29/Dec/2025:08:10:00 -0800] "GET /api/auth/getallperishlist HTTP/1.1" 200 71489 "-" "Mozilla/5.0 (UptimeBot)"
66.235.194.119 - - [29/Dec/2025:08:10:00 -0800] "GET / HTTP/1.1" 200 726 "-" "Mozilla/5.0 (UptimeBot)"
66.235.194.119 - - [29/Dec/2025:08:10:00 -0800] "GET /api/auth/getallperishlist HTTP/1.1" 200 71489 "-" "Mozilla/5.0 (UptimeBot)"
96.8.186.146 - - [29/Dec/2025:08:11:50 -0800] "GET /retreat-registrations HTTP/1.1" 304 - "https://ntp.msn.com/" "Mozilla/5.0 (Windows NT 10.0; Win64; x64) AppleWebKit/537.36 (KHTML, like Gecko) Chrome/143.0.0.0 Safari/537.36 Edg/143.0.0.0"
96.8.186.146 - - [29/Dec/2025:08:11:50 -0800] "GET /static/js/main.696da69e.js HTTP/1.1" 304 - "https://lovestrong.koolderbyacademy.com/retreat-registrations" "Mozilla/5.0 (Windows NT 10.0; Win64; x64) AppleWebKit/537.36 (KHTML, like Gecko) Chrome/143.0.0.0 Safari/537.36 Edg/143.0.0.0"
96.8.186.146 - - [29/Dec/2025:08:11:50 -0800] "GET /static/css/main.28f87cc5.css HTTP/1.1" 304 - "https://lovestrong.koolderbyacademy.com/retreat-registrations" "Mozilla/5.0 (Windows NT 10.0; Win64; x64) AppleWebKit/537.36 (KHTML, like Gecko) Chrome/143.0.0.0 Safari/537.36 Edg/143.0.0.0"
96.8.186.146 - - [29/Dec/2025:08:11:50 -0800] "GET /static/media/logo-mini.a054fcb0cd2c68839f4d.png HTTP/1.1" 304 - "https://lovestrong.koolderbyacademy.com/retreat-registrations" "Mozilla/5.0 (Windows NT 10.0; Win64; x64) AppleWebKit/537.36 (KHTML, like Gecko) Chrome/143.0.0.0 Safari/537.36 Edg/143.0.0.0"
96.8.186.146 - - [29/Dec/2025:08:11:50 -0800] "GET /static/media/logo.f96fed557c1617146760.png HTTP/1.1" 304 - "https://lovestrong.koolderbyacademy.com/retreat-registrations" "Mozilla/5.0 (Windows NT 10.0; Win64; x64) AppleWebKit/537.36 (KHTML, like Gecko) Chrome/143.0.0.0 Safari/537.36 Edg/143.0.0.0"
96.8.186.146 - - [29/Dec/2025:08:11:50 -0800] "GET /static/media/Simple-Line-Icons.3826fa1cb2348dd93948.woff2 HTTP/1.1" 304 - "https://lovestrong.koolderbyacademy.com/static/css/main.28f87cc5.css" "Mozilla/5.0 (Windows NT 10.0; Win64; x64) AppleWebKit/537.36 (KHTML, like Gecko) Chrome/143.0.0.0 Safari/537.36 Edg/143.0.0.0"
96.8.186.146 - - [29/Dec/2025:08:11:50 -0800] "GET /static/media/materialdesignicons-webfont.2ec256c84a2002197204.woff2 HTTP/1.1" 304 - "https://lovestrong.koolderbyacademy.com/static/css/main.28f87cc5.css" "Mozilla/5.0 (Windows NT 10.0; Win64; x64) AppleWebKit/537.36 (KHTML, like Gecko) Chrome/143.0.0.0 Safari/537.36 Edg/143.0.0.0"
96.8.186.146 - - [29/Dec/2025:08:11:50 -0800] "GET /static/media/feather-webfont.91c1e78fbb5fbc7399d3.woff HTTP/1.1" 304 - "https://lovestrong.koolderbyacademy.com/static/css/main.28f87cc5.css" "Mozilla/5.0 (Windows NT 10.0; Win64; x64) AppleWebKit/537.36 (KHTML, like Gecko) Chrome/143.0.0.0 Safari/537.36 Edg/143.0.0.0"
96.8.186.146 - - [29/Dec/2025:08:11:50 -0800] "GET /public/roasterImage/Michael_and_Margaret_Juarez.jpg HTTP/1.1" 304 - "https://lovestrong.koolderbyacademy.com/retreat-registrations" "Mozilla/5.0 (Windows NT 10.0; Win64; x64) AppleWebKit/537.36 (KHTML, like Gecko) Chrome/143.0.0.0 Safari/537.36 Edg/143.0.0.0"
96.8.186.146 - - [29/Dec/2025:08:11:50 -0800] "POST /api/retreat/getAllAccessedRetreats HTTP/1.1" 200 5842 "https://lovestrong.koolderbyacademy.com/retreat-registrations" "Mozilla/5.0 (Windows NT 10.0; Win64; x64) AppleWebKit/537.36 (KHTML, like Gecko) Chrome/143.0.0.0 Safari/537.36 Edg/143.0.0.0"
96.8.186.146 - - [29/Dec/2025:08:11:50 -0800] "GET /api/auth/getallperishlist HTTP/1.1" 304 - "https://lovestrong.koolderbyacademy.com/retreat-registrations" "Mozilla/5.0 (Windows NT 10.0; Win64; x64) AppleWebKit/537.36 (KHTML, like Gecko) Chrome/143.0.0.0 Safari/537.36 Edg/143.0.0.0"
96.8.186.146 - - [29/Dec/2025:08:11:50 -0800] "POST /api/admin/addlogreport HTTP/1.1" 200 16 "https://lovestrong.koolderbyacademy.com/retreat-registrations" "Mozilla/5.0 (Windows NT 10.0; Win64; x64) AppleWebKit/537.36 (KHTML, like Gecko) Chrome/143.0.0.0 Safari/537.36 Edg/143.0.0.0"
96.8.186.146 - - [29/Dec/2025:08:11:50 -0800] "GET /logo.png HTTP/1.1" 200 163413 "https://lovestrong.koolderbyacademy.com/retreat-registrations" "Mozilla/5.0 (Windows NT 10.0; Win64; x64) AppleWebKit/537.36 (KHTML, like Gecko) Chrome/143.0.0.0 Safari/537.36 Edg/143.0.0.0"
96.8.186.146 - - [29/Dec/2025:08:11:50 -0800] "GET /api/auth/getallperishlist HTTP/1.1" 304 - "https://lovestrong.koolderbyacademy.com/retreat-registrations" "Mozilla/5.0 (Windows NT 10.0; Win64; x64) AppleWebKit/537.36 (KHTML, like Gecko) Chrome/143.0.0.0 Safari/537.36 Edg/143.0.0.0"
96.8.186.146 - - [29/Dec/2025:08:11:50 -0800] "GET /manifest.json HTTP/1.1" 304 - "https://lovestrong.koolderbyacademy.com/retreat-registrations" "Mozilla/5.0 (Windows NT 10.0; Win64; x64) AppleWebKit/537.36 (KHTML, like Gecko) Chrome/143.0.0.0 Safari/537.36 Edg/143.0.0.0"
96.8.186.146 - - [29/Dec/2025:08:11:50 -0800] "POST /api/retreatRoast/getRetreatRoastData HTTP/1.1" 200 21569 "https://lovestrong.koolderbyacademy.com/retreat-registrations" "Mozilla/5.0 (Windows NT 10.0; Win64; x64) AppleWebKit/537.36 (KHTML, like Gecko) Chrome/143.0.0.0 Safari/537.36 Edg/143.0.0.0"
96.8.186.146 - - [29/Dec/2025:08:11:50 -0800] "GET /logo192.png HTTP/1.1" 304 - "https://lovestrong.koolderbyacademy.com/retreat-registrations" "Mozilla/5.0 (Windows NT 10.0; Win64; x64) AppleWebKit/537.36 (KHTML, like Gecko) Chrome/143.0.0.0 Safari/537.36 Edg/143.0.0.0"
96.8.186.146 - - [29/Dec/2025:08:11:50 -0800] "GET /api/admin/couplesForCheck HTTP/1.1" 304 - "https://lovestrong.koolderbyacademy.com/retreat-registrations" "Mozilla/5.0 (Windows NT 10.0; Win64; x64) AppleWebKit/537.36 (KHTML, like Gecko) Chrome/143.0.0.0 Safari/537.36 Edg/143.0.0.0"
96.8.186.146 - - [29/Dec/2025:08:11:51 -0800] "GET /static/media/couple-default.d7799f6002177d034d00.png HTTP/1.1" 304 - "https://lovestrong.koolderbyacademy.com/retreat-registrations" "Mozilla/5.0 (Windows NT 10.0; Win64; x64) AppleWebKit/537.36 (KHTML, like Gecko) Chrome/143.0.0.0 Safari/537.36 Edg/143.0.0.0"
96.8.186.146 - - [29/Dec/2025:08:11:51 -0800] "GET /public/roasterImage/Michael_and_Teri_Henson.jpg HTTP/1.1" 304 - "https://lovestrong.koolderbyacademy.com/retreat-registrations" "Mozilla/5.0 (Windows NT 10.0; Win64; x64) AppleWebKit/537.36 (KHTML, like Gecko) Chrome/143.0.0.0 Safari/537.36 Edg/143.0.0.0"
96.8.186.146 - - [29/Dec/2025:08:11:51 -0800] "GET /public/profileImage/Wilken,%20Dale%20&%20Judy_2025-09-17.jpeg HTTP/1.1" 304 - "https://lovestrong.koolderbyacademy.com/retreat-registrations" "Mozilla/5.0 (Windows NT 10.0; Win64; x64) AppleWebKit/537.36 (KHTML, like Gecko) Chrome/143.0.0.0 Safari/537.36 Edg/143.0.0.0"
96.8.186.146 - - [29/Dec/2025:08:11:51 -0800] "GET /public/roasterImage/Andrew_and_Pam_Minnick.jpg HTTP/1.1" 304 - "https://lovestrong.koolderbyacademy.com/retreat-registrations" "Mozilla/5.0 (Windows NT 10.0; Win64; x64) AppleWebKit/537.36 (KHTML, like Gecko) Chrome/143.0.0.0 Safari/537.36 Edg/143.0.0.0"
96.8.186.146 - - [29/Dec/2025:08:11:51 -0800] "GET /public/profileImage/Fresquez,%20Mark%20&%20Melinda_2025-11-02.jpeg HTTP/1.1" 304 - "https://lovestrong.koolderbyacademy.com/retreat-registrations" "Mozilla/5.0 (Windows NT 10.0; Win64; x64) AppleWebKit/537.36 (KHTML, like Gecko) Chrome/143.0.0.0 Safari/537.36 Edg/143.0.0.0"
96.8.186.146 - - [29/Dec/2025:08:11:51 -0800] "GET /public/profileImage/Gottardy,%20Deacon%20Ken%20%20&%20Kathy_2025-12-04.JPG HTTP/1.1" 304 - "https://lovestrong.koolderbyacademy.com/retreat-registrations" "Mozilla/5.0 (Windows NT 10.0; Win64; x64) AppleWebKit/537.36 (KHTML, like Gecko) Chrome/143.0.0.0 Safari/537.36 Edg/143.0.0.0"
96.8.186.146 - - [29/Dec/2025:08:11:51 -0800] "GET /public/profileImage/Screenshot%202023-08-27%20at%202.23.02%20PM.png HTTP/1.1" 304 - "https://lovestrong.koolderbyacademy.com/retreat-registrations" "Mozilla/5.0 (Windows NT 10.0; Win64; x64) AppleWebKit/537.36 (KHTML, like Gecko) Chrome/143.0.0.0 Safari/537.36 Edg/143.0.0.0"
96.8.186.146 - - [29/Dec/2025:08:11:51 -0800] "GET /public/profileImage/Screenshot%202023-08-27%20at%201.20.54%20PM.png HTTP/1.1" 304 - "https://lovestrong.koolderbyacademy.com/retreat-registrations" "Mozilla/5.0 (Windows NT 10.0; Win64; x64) AppleWebKit/537.36 (KHTML, like Gecko) Chrome/143.0.0.0 Safari/537.36 Edg/143.0.0.0"
96.8.186.146 - - [29/Dec/2025:08:11:51 -0800] "GET /public/profileImage/Murphy,%20Brian%20&%20Dina_2025-11-02.jpeg HTTP/1.1" 304 - "https://lovestrong.koolderbyacademy.com/retreat-registrations" "Mozilla/5.0 (Windows NT 10.0; Win64; x64) AppleWebKit/537.36 (KHTML, like Gecko) Chrome/143.0.0.0 Safari/537.36 Edg/143.0.0.0"
96.8.186.146 - - [29/Dec/2025:08:11:51 -0800] "GET /public/profileImage/Screenshot%202023-08-27%20at%204.12.17%20PM.png HTTP/1.1" 304 - "https://lovestrong.koolderbyacademy.com/retreat-registrations" "Mozilla/5.0 (Windows NT 10.0; Win64; x64) AppleWebKit/537.36 (KHTML, like Gecko) Chrome/143.0.0.0 Safari/537.36 Edg/143.0.0.0"
96.8.186.146 - - [29/Dec/2025:08:11:51 -0800] "GET /public/profileImage/Lehmann,%20Chris%20&%20Elice.jpg HTTP/1.1" 304 - "https://lovestrong.koolderbyacademy.com/retreat-registrations" "Mozilla/5.0 (Windows NT 10.0; Win64; x64) AppleWebKit/537.36 (KHTML, like Gecko) Chrome/143.0.0.0 Safari/537.36 Edg/143.0.0.0"
96.8.186.146 - - [29/Dec/2025:08:11:51 -0800] "GET /public/profileImage/New%20Project%20(2).png HTTP/1.1" 304 - "https://lovestrong.koolderbyacademy.com/retreat-registrations" "Mozilla/5.0 (Windows NT 10.0; Win64; x64) AppleWebKit/537.36 (KHTML, like Gecko) Chrome/143.0.0.0 Safari/537.36 Edg/143.0.0.0"
54.167.223.174 - - [29/Dec/2025:08:13:22 -0800] "HEAD / HTTP/1.1" 200 - "https://lovestrong.koolderbyacademy.com" "Mozilla/5.0+(compatible; UptimeRobot/2.0; http://www.uptimerobot.com/)"
81.161.59.17 - - [29/Dec/2025:08:13:59 -0800] "HEAD /registration-retreat/171 HTTP/1.1" 200 - "-" "node-fetch"
81.161.59.17 - - [29/Dec/2025:08:13:59 -0800] "GET /registration-retreat/171 HTTP/1.1" 200 1005 "-" "Mozilla/5.0 (Windows NT 10.0; Win64; x64) AppleWebKit/537.36 (KHTML, like Gecko) Chrome/131.0.0.0 Safari/537.36"
81.161.59.17 - - [29/Dec/2025:08:14:00 -0800] "GET /static/css/main.28f87cc5.css HTTP/1.1" 200 949337 "-" "Mozilla/5.0 (Windows NT 10.0; Win64; x64) AppleWebKit/537.36 (KHTML, like Gecko) Chrome/131.0.0.0 Safari/537.36"
178.156.181.172 - - [29/Dec/2025:08:18:27 -0800] "HEAD / HTTP/1.1" 200 - "https://lovestrong.koolderbyacademy.com" "Mozilla/5.0+(compatible; UptimeRobot/2.0; http://www.uptimerobot.com/)"
173.231.199.178 - - [29/Dec/2025:08:20:00 -0800] "GET / HTTP/1.1" 200 726 "-" "Mozilla/5.0 (UptimeBot)"
173.231.199.178 - - [29/Dec/2025:08:20:00 -0800] "GET /api/auth/getallperishlist HTTP/1.1" 200 71489 "-" "Mozilla/5.0 (UptimeBot)"
66.235.194.119 - - [29/Dec/2025:08:20:00 -0800] "GET / HTTP/1.1" 200 726 "-" "Mozilla/5.0 (UptimeBot)"
66.235.194.119 - - [29/Dec/2025:08:20:00 -0800] "GET /api/auth/getallperishlist HTTP/1.1" 200 71489 "-" "Mozilla/5.0 (UptimeBot)"
3.149.57.90 - - [29/Dec/2025:08:23:31 -0800] "HEAD / HTTP/1.1" 200 - "https://lovestrong.koolderbyacademy.com" "Mozilla/5.0+(compatible; UptimeRobot/2.0; http://www.uptimerobot.com/)"
178.156.187.238 - - [29/Dec/2025:08:28:36 -0800] "HEAD / HTTP/1.1" 200 - "https://lovestrong.koolderbyacademy.com" "Mozilla/5.0+(compatible; UptimeRobot/2.0; http://www.uptimerobot.com/)"
66.235.194.119 - - [29/Dec/2025:08:30:00 -0800] "GET / HTTP/1.1" 200 726 "-" "Mozilla/5.0 (UptimeBot)"
66.235.194.119 - - [29/Dec/2025:08:30:00 -0800] "GET /api/auth/getallperishlist HTTP/1.1" 200 71489 "-" "Mozilla/5.0 (UptimeBot)"
173.231.199.178 - - [29/Dec/2025:08:30:00 -0800] "GET / HTTP/1.1" 200 726 "-" "Mozilla/5.0 (UptimeBot)"
173.231.199.178 - - [29/Dec/2025:08:30:00 -0800] "GET /api/auth/getallperishlist HTTP/1.1" 200 71489 "-" "Mozilla/5.0 (UptimeBot)"
54.167.223.174 - - [29/Dec/2025:08:33:41 -0800] "HEAD / HTTP/1.1" 200 - "https://lovestrong.koolderbyacademy.com" "Mozilla/5.0+(compatible; UptimeRobot/2.0; http://www.uptimerobot.com/)"
5.161.177.47 - - [29/Dec/2025:08:38:47 -0800] "HEAD / HTTP/1.1" 200 - "https://lovestrong.koolderbyacademy.com" "Mozilla/5.0+(compatible; UptimeRobot/2.0; http://www.uptimerobot.com/)"
66.235.194.119 - - [29/Dec/2025:08:40:00 -0800] "GET /api/auth/getallperishlist HTTP/1.1" 200 71489 "-" "Mozilla/5.0 (UptimeBot)"
173.231.199.178 - - [29/Dec/2025:08:40:00 -0800] "GET /api/auth/getallperishlist HTTP/1.1" 200 71489 "-" "Mozilla/5.0 (UptimeBot)"
66.235.194.119 - - [29/Dec/2025:08:40:00 -0800] "GET / HTTP/1.1" 200 726 "-" "Mozilla/5.0 (UptimeBot)"
173.231.199.178 - - [29/Dec/2025:08:40:00 -0800] "GET / HTTP/1.1" 200 726 "-" "Mozilla/5.0 (UptimeBot)"
178.156.184.20 - - [29/Dec/2025:08:43:53 -0800] "HEAD / HTTP/1.1" 200 - "https://lovestrong.koolderbyacademy.com" "Mozilla/5.0+(compatible; UptimeRobot/2.0; http://www.uptimerobot.com/)"
178.156.185.231 - - [29/Dec/2025:08:49:00 -0800] "HEAD / HTTP/1.1" 200 - "https://lovestrong.koolderbyacademy.com" "Mozilla/5.0+(compatible; UptimeRobot/2.0; http://www.uptimerobot.com/)"
173.231.199.178 - - [29/Dec/2025:08:50:00 -0800] "GET / HTTP/1.1" 200 726 "-" "Mozilla/5.0 (UptimeBot)"
173.231.199.178 - - [29/Dec/2025:08:50:00 -0800] "GET /api/auth/getallperishlist HTTP/1.1" 200 71489 "-" "Mozilla/5.0 (UptimeBot)"
66.235.194.119 - - [29/Dec/2025:08:50:00 -0800] "GET /api/auth/getallperishlist HTTP/1.1" 200 71489 "-" "Mozilla/5.0 (UptimeBot)"
66.235.194.119 - - [29/Dec/2025:08:50:00 -0800] "GET / HTTP/1.1" 200 726 "-" "Mozilla/5.0 (UptimeBot)"
96.8.186.146 - - [29/Dec/2025:08:52:57 -0800] "GET /retreat-registrations HTTP/1.1" 304 - "https://ntp.msn.com/" "Mozilla/5.0 (Windows NT 10.0; Win64; x64) AppleWebKit/537.36 (KHTML, like Gecko) Chrome/143.0.0.0 Safari/537.36 Edg/143.0.0.0"
96.8.186.146 - - [29/Dec/2025:08:52:57 -0800] "GET /static/js/main.696da69e.js HTTP/1.1" 304 - "https://lovestrong.koolderbyacademy.com/retreat-registrations" "Mozilla/5.0 (Windows NT 10.0; Win64; x64) AppleWebKit/537.36 (KHTML, like Gecko) Chrome/143.0.0.0 Safari/537.36 Edg/143.0.0.0"
96.8.186.146 - - [29/Dec/2025:08:52:57 -0800] "GET /static/css/main.28f87cc5.css HTTP/1.1" 304 - "https://lovestrong.koolderbyacademy.com/retreat-registrations" "Mozilla/5.0 (Windows NT 10.0; Win64; x64) AppleWebKit/537.36 (KHTML, like Gecko) Chrome/143.0.0.0 Safari/537.36 Edg/143.0.0.0"
96.8.186.146 - - [29/Dec/2025:08:52:58 -0800] "GET /static/media/logo.f96fed557c1617146760.png HTTP/1.1" 304 - "https://lovestrong.koolderbyacademy.com/retreat-registrations" "Mozilla/5.0 (Windows NT 10.0; Win64; x64) AppleWebKit/537.36 (KHTML, like Gecko) Chrome/143.0.0.0 Safari/537.36 Edg/143.0.0.0"
96.8.186.146 - - [29/Dec/2025:08:52:58 -0800] "GET /static/media/logo-mini.a054fcb0cd2c68839f4d.png HTTP/1.1" 304 - "https://lovestrong.koolderbyacademy.com/retreat-registrations" "Mozilla/5.0 (Windows NT 10.0; Win64; x64) AppleWebKit/537.36 (KHTML, like Gecko) Chrome/143.0.0.0 Safari/537.36 Edg/143.0.0.0"
96.8.186.146 - - [29/Dec/2025:08:52:58 -0800] "GET /static/media/materialdesignicons-webfont.2ec256c84a2002197204.woff2 HTTP/1.1" 304 - "https://lovestrong.koolderbyacademy.com/static/css/main.28f87cc5.css" "Mozilla/5.0 (Windows NT 10.0; Win64; x64) AppleWebKit/537.36 (KHTML, like Gecko) Chrome/143.0.0.0 Safari/537.36 Edg/143.0.0.0"
96.8.186.146 - - [29/Dec/2025:08:52:58 -0800] "GET /static/media/Simple-Line-Icons.3826fa1cb2348dd93948.woff2 HTTP/1.1" 304 - "https://lovestrong.koolderbyacademy.com/static/css/main.28f87cc5.css" "Mozilla/5.0 (Windows NT 10.0; Win64; x64) AppleWebKit/537.36 (KHTML, like Gecko) Chrome/143.0.0.0 Safari/537.36 Edg/143.0.0.0"
96.8.186.146 - - [29/Dec/2025:08:52:58 -0800] "GET /static/media/feather-webfont.91c1e78fbb5fbc7399d3.woff HTTP/1.1" 304 - "https://lovestrong.koolderbyacademy.com/static/css/main.28f87cc5.css" "Mozilla/5.0 (Windows NT 10.0; Win64; x64) AppleWebKit/537.36 (KHTML, like Gecko) Chrome/143.0.0.0 Safari/537.36 Edg/143.0.0.0"
96.8.186.146 - - [29/Dec/2025:08:52:58 -0800] "GET /logo.png HTTP/1.1" 304 - "https://lovestrong.koolderbyacademy.com/retreat-registrations" "Mozilla/5.0 (Windows NT 10.0; Win64; x64) AppleWebKit/537.36 (KHTML, like Gecko) Chrome/143.0.0.0 Safari/537.36 Edg/143.0.0.0"
96.8.186.146 - - [29/Dec/2025:08:52:58 -0800] "GET /api/auth/getallperishlist HTTP/1.1" 304 - "https://lovestrong.koolderbyacademy.com/retreat-registrations" "Mozilla/5.0 (Windows NT 10.0; Win64; x64) AppleWebKit/537.36 (KHTML, like Gecko) Chrome/143.0.0.0 Safari/537.36 Edg/143.0.0.0"
96.8.186.146 - - [29/Dec/2025:08:52:58 -0800] "GET /public/roasterImage/Michael_and_Margaret_Juarez.jpg HTTP/1.1" 304 - "https://lovestrong.koolderbyacademy.com/retreat-registrations" "Mozilla/5.0 (Windows NT 10.0; Win64; x64) AppleWebKit/537.36 (KHTML, like Gecko) Chrome/143.0.0.0 Safari/537.36 Edg/143.0.0.0"
96.8.186.146 - - [29/Dec/2025:08:52:58 -0800] "POST /api/retreat/getAllAccessedRetreats HTTP/1.1" 200 5842 "https://lovestrong.koolderbyacademy.com/retreat-registrations" "Mozilla/5.0 (Windows NT 10.0; Win64; x64) AppleWebKit/537.36 (KHTML, like Gecko) Chrome/143.0.0.0 Safari/537.36 Edg/143.0.0.0"
96.8.186.146 - - [29/Dec/2025:08:52:58 -0800] "POST /api/admin/addlogreport HTTP/1.1" 200 16 "https://lovestrong.koolderbyacademy.com/retreat-registrations" "Mozilla/5.0 (Windows NT 10.0; Win64; x64) AppleWebKit/537.36 (KHTML, like Gecko) Chrome/143.0.0.0 Safari/537.36 Edg/143.0.0.0"
96.8.186.146 - - [29/Dec/2025:08:52:58 -0800] "GET /api/auth/getallperishlist HTTP/1.1" 304 - "https://lovestrong.koolderbyacademy.com/retreat-registrations" "Mozilla/5.0 (Windows NT 10.0; Win64; x64) AppleWebKit/537.36 (KHTML, like Gecko) Chrome/143.0.0.0 Safari/537.36 Edg/143.0.0.0"
96.8.186.146 - - [29/Dec/2025:08:52:58 -0800] "GET /manifest.json HTTP/1.1" 304 - "https://lovestrong.koolderbyacademy.com/retreat-registrations" "Mozilla/5.0 (Windows NT 10.0; Win64; x64) AppleWebKit/537.36 (KHTML, like Gecko) Chrome/143.0.0.0 Safari/537.36 Edg/143.0.0.0"
96.8.186.146 - - [29/Dec/2025:08:52:58 -0800] "POST /api/retreatRoast/getRetreatRoastData HTTP/1.1" 200 21569 "https://lovestrong.koolderbyacademy.com/retreat-registrations" "Mozilla/5.0 (Windows NT 10.0; Win64; x64) AppleWebKit/537.36 (KHTML, like Gecko) Chrome/143.0.0.0 Safari/537.36 Edg/143.0.0.0"
96.8.186.146 - - [29/Dec/2025:08:52:58 -0800] "GET /logo192.png HTTP/1.1" 304 - "https://lovestrong.koolderbyacademy.com/retreat-registrations" "Mozilla/5.0 (Windows NT 10.0; Win64; x64) AppleWebKit/537.36 (KHTML, like Gecko) Chrome/143.0.0.0 Safari/537.36 Edg/143.0.0.0"
96.8.186.146 - - [29/Dec/2025:08:52:58 -0800] "GET /api/admin/couplesForCheck HTTP/1.1" 304 - "https://lovestrong.koolderbyacademy.com/retreat-registrations" "Mozilla/5.0 (Windows NT 10.0; Win64; x64) AppleWebKit/537.36 (KHTML, like Gecko) Chrome/143.0.0.0 Safari/537.36 Edg/143.0.0.0"
96.8.186.146 - - [29/Dec/2025:08:52:58 -0800] "GET /static/media/couple-default.d7799f6002177d034d00.png HTTP/1.1" 304 - "https://lovestrong.koolderbyacademy.com/retreat-registrations" "Mozilla/5.0 (Windows NT 10.0; Win64; x64) AppleWebKit/537.36 (KHTML, like Gecko) Chrome/143.0.0.0 Safari/537.36 Edg/143.0.0.0"
96.8.186.146 - - [29/Dec/2025:08:52:58 -0800] "GET /public/profileImage/Wilken,%20Dale%20&%20Judy_2025-09-17.jpeg HTTP/1.1" 304 - "https://lovestrong.koolderbyacademy.com/retreat-registrations" "Mozilla/5.0 (Windows NT 10.0; Win64; x64) AppleWebKit/537.36 (KHTML, like Gecko) Chrome/143.0.0.0 Safari/537.36 Edg/143.0.0.0"
96.8.186.146 - - [29/Dec/2025:08:52:58 -0800] "GET /public/roasterImage/Michael_and_Teri_Henson.jpg HTTP/1.1" 304 - "https://lovestrong.koolderbyacademy.com/retreat-registrations" "Mozilla/5.0 (Windows NT 10.0; Win64; x64) AppleWebKit/537.36 (KHTML, like Gecko) Chrome/143.0.0.0 Safari/537.36 Edg/143.0.0.0"
96.8.186.146 - - [29/Dec/2025:08:52:58 -0800] "GET /public/roasterImage/Andrew_and_Pam_Minnick.jpg HTTP/1.1" 304 - "https://lovestrong.koolderbyacademy.com/retreat-registrations" "Mozilla/5.0 (Windows NT 10.0; Win64; x64) AppleWebKit/537.36 (KHTML, like Gecko) Chrome/143.0.0.0 Safari/537.36 Edg/143.0.0.0"
96.8.186.146 - - [29/Dec/2025:08:52:58 -0800] "GET /public/profileImage/Fresquez,%20Mark%20&%20Melinda_2025-11-02.jpeg HTTP/1.1" 304 - "https://lovestrong.koolderbyacademy.com/retreat-registrations" "Mozilla/5.0 (Windows NT 10.0; Win64; x64) AppleWebKit/537.36 (KHTML, like Gecko) Chrome/143.0.0.0 Safari/537.36 Edg/143.0.0.0"
96.8.186.146 - - [29/Dec/2025:08:52:58 -0800] "GET /public/profileImage/Gottardy,%20Deacon%20Ken%20%20&%20Kathy_2025-12-04.JPG HTTP/1.1" 304 - "https://lovestrong.koolderbyacademy.com/retreat-registrations" "Mozilla/5.0 (Windows NT 10.0; Win64; x64) AppleWebKit/537.36 (KHTML, like Gecko) Chrome/143.0.0.0 Safari/537.36 Edg/143.0.0.0"
96.8.186.146 - - [29/Dec/2025:08:52:58 -0800] "GET /public/profileImage/Screenshot%202023-08-27%20at%202.23.02%20PM.png HTTP/1.1" 304 - "https://lovestrong.koolderbyacademy.com/retreat-registrations" "Mozilla/5.0 (Windows NT 10.0; Win64; x64) AppleWebKit/537.36 (KHTML, like Gecko) Chrome/143.0.0.0 Safari/537.36 Edg/143.0.0.0"
96.8.186.146 - - [29/Dec/2025:08:52:58 -0800] "GET /public/profileImage/Screenshot%202023-08-27%20at%201.20.54%20PM.png HTTP/1.1" 304 - "https://lovestrong.koolderbyacademy.com/retreat-registrations" "Mozilla/5.0 (Windows NT 10.0; Win64; x64) AppleWebKit/537.36 (KHTML, like Gecko) Chrome/143.0.0.0 Safari/537.36 Edg/143.0.0.0"
96.8.186.146 - - [29/Dec/2025:08:52:58 -0800] "GET /public/profileImage/Murphy,%20Brian%20&%20Dina_2025-11-02.jpeg HTTP/1.1" 304 - "https://lovestrong.koolderbyacademy.com/retreat-registrations" "Mozilla/5.0 (Windows NT 10.0; Win64; x64) AppleWebKit/537.36 (KHTML, like Gecko) Chrome/143.0.0.0 Safari/537.36 Edg/143.0.0.0"
96.8.186.146 - - [29/Dec/2025:08:52:58 -0800] "GET /public/profileImage/Screenshot%202023-08-27%20at%204.12.17%20PM.png HTTP/1.1" 304 - "https://lovestrong.koolderbyacademy.com/retreat-registrations" "Mozilla/5.0 (Windows NT 10.0; Win64; x64) AppleWebKit/537.36 (KHTML, like Gecko) Chrome/143.0.0.0 Safari/537.36 Edg/143.0.0.0"
96.8.186.146 - - [29/Dec/2025:08:52:58 -0800] "GET /public/profileImage/Lehmann,%20Chris%20&%20Elice.jpg HTTP/1.1" 304 - "https://lovestrong.koolderbyacademy.com/retreat-registrations" "Mozilla/5.0 (Windows NT 10.0; Win64; x64) AppleWebKit/537.36 (KHTML, like Gecko) Chrome/143.0.0.0 Safari/537.36 Edg/143.0.0.0"
96.8.186.146 - - [29/Dec/2025:08:52:58 -0800] "GET /public/profileImage/New%20Project%20(2).png HTTP/1.1" 304 - "https://lovestrong.koolderbyacademy.com/retreat-registrations" "Mozilla/5.0 (Windows NT 10.0; Win64; x64) AppleWebKit/537.36 (KHTML, like Gecko) Chrome/143.0.0.0 Safari/537.36 Edg/143.0.0.0"
5.161.75.7 - - [29/Dec/2025:08:54:09 -0800] "HEAD / HTTP/1.1" 200 - "https://lovestrong.koolderbyacademy.com" "Mozilla/5.0+(compatible; UptimeRobot/2.0; http://www.uptimerobot.com/)"
178.156.189.113 - - [29/Dec/2025:08:59:15 -0800] "HEAD / HTTP/1.1" 200 - "https://lovestrong.koolderbyacademy.com" "Mozilla/5.0+(compatible; UptimeRobot/2.0; http://www.uptimerobot.com/)"
173.231.199.178 - - [29/Dec/2025:09:00:00 -0800] "GET / HTTP/1.1" 200 726 "-" "Mozilla/5.0 (UptimeBot)"
173.231.199.178 - - [29/Dec/2025:09:00:00 -0800] "GET /api/auth/getallperishlist HTTP/1.1" 200 71489 "-" "Mozilla/5.0 (UptimeBot)"
66.235.194.119 - - [29/Dec/2025:09:00:00 -0800] "GET / HTTP/1.1" 200 726 "-" "Mozilla/5.0 (UptimeBot)"
66.235.194.119 - - [29/Dec/2025:09:00:00 -0800] "GET /api/auth/getallperishlist HTTP/1.1" 200 71489 "-" "Mozilla/5.0 (UptimeBot)"
66.249.73.9 - - [29/Dec/2025:09:00:06 -0800] "GET /robots.txt HTTP/1.1" 200 67 "-" "Mozilla/5.0 (compatible; Googlebot/2.1; +http://www.google.com/bot.html)"
66.249.73.9 - - [29/Dec/2025:09:00:06 -0800] "GET /public/parishLogo/Screenshot%202024-10-14%20at%201.25.25%20PM.png HTTP/1.1" 304 - "-" "Googlebot-Image/1.0"
5.161.215.244 - - [29/Dec/2025:09:04:19 -0800] "HEAD / HTTP/1.1" 200 - "https://lovestrong.koolderbyacademy.com" "Mozilla/5.0+(compatible; UptimeRobot/2.0; http://www.uptimerobot.com/)"
24.243.73.113 - - [29/Dec/2025:09:09:23 -0800] "GET /registration-retreat/176 HTTP/1.1" 200 985 "https://lovestrongmarriage.com/" "Mozilla/5.0 (Windows NT 10.0; Win64; x64) AppleWebKit/537.36 (KHTML, like Gecko) Chrome/143.0.0.0 Safari/537.36"
24.243.73.113 - - [29/Dec/2025:09:09:23 -0800] "GET /static/css/main.28f87cc5.css HTTP/1.1" 200 949337 "https://lovestrong.koolderbyacademy.com/registration-retreat/176" "Mozilla/5.0 (Windows NT 10.0; Win64; x64) AppleWebKit/537.36 (KHTML, like Gecko) Chrome/143.0.0.0 Safari/537.36"
24.243.73.113 - - [29/Dec/2025:09:09:23 -0800] "GET /static/js/main.696da69e.js HTTP/1.1" 200 5264417 "https://lovestrong.koolderbyacademy.com/registration-retreat/176" "Mozilla/5.0 (Windows NT 10.0; Win64; x64) AppleWebKit/537.36 (KHTML, like Gecko) Chrome/143.0.0.0 Safari/537.36"
24.243.73.113 - - [29/Dec/2025:09:09:25 -0800] "GET /api/auth/getallperishlist HTTP/1.1" 200 71489 "https://lovestrong.koolderbyacademy.com/registration-retreat/176" "Mozilla/5.0 (Windows NT 10.0; Win64; x64) AppleWebKit/537.36 (KHTML, like Gecko) Chrome/143.0.0.0 Safari/537.36"
24.243.73.113 - - [29/Dec/2025:09:09:25 -0800] "GET /api/auth/getAllIncommingRetreats HTTP/1.1" 200 204952 "https://lovestrong.koolderbyacademy.com/registration-retreat/176" "Mozilla/5.0 (Windows NT 10.0; Win64; x64) AppleWebKit/537.36 (KHTML, like Gecko) Chrome/143.0.0.0 Safari/537.36"
24.243.73.113 - - [29/Dec/2025:09:09:25 -0800] "GET /logo.png HTTP/1.1" 200 163413 "https://lovestrong.koolderbyacademy.com/registration-retreat/176" "Mozilla/5.0 (Windows NT 10.0; Win64; x64) AppleWebKit/537.36 (KHTML, like Gecko) Chrome/143.0.0.0 Safari/537.36"
24.243.73.113 - - [29/Dec/2025:09:09:25 -0800] "GET /api/auth/getallperishlist HTTP/1.1" 304 - "https://lovestrong.koolderbyacademy.com/registration-retreat/176" "Mozilla/5.0 (Windows NT 10.0; Win64; x64) AppleWebKit/537.36 (KHTML, like Gecko) Chrome/143.0.0.0 Safari/537.36"
24.243.73.113 - - [29/Dec/2025:09:09:25 -0800] "GET /manifest.json HTTP/1.1" 200 492 "https://lovestrong.koolderbyacademy.com/registration-retreat/176" "Mozilla/5.0 (Windows NT 10.0; Win64; x64) AppleWebKit/537.36 (KHTML, like Gecko) Chrome/143.0.0.0 Safari/537.36"
24.243.73.113 - - [29/Dec/2025:09:09:25 -0800] "POST /api/auth/getRolesOfRetreats HTTP/1.1" 200 762 "https://lovestrong.koolderbyacademy.com/registration-retreat/176" "Mozilla/5.0 (Windows NT 10.0; Win64; x64) AppleWebKit/537.36 (KHTML, like Gecko) Chrome/143.0.0.0 Safari/537.36"
24.243.73.113 - - [29/Dec/2025:09:09:25 -0800] "GET /public/retreatImage/St%20Matthews%20Pic.png HTTP/1.1" 200 1146163 "https://lovestrong.koolderbyacademy.com/registration-retreat/176" "Mozilla/5.0 (Windows NT 10.0; Win64; x64) AppleWebKit/537.36 (KHTML, like Gecko) Chrome/143.0.0.0 Safari/537.36"
24.243.73.113 - - [29/Dec/2025:09:09:25 -0800] "GET /public/parishLogo/Screenshot%202024-10-14%20at%201.33.25%20PM.png HTTP/1.1" 200 2958674 "https://lovestrong.koolderbyacademy.com/registration-retreat/176" "Mozilla/5.0 (Windows NT 10.0; Win64; x64) AppleWebKit/537.36 (KHTML, like Gecko) Chrome/143.0.0.0 Safari/537.36"
24.243.73.113 - - [29/Dec/2025:09:09:25 -0800] "GET /logo192.png HTTP/1.1" 200 5347 "https://lovestrong.koolderbyacademy.com/registration-retreat/176" "Mozilla/5.0 (Windows NT 10.0; Win64; x64) AppleWebKit/537.36 (KHTML, like Gecko) Chrome/143.0.0.0 Safari/537.36"
24.243.73.113 - - [29/Dec/2025:09:09:25 -0800] "GET /static/media/couple-default.d7799f6002177d034d00.png HTTP/1.1" 200 22736 "https://lovestrong.koolderbyacademy.com/registration-retreat/176" "Mozilla/5.0 (Windows NT 10.0; Win64; x64) AppleWebKit/537.36 (KHTML, like Gecko) Chrome/143.0.0.0 Safari/537.36"
24.243.73.113 - - [29/Dec/2025:09:09:25 -0800] "GET /public/profileImage/Madrid.jpg HTTP/1.1" 200 45828 "https://lovestrong.koolderbyacademy.com/registration-retreat/176" "Mozilla/5.0 (Windows NT 10.0; Win64; x64) AppleWebKit/537.36 (KHTML, like Gecko) Chrome/143.0.0.0 Safari/537.36"
24.243.73.113 - - [29/Dec/2025:09:09:25 -0800] "GET /static/media/logo.f96fed557c1617146760.png HTTP/1.1" 200 163413 "https://lovestrong.koolderbyacademy.com/registration-retreat/176" "Mozilla/5.0 (Windows NT 10.0; Win64; x64) AppleWebKit/537.36 (KHTML, like Gecko) Chrome/143.0.0.0 Safari/537.36"
24.243.73.113 - - [29/Dec/2025:09:09:25 -0800] "GET /static/media/materialdesignicons-webfont.2ec256c84a2002197204.woff2 HTTP/1.1" 200 224348 "https://lovestrong.koolderbyacademy.com/static/css/main.28f87cc5.css" "Mozilla/5.0 (Windows NT 10.0; Win64; x64) AppleWebKit/537.36 (KHTML, like Gecko) Chrome/143.0.0.0 Safari/537.36"
3.20.63.178 - - [29/Dec/2025:09:09:29 -0800] "HEAD / HTTP/1.1" 200 - "https://lovestrong.koolderbyacademy.com" "Mozilla/5.0+(compatible; UptimeRobot/2.0; http://www.uptimerobot.com/)"
66.235.194.119 - - [29/Dec/2025:09:10:00 -0800] "GET /api/auth/getallperishlist HTTP/1.1" 200 71489 "-" "Mozilla/5.0 (UptimeBot)"
66.235.194.119 - - [29/Dec/2025:09:10:00 -0800] "GET / HTTP/1.1" 200 726 "-" "Mozilla/5.0 (UptimeBot)"
173.231.199.178 - - [29/Dec/2025:09:10:00 -0800] "GET / HTTP/1.1" 200 726 "-" "Mozilla/5.0 (UptimeBot)"
173.231.199.178 - - [29/Dec/2025:09:10:00 -0800] "GET /api/auth/getallperishlist HTTP/1.1" 200 71489 "-" "Mozilla/5.0 (UptimeBot)"
24.243.73.113 - - [29/Dec/2025:09:10:36 -0800] "GET /registration-retreat/176 HTTP/1.1" 304 - "-" "Mozilla/5.0 (iPhone; CPU iPhone OS 18_7 like Mac OS X) AppleWebKit/605.1.15 (KHTML, like Gecko) Version/26.1 Mobile/15E148 Safari/604.1"
24.243.73.113 - - [29/Dec/2025:09:10:37 -0800] "GET /manifest.json HTTP/1.1" 304 - "https://lovestrong.koolderbyacademy.com/registration-retreat/176" "Mozilla/5.0 (iPhone; CPU iPhone OS 18_7 like Mac OS X) AppleWebKit/605.1.15 (KHTML, like Gecko) Version/26.1 Mobile/15E148 Safari/604.1"
24.243.73.113 - - [29/Dec/2025:09:10:37 -0800] "GET /public/profileImage/Madrid.jpg HTTP/1.1" 304 - "https://lovestrong.koolderbyacademy.com/registration-retreat/176" "Mozilla/5.0 (iPhone; CPU iPhone OS 18_7 like Mac OS X) AppleWebKit/605.1.15 (KHTML, like Gecko) Version/26.1 Mobile/15E148 Safari/604.1"
