[EDIT] FILE: lovestrong.koolderbyacademy.com-ssl_log
104.210.140.139 - - [29/Dec/2025:04:08:32 -0800] "GET /robots.txt HTTP/1.1" 200 67 "-" "Mozilla/5.0 (Macintosh; Intel Mac OS X 10_15_7) AppleWebKit/537.36 (KHTML, like Gecko) Chrome/131.0.0.0 Safari/537.36; compatible; OAI-SearchBot/1.0; +https://openai.com/searchbot"
5.161.61.238 - - [29/Dec/2025:04:08:40 -0800] "HEAD / HTTP/1.1" 200 - "https://lovestrong.koolderbyacademy.com" "Mozilla/5.0+(compatible; UptimeRobot/2.0; http://www.uptimerobot.com/)"
173.231.199.178 - - [29/Dec/2025:04:10:00 -0800] "GET /api/auth/getallperishlist HTTP/1.1" 200 71489 "-" "Mozilla/5.0 (UptimeBot)"
173.231.199.178 - - [29/Dec/2025:04:10:00 -0800] "GET / HTTP/1.1" 200 726 "-" "Mozilla/5.0 (UptimeBot)"
66.235.194.119 - - [29/Dec/2025:04:10:00 -0800] "GET / HTTP/1.1" 200 726 "-" "Mozilla/5.0 (UptimeBot)"
66.235.194.119 - - [29/Dec/2025:04:10:00 -0800] "GET /api/auth/getallperishlist HTTP/1.1" 200 71489 "-" "Mozilla/5.0 (UptimeBot)"
103.35.120.121 - - [29/Dec/2025:04:10:01 -0800] "GET / HTTP/1.1" 200 726 "-" "Mozilla/5.0 (UptimeBot)"
103.35.120.121 - - [29/Dec/2025:04:10:01 -0800] "GET /api/auth/getallperishlist HTTP/1.1" 200 71489 "-" "Mozilla/5.0 (UptimeBot)"
157.55.39.11 - - [29/Dec/2025:04:11:29 -0800] "GET /?f=182134471749b1eb HTTP/1.1" 200 726 "-" "Mozilla/5.0 AppleWebKit/537.36 (KHTML, like Gecko; compatible; bingbot/2.0; +http://www.bing.com/bingbot.htm) Chrome/116.0.1938.76 Safari/537.36"
52.87.72.16 - - [29/Dec/2025:04:13:46 -0800] "HEAD / HTTP/1.1" 200 - "https://lovestrong.koolderbyacademy.com" "Mozilla/5.0+(compatible; UptimeRobot/2.0; http://www.uptimerobot.com/)"
122.173.31.94 - - [29/Dec/2025:04:15:17 -0800] "GET / HTTP/1.1" 200 726 "-" "Mozilla/5.0 (Windows NT 10.0; Win64; x64) AppleWebKit/537.36 (KHTML, like Gecko) Chrome/143.0.0.0 Safari/537.36"
122.173.31.94 - - [29/Dec/2025:04:15:18 -0800] "GET /static/js/main.696da69e.js HTTP/1.1" 200 5264417 "https://lovestrong.koolderbyacademy.com/" "Mozilla/5.0 (Windows NT 10.0; Win64; x64) AppleWebKit/537.36 (KHTML, like Gecko) Chrome/143.0.0.0 Safari/537.36"
122.173.31.94 - - [29/Dec/2025:04:15:18 -0800] "GET /static/css/main.28f87cc5.css HTTP/1.1" 200 949337 "https://lovestrong.koolderbyacademy.com/" "Mozilla/5.0 (Windows NT 10.0; Win64; x64) AppleWebKit/537.36 (KHTML, like Gecko) Chrome/143.0.0.0 Safari/537.36"
122.173.31.94 - - [29/Dec/2025:04:15:25 -0800] "GET /static/media/logo.f96fed557c1617146760.png HTTP/1.1" 200 163413 "https://lovestrong.koolderbyacademy.com/login" "Mozilla/5.0 (Windows NT 10.0; Win64; x64) AppleWebKit/537.36 (KHTML, like Gecko) Chrome/143.0.0.0 Safari/537.36"
122.173.31.94 - - [29/Dec/2025:04:15:25 -0800] "GET /static/media/materialdesignicons-webfont.2ec256c84a2002197204.woff2 HTTP/1.1" 200 224348 "https://lovestrong.koolderbyacademy.com/static/css/main.28f87cc5.css" "Mozilla/5.0 (Windows NT 10.0; Win64; x64) AppleWebKit/537.36 (KHTML, like Gecko) Chrome/143.0.0.0 Safari/537.36"
122.173.31.94 - - [29/Dec/2025:04:15:27 -0800] "GET /manifest.json HTTP/1.1" 200 492 "https://lovestrong.koolderbyacademy.com/login" "Mozilla/5.0 (Windows NT 10.0; Win64; x64) AppleWebKit/537.36 (KHTML, like Gecko) Chrome/143.0.0.0 Safari/537.36"
122.173.31.94 - - [29/Dec/2025:04:15:28 -0800] "POST /api/auth/login HTTP/1.1" 200 592 "https://lovestrong.koolderbyacademy.com/login" "Mozilla/5.0 (Windows NT 10.0; Win64; x64) AppleWebKit/537.36 (KHTML, like Gecko) Chrome/143.0.0.0 Safari/537.36"
122.173.31.94 - - [29/Dec/2025:04:15:28 -0800] "GET /logo192.png HTTP/1.1" 200 5347 "https://lovestrong.koolderbyacademy.com/login" "Mozilla/5.0 (Windows NT 10.0; Win64; x64) AppleWebKit/537.36 (KHTML, like Gecko) Chrome/143.0.0.0 Safari/537.36"
122.173.31.94 - - [29/Dec/2025:04:15:28 -0800] "POST /api/admin/addlogreport HTTP/1.1" 200 16 "https://lovestrong.koolderbyacademy.com/login" "Mozilla/5.0 (Windows NT 10.0; Win64; x64) AppleWebKit/537.36 (KHTML, like Gecko) Chrome/143.0.0.0 Safari/537.36"
122.173.31.94 - - [29/Dec/2025:04:15:28 -0800] "GET /static/media/logo-mini.a054fcb0cd2c68839f4d.png HTTP/1.1" 200 14791 "https://lovestrong.koolderbyacademy.com/dashboard" "Mozilla/5.0 (Windows NT 10.0; Win64; x64) AppleWebKit/537.36 (KHTML, like Gecko) Chrome/143.0.0.0 Safari/537.36"
122.173.31.94 - - [29/Dec/2025:04:15:28 -0800] "GET /static/media/Simple-Line-Icons.3826fa1cb2348dd93948.woff2 HTTP/1.1" 200 30064 "https://lovestrong.koolderbyacademy.com/static/css/main.28f87cc5.css" "Mozilla/5.0 (Windows NT 10.0; Win64; x64) AppleWebKit/537.36 (KHTML, like Gecko) Chrome/143.0.0.0 Safari/537.36"
122.173.31.94 - - [29/Dec/2025:04:15:28 -0800] "GET /public/profileImage/Screenshot%202023-07-21%20at%209.28.38%20AM.png HTTP/1.1" 200 784521 "https://lovestrong.koolderbyacademy.com/dashboard" "Mozilla/5.0 (Windows NT 10.0; Win64; x64) AppleWebKit/537.36 (KHTML, like Gecko) Chrome/143.0.0.0 Safari/537.36"
122.173.31.94 - - [29/Dec/2025:04:15:30 -0800] "GET /api/auth/getallperishlist HTTP/1.1" 200 71489 "https://lovestrong.koolderbyacademy.com/manageRetreat" "Mozilla/5.0 (Windows NT 10.0; Win64; x64) AppleWebKit/537.36 (KHTML, like Gecko) Chrome/143.0.0.0 Safari/537.36"
122.173.31.94 - - [29/Dec/2025:04:15:30 -0800] "POST /api/retreat/getAllRetreats HTTP/1.1" 200 83666 "https://lovestrong.koolderbyacademy.com/manageRetreat" "Mozilla/5.0 (Windows NT 10.0; Win64; x64) AppleWebKit/537.36 (KHTML, like Gecko) Chrome/143.0.0.0 Safari/537.36"
122.173.31.94 - - [29/Dec/2025:04:15:30 -0800] "POST /api/admin/addlogreport HTTP/1.1" 200 16 "https://lovestrong.koolderbyacademy.com/manageRetreat" "Mozilla/5.0 (Windows NT 10.0; Win64; x64) AppleWebKit/537.36 (KHTML, like Gecko) Chrome/143.0.0.0 Safari/537.36"
122.173.31.94 - - [29/Dec/2025:04:15:30 -0800] "GET /static/media/feather-webfont.91c1e78fbb5fbc7399d3.woff HTTP/1.1" 200 12936 "https://lovestrong.koolderbyacademy.com/static/css/main.28f87cc5.css" "Mozilla/5.0 (Windows NT 10.0; Win64; x64) AppleWebKit/537.36 (KHTML, like Gecko) Chrome/143.0.0.0 Safari/537.36"
122.173.31.94 - - [29/Dec/2025:04:15:35 -0800] "POST /api/retreat/getAllRetreats HTTP/1.1" 200 15486 "https://lovestrong.koolderbyacademy.com/manageRetreat" "Mozilla/5.0 (Windows NT 10.0; Win64; x64) AppleWebKit/537.36 (KHTML, like Gecko) Chrome/143.0.0.0 Safari/537.36"
122.173.31.94 - - [29/Dec/2025:04:15:45 -0800] "GET /static/media/themify.29b39089170885ae2967.woff HTTP/1.1" 200 56108 "https://lovestrong.koolderbyacademy.com/static/css/main.28f87cc5.css" "Mozilla/5.0 (Windows NT 10.0; Win64; x64) AppleWebKit/537.36 (KHTML, like Gecko) Chrome/143.0.0.0 Safari/537.36"
122.173.31.94 - - [29/Dec/2025:04:15:45 -0800] "POST /api/retreatRoast/getLeadCoupleRoastData HTTP/1.1" 200 867 "https://lovestrong.koolderbyacademy.com/retreatRoster?retreatId=71" "Mozilla/5.0 (Windows NT 10.0; Win64; x64) AppleWebKit/537.36 (KHTML, like Gecko) Chrome/143.0.0.0 Safari/537.36"
122.173.31.94 - - [29/Dec/2025:04:15:45 -0800] "POST /api/retreat/getRetreatDetail HTTP/1.1" 200 1506 "https://lovestrong.koolderbyacademy.com/retreatRoster?retreatId=71" "Mozilla/5.0 (Windows NT 10.0; Win64; x64) AppleWebKit/537.36 (KHTML, like Gecko) Chrome/143.0.0.0 Safari/537.36"
122.173.31.94 - - [29/Dec/2025:04:15:45 -0800] "POST /api/retreatRoast/getRetreatRoastData HTTP/1.1" 200 18524 "https://lovestrong.koolderbyacademy.com/retreatRoster?retreatId=71" "Mozilla/5.0 (Windows NT 10.0; Win64; x64) AppleWebKit/537.36 (KHTML, like Gecko) Chrome/143.0.0.0 Safari/537.36"
122.173.31.94 - - [29/Dec/2025:04:15:45 -0800] "POST /api/retreatRoast/getRetreatRoastData HTTP/1.1" 200 68730 "https://lovestrong.koolderbyacademy.com/retreatRoster?retreatId=71" "Mozilla/5.0 (Windows NT 10.0; Win64; x64) AppleWebKit/537.36 (KHTML, like Gecko) Chrome/143.0.0.0 Safari/537.36"
122.173.31.94 - - [29/Dec/2025:04:15:46 -0800] "POST /api/auth/checkPKCouple HTTP/1.1" 200 57 "https://lovestrong.koolderbyacademy.com/retreatRoster?retreatId=71" "Mozilla/5.0 (Windows NT 10.0; Win64; x64) AppleWebKit/537.36 (KHTML, like Gecko) Chrome/143.0.0.0 Safari/537.36"
122.173.31.94 - - [29/Dec/2025:04:15:46 -0800] "POST /api/committee/committee-accessed-retreats HTTP/1.1" 200 61 "https://lovestrong.koolderbyacademy.com/retreatRoster?retreatId=71" "Mozilla/5.0 (Windows NT 10.0; Win64; x64) AppleWebKit/537.36 (KHTML, like Gecko) Chrome/143.0.0.0 Safari/537.36"
122.173.31.94 - - [29/Dec/2025:04:15:46 -0800] "GET /api/auth/getallperishlist HTTP/1.1" 304 - "https://lovestrong.koolderbyacademy.com/retreatRoster?retreatId=71" "Mozilla/5.0 (Windows NT 10.0; Win64; x64) AppleWebKit/537.36 (KHTML, like Gecko) Chrome/143.0.0.0 Safari/537.36"
122.173.31.94 - - [29/Dec/2025:04:15:46 -0800] "POST /api/admin/addlogreport HTTP/1.1" 200 16 "https://lovestrong.koolderbyacademy.com/retreatRoster?retreatId=71" "Mozilla/5.0 (Windows NT 10.0; Win64; x64) AppleWebKit/537.36 (KHTML, like Gecko) Chrome/143.0.0.0 Safari/537.36"
122.173.31.94 - - [29/Dec/2025:04:15:46 -0800] "POST /api/retreat/getRetreatDetail HTTP/1.1" 200 1504 "https://lovestrong.koolderbyacademy.com/retreatRoster?retreatId=71" "Mozilla/5.0 (Windows NT 10.0; Win64; x64) AppleWebKit/537.36 (KHTML, like Gecko) Chrome/143.0.0.0 Safari/537.36"
122.173.31.94 - - [29/Dec/2025:04:15:47 -0800] "GET /public/profileImage/Screenshot%202023-08-27%20at%203.38.35%20PM.png HTTP/1.1" 200 315189 "https://lovestrong.koolderbyacademy.com/retreatRoster?retreatId=71" "Mozilla/5.0 (Windows NT 10.0; Win64; x64) AppleWebKit/537.36 (KHTML, like Gecko) Chrome/143.0.0.0 Safari/537.36"
122.173.31.94 - - [29/Dec/2025:04:15:48 -0800] "GET /public/profileImage/Screenshot%202023-08-27%20at%201.53.24%20PM.png HTTP/1.1" 200 92415 "https://lovestrong.koolderbyacademy.com/retreatRoster?retreatId=71" "Mozilla/5.0 (Windows NT 10.0; Win64; x64) AppleWebKit/537.36 (KHTML, like Gecko) Chrome/143.0.0.0 Safari/537.36"
122.173.31.94 - - [29/Dec/2025:04:15:47 -0800] "GET /public/profileImage/Enriquez,%20Juan%20Daniel%20%20&%20Minerva_2025-11-04.jpg HTTP/1.1" 200 626994 "https://lovestrong.koolderbyacademy.com/retreatRoster?retreatId=71" "Mozilla/5.0 (Windows NT 10.0; Win64; x64) AppleWebKit/537.36 (KHTML, like Gecko) Chrome/143.0.0.0 Safari/537.36"
122.173.31.94 - - [29/Dec/2025:04:15:45 -0800] "POST /api/retreatRoast/getCouplesInRetreat HTTP/1.1" 200 2725085 "https://lovestrong.koolderbyacademy.com/retreatRoster?retreatId=71" "Mozilla/5.0 (Windows NT 10.0; Win64; x64) AppleWebKit/537.36 (KHTML, like Gecko) Chrome/143.0.0.0 Safari/537.36"
122.173.31.94 - - [29/Dec/2025:04:15:48 -0800] "GET /public/profileImage/Screenshot%202023-08-27%20at%201.50.20%20PM.png HTTP/1.1" 200 117593 "https://lovestrong.koolderbyacademy.com/retreatRoster?retreatId=71" "Mozilla/5.0 (Windows NT 10.0; Win64; x64) AppleWebKit/537.36 (KHTML, like Gecko) Chrome/143.0.0.0 Safari/537.36"
122.173.31.94 - - [29/Dec/2025:04:15:47 -0800] "GET /public/profileImage/Roberto%20&%20Teresa%20Palacios.jpeg HTTP/1.1" 200 1725278 "https://lovestrong.koolderbyacademy.com/retreatRoster?retreatId=71" "Mozilla/5.0 (Windows NT 10.0; Win64; x64) AppleWebKit/537.36 (KHTML, like Gecko) Chrome/143.0.0.0 Safari/537.36"
122.173.31.94 - - [29/Dec/2025:04:15:48 -0800] "POST /api/admin/addlogreport HTTP/1.1" 200 16 "https://lovestrong.koolderbyacademy.com/retreatRoster?retreatId=71" "Mozilla/5.0 (Windows NT 10.0; Win64; x64) AppleWebKit/537.36 (KHTML, like Gecko) Chrome/143.0.0.0 Safari/537.36"
122.173.31.94 - - [29/Dec/2025:04:15:47 -0800] "GET /public/profileImage/Antonieta%20&%20Rigoberto%20Sanchez.jpeg HTTP/1.1" 200 1734310 "https://lovestrong.koolderbyacademy.com/retreatRoster?retreatId=71" "Mozilla/5.0 (Windows NT 10.0; Win64; x64) AppleWebKit/537.36 (KHTML, like Gecko) Chrome/143.0.0.0 Safari/537.36"
122.173.31.94 - - [29/Dec/2025:04:15:47 -0800] "GET /public/profileImage/Juan%20Y%20Claudia%20Hernandez.jpg HTTP/1.1" 200 1775782 "https://lovestrong.koolderbyacademy.com/retreatRoster?retreatId=71" "Mozilla/5.0 (Windows NT 10.0; Win64; x64) AppleWebKit/537.36 (KHTML, like Gecko) Chrome/143.0.0.0 Safari/537.36"
122.173.31.94 - - [29/Dec/2025:04:15:48 -0800] "GET /public/profileImage/Screenshot%202023-08-27%20at%201.47.43%20PM.png HTTP/1.1" 200 182453 "https://lovestrong.koolderbyacademy.com/retreatRoster?retreatId=71" "Mozilla/5.0 (Windows NT 10.0; Win64; x64) AppleWebKit/537.36 (KHTML, like Gecko) Chrome/143.0.0.0 Safari/537.36"
122.173.31.94 - - [29/Dec/2025:04:15:49 -0800] "GET /public/profileImage/Screenshot%202023-08-27%20at%201.42.21%20PM.png HTTP/1.1" 200 84934 "https://lovestrong.koolderbyacademy.com/retreatRoster?retreatId=71" "Mozilla/5.0 (Windows NT 10.0; Win64; x64) AppleWebKit/537.36 (KHTML, like Gecko) Chrome/143.0.0.0 Safari/537.36"
122.173.31.94 - - [29/Dec/2025:04:15:49 -0800] "GET /public/profileImage/Screenshot%202023-08-27%20at%201.41.57%20PM.png HTTP/1.1" 200 80486 "https://lovestrong.koolderbyacademy.com/retreatRoster?retreatId=71" "Mozilla/5.0 (Windows NT 10.0; Win64; x64) AppleWebKit/537.36 (KHTML, like Gecko) Chrome/143.0.0.0 Safari/537.36"
122.173.31.94 - - [29/Dec/2025:04:15:49 -0800] "GET /public/profileImage/Screenshot%202023-08-27%20at%201.41.12%20PM.png HTTP/1.1" 200 84514 "https://lovestrong.koolderbyacademy.com/retreatRoster?retreatId=71" "Mozilla/5.0 (Windows NT 10.0; Win64; x64) AppleWebKit/537.36 (KHTML, like Gecko) Chrome/143.0.0.0 Safari/537.36"
122.173.31.94 - - [29/Dec/2025:04:15:49 -0800] "GET /public/profileImage/Screenshot%202023-08-27%20at%201.39.59%20PM.png HTTP/1.1" 200 122399 "https://lovestrong.koolderbyacademy.com/retreatRoster?retreatId=71" "Mozilla/5.0 (Windows NT 10.0; Win64; x64) AppleWebKit/537.36 (KHTML, like Gecko) Chrome/143.0.0.0 Safari/537.36"
122.173.31.94 - - [29/Dec/2025:04:15:49 -0800] "GET /public/profileImage/Screenshot%202023-08-27%20at%201.39.30%20PM.png HTTP/1.1" 200 120622 "https://lovestrong.koolderbyacademy.com/retreatRoster?retreatId=71" "Mozilla/5.0 (Windows NT 10.0; Win64; x64) AppleWebKit/537.36 (KHTML, like Gecko) Chrome/143.0.0.0 Safari/537.36"
122.173.31.94 - - [29/Dec/2025:04:15:49 -0800] "GET /public/profileImage/Screenshot%202023-07-21%20at%2012.31.46%20PM.png HTTP/1.1" 200 611005 "https://lovestrong.koolderbyacademy.com/retreatRoster?retreatId=71" "Mozilla/5.0 (Windows NT 10.0; Win64; x64) AppleWebKit/537.36 (KHTML, like Gecko) Chrome/143.0.0.0 Safari/537.36"
122.173.31.94 - - [29/Dec/2025:04:15:49 -0800] "GET /public/profileImage/Screenshot%202023-08-27%20at%201.38.25%20PM.png HTTP/1.1" 200 86269 "https://lovestrong.koolderbyacademy.com/retreatRoster?retreatId=71" "Mozilla/5.0 (Windows NT 10.0; Win64; x64) AppleWebKit/537.36 (KHTML, like Gecko) Chrome/143.0.0.0 Safari/537.36"
122.173.31.94 - - [29/Dec/2025:04:15:49 -0800] "GET /public/profileImage/Screenshot%202023-08-27%20at%201.38.05%20PM.png HTTP/1.1" 200 117979 "https://lovestrong.koolderbyacademy.com/retreatRoster?retreatId=71" "Mozilla/5.0 (Windows NT 10.0; Win64; x64) AppleWebKit/537.36 (KHTML, like Gecko) Chrome/143.0.0.0 Safari/537.36"
122.173.31.94 - - [29/Dec/2025:04:15:49 -0800] "GET /public/profileImage/Screenshot%202023-08-27%20at%201.37.28%20PM.png HTTP/1.1" 200 146004 "https://lovestrong.koolderbyacademy.com/retreatRoster?retreatId=71" "Mozilla/5.0 (Windows NT 10.0; Win64; x64) AppleWebKit/537.36 (KHTML, like Gecko) Chrome/143.0.0.0 Safari/537.36"
122.173.31.94 - - [29/Dec/2025:04:15:49 -0800] "GET /public/profileImage/Screenshot%202023-08-27%20at%201.37.08%20PM.png HTTP/1.1" 200 94348 "https://lovestrong.koolderbyacademy.com/retreatRoster?retreatId=71" "Mozilla/5.0 (Windows NT 10.0; Win64; x64) AppleWebKit/537.36 (KHTML, like Gecko) Chrome/143.0.0.0 Safari/537.36"
122.173.31.94 - - [29/Dec/2025:04:15:49 -0800] "GET /public/profileImage/Screenshot%202023-07-19%20at%205.33.10%20PM.png HTTP/1.1" 200 595996 "https://lovestrong.koolderbyacademy.com/retreatRoster?retreatId=71" "Mozilla/5.0 (Windows NT 10.0; Win64; x64) AppleWebKit/537.36 (KHTML, like Gecko) Chrome/143.0.0.0 Safari/537.36"
122.173.31.94 - - [29/Dec/2025:04:15:49 -0800] "GET /public/profileImage/Medina,%20Javier%20y%20Lidia.jpg HTTP/1.1" 200 6321167 "https://lovestrong.koolderbyacademy.com/retreatRoster?retreatId=71" "Mozilla/5.0 (Windows NT 10.0; Win64; x64) AppleWebKit/537.36 (KHTML, like Gecko) Chrome/143.0.0.0 Safari/537.36"
122.173.31.94 - - [29/Dec/2025:04:15:53 -0800] "GET /create-program/71 HTTP/1.1" 200 726 "https://lovestrong.koolderbyacademy.com/retreatRoster?retreatId=71" "Mozilla/5.0 (Windows NT 10.0; Win64; x64) AppleWebKit/537.36 (KHTML, like Gecko) Chrome/143.0.0.0 Safari/537.36"
122.173.31.94 - - [29/Dec/2025:04:15:53 -0800] "GET /static/js/main.696da69e.js HTTP/1.1" 304 - "https://lovestrong.koolderbyacademy.com/create-program/71" "Mozilla/5.0 (Windows NT 10.0; Win64; x64) AppleWebKit/537.36 (KHTML, like Gecko) Chrome/143.0.0.0 Safari/537.36"
122.173.31.94 - - [29/Dec/2025:04:15:53 -0800] "GET /static/css/main.28f87cc5.css HTTP/1.1" 304 - "https://lovestrong.koolderbyacademy.com/create-program/71" "Mozilla/5.0 (Windows NT 10.0; Win64; x64) AppleWebKit/537.36 (KHTML, like Gecko) Chrome/143.0.0.0 Safari/537.36"
122.173.31.94 - - [29/Dec/2025:04:15:55 -0800] "POST /api/program/getProgramDetail HTTP/1.1" 200 26 "https://lovestrong.koolderbyacademy.com/create-program/71" "Mozilla/5.0 (Windows NT 10.0; Win64; x64) AppleWebKit/537.36 (KHTML, like Gecko) Chrome/143.0.0.0 Safari/537.36"
122.173.31.94 - - [29/Dec/2025:04:15:55 -0800] "POST /api/program/getAllRoastersInfo HTTP/1.1" 200 40320 "https://lovestrong.koolderbyacademy.com/create-program/71" "Mozilla/5.0 (Windows NT 10.0; Win64; x64) AppleWebKit/537.36 (KHTML, like Gecko) Chrome/143.0.0.0 Safari/537.36"
122.173.31.94 - - [29/Dec/2025:04:15:55 -0800] "POST /api/retreat/getRetreatDetail HTTP/1.1" 200 1504 "https://lovestrong.koolderbyacademy.com/create-program/71" "Mozilla/5.0 (Windows NT 10.0; Win64; x64) AppleWebKit/537.36 (KHTML, like Gecko) Chrome/143.0.0.0 Safari/537.36"
122.173.31.94 - - [29/Dec/2025:04:15:55 -0800] "GET /api/roles/getallrolelist HTTP/1.1" 200 1560 "https://lovestrong.koolderbyacademy.com/create-program/71" "Mozilla/5.0 (Windows NT 10.0; Win64; x64) AppleWebKit/537.36 (KHTML, like Gecko) Chrome/143.0.0.0 Safari/537.36"
122.173.31.94 - - [29/Dec/2025:04:15:56 -0800] "GET /static/media/materialdesignicons-webfont.2ec256c84a2002197204.woff2 HTTP/1.1" 304 - "https://lovestrong.koolderbyacademy.com/static/css/main.28f87cc5.css" "Mozilla/5.0 (Windows NT 10.0; Win64; x64) AppleWebKit/537.36 (KHTML, like Gecko) Chrome/143.0.0.0 Safari/537.36"
122.173.31.94 - - [29/Dec/2025:04:15:56 -0800] "GET /static/media/Simple-Line-Icons.3826fa1cb2348dd93948.woff2 HTTP/1.1" 304 - "https://lovestrong.koolderbyacademy.com/static/css/main.28f87cc5.css" "Mozilla/5.0 (Windows NT 10.0; Win64; x64) AppleWebKit/537.36 (KHTML, like Gecko) Chrome/143.0.0.0 Safari/537.36"
122.173.31.94 - - [29/Dec/2025:04:15:56 -0800] "GET /api/talks/getalltalklist HTTP/1.1" 200 3837 "https://lovestrong.koolderbyacademy.com/create-program/71" "Mozilla/5.0 (Windows NT 10.0; Win64; x64) AppleWebKit/537.36 (KHTML, like Gecko) Chrome/143.0.0.0 Safari/537.36"
122.173.31.94 - - [29/Dec/2025:04:15:56 -0800] "GET /api/service/getallservicelist HTTP/1.1" 200 1213 "https://lovestrong.koolderbyacademy.com/create-program/71" "Mozilla/5.0 (Windows NT 10.0; Win64; x64) AppleWebKit/537.36 (KHTML, like Gecko) Chrome/143.0.0.0 Safari/537.36"
122.173.31.94 - - [29/Dec/2025:04:15:56 -0800] "GET /static/media/logolovestrong.f96fed557c1617146760.png HTTP/1.1" 200 163413 "https://lovestrong.koolderbyacademy.com/create-program/71" "Mozilla/5.0 (Windows NT 10.0; Win64; x64) AppleWebKit/537.36 (KHTML, like Gecko) Chrome/143.0.0.0 Safari/537.36"
122.173.31.94 - - [29/Dec/2025:04:15:56 -0800] "GET /static/media/image-placeholder.79e7971a50211262bed9.png HTTP/1.1" 200 24272 "https://lovestrong.koolderbyacademy.com/create-program/71" "Mozilla/5.0 (Windows NT 10.0; Win64; x64) AppleWebKit/537.36 (KHTML, like Gecko) Chrome/143.0.0.0 Safari/537.36"
122.173.31.94 - - [29/Dec/2025:04:15:56 -0800] "GET /public/profileImage/Screenshot%202023-07-21%20at%209.28.38%20AM.png HTTP/1.1" 304 - "https://lovestrong.koolderbyacademy.com/create-program/71" "Mozilla/5.0 (Windows NT 10.0; Win64; x64) AppleWebKit/537.36 (KHTML, like Gecko) Chrome/143.0.0.0 Safari/537.36"
122.173.31.94 - - [29/Dec/2025:04:15:56 -0800] "GET /static/media/logo.f96fed557c1617146760.png HTTP/1.1" 304 - "https://lovestrong.koolderbyacademy.com/create-program/71" "Mozilla/5.0 (Windows NT 10.0; Win64; x64) AppleWebKit/537.36 (KHTML, like Gecko) Chrome/143.0.0.0 Safari/537.36"
122.173.31.94 - - [29/Dec/2025:04:15:56 -0800] "GET /static/media/logo-mini.a054fcb0cd2c68839f4d.png HTTP/1.1" 304 - "https://lovestrong.koolderbyacademy.com/create-program/71" "Mozilla/5.0 (Windows NT 10.0; Win64; x64) AppleWebKit/537.36 (KHTML, like Gecko) Chrome/143.0.0.0 Safari/537.36"
122.173.31.94 - - [29/Dec/2025:04:15:55 -0800] "GET /api/auth/allCouples HTTP/1.1" 200 2823800 "https://lovestrong.koolderbyacademy.com/create-program/71" "Mozilla/5.0 (Windows NT 10.0; Win64; x64) AppleWebKit/537.36 (KHTML, like Gecko) Chrome/143.0.0.0 Safari/537.36"
122.173.31.94 - - [29/Dec/2025:04:15:58 -0800] "GET /manifest.json HTTP/1.1" 304 - "https://lovestrong.koolderbyacademy.com/create-program/71" "Mozilla/5.0 (Windows NT 10.0; Win64; x64) AppleWebKit/537.36 (KHTML, like Gecko) Chrome/143.0.0.0 Safari/537.36"
122.173.31.94 - - [29/Dec/2025:04:15:58 -0800] "GET /logo192.png HTTP/1.1" 304 - "https://lovestrong.koolderbyacademy.com/create-program/71" "Mozilla/5.0 (Windows NT 10.0; Win64; x64) AppleWebKit/537.36 (KHTML, like Gecko) Chrome/143.0.0.0 Safari/537.36"
122.173.31.94 - - [29/Dec/2025:04:16:15 -0800] "POST /api/program/changePublishStatus HTTP/1.1" 200 80 "https://lovestrong.koolderbyacademy.com/create-program/71" "Mozilla/5.0 (Windows NT 10.0; Win64; x64) AppleWebKit/537.36 (KHTML, like Gecko) Chrome/143.0.0.0 Safari/537.36"
122.173.31.94 - - [29/Dec/2025:04:16:15 -0800] "POST /api/program/getProgramDetail HTTP/1.1" 200 61 "https://lovestrong.koolderbyacademy.com/create-program/71" "Mozilla/5.0 (Windows NT 10.0; Win64; x64) AppleWebKit/537.36 (KHTML, like Gecko) Chrome/143.0.0.0 Safari/537.36"
178.156.187.238 - - [29/Dec/2025:04:18:52 -0800] "HEAD / HTTP/1.1" 200 - "https://lovestrong.koolderbyacademy.com" "Mozilla/5.0+(compatible; UptimeRobot/2.0; http://www.uptimerobot.com/)"
173.231.199.178 - - [29/Dec/2025:04:20:00 -0800] "GET /api/auth/getallperishlist HTTP/1.1" 200 71489 "-" "Mozilla/5.0 (UptimeBot)"
173.231.199.178 - - [29/Dec/2025:04:20:00 -0800] "GET / HTTP/1.1" 200 726 "-" "Mozilla/5.0 (UptimeBot)"
66.235.194.119 - - [29/Dec/2025:04:20:00 -0800] "GET /api/auth/getallperishlist HTTP/1.1" 200 71489 "-" "Mozilla/5.0 (UptimeBot)"
66.235.194.119 - - [29/Dec/2025:04:20:00 -0800] "GET / HTTP/1.1" 200 726 "-" "Mozilla/5.0 (UptimeBot)"
103.35.120.121 - - [29/Dec/2025:04:20:01 -0800] "GET / HTTP/1.1" 200 726 "-" "Mozilla/5.0 (UptimeBot)"
103.35.120.121 - - [29/Dec/2025:04:20:01 -0800] "GET /api/auth/getallperishlist HTTP/1.1" 200 71489 "-" "Mozilla/5.0 (UptimeBot)"
54.87.112.51 - - [29/Dec/2025:04:24:03 -0800] "HEAD / HTTP/1.1" 200 - "https://lovestrong.koolderbyacademy.com" "Mozilla/5.0+(compatible; UptimeRobot/2.0; http://www.uptimerobot.com/)"
49.43.104.208 - - [29/Dec/2025:04:25:48 -0800] "GET /public/profileImage/Screenshot%202023-08-27%20at%201.28.02%20PM.png HTTP/1.1" 200 99745 "http://66.235.194.119:8091/" "Mozilla/5.0 (Windows NT 10.0; Win64; x64) AppleWebKit/537.36 (KHTML, like Gecko) Chrome/143.0.0.0 Safari/537.36"
49.43.104.208 - - [29/Dec/2025:04:27:05 -0800] "GET / HTTP/1.1" 200 726 "http://66.235.194.119:8091/" "Mozilla/5.0 (Windows NT 10.0; Win64; x64) AppleWebKit/537.36 (KHTML, like Gecko) Chrome/143.0.0.0 Safari/537.36"
49.43.104.208 - - [29/Dec/2025:04:27:05 -0800] "GET /static/css/main.28f87cc5.css HTTP/1.1" 200 949337 "https://lovestrong.koolderbyacademy.com/" "Mozilla/5.0 (Windows NT 10.0; Win64; x64) AppleWebKit/537.36 (KHTML, like Gecko) Chrome/143.0.0.0 Safari/537.36"
49.43.104.208 - - [29/Dec/2025:04:27:05 -0800] "GET /static/js/main.696da69e.js HTTP/1.1" 200 5264417 "https://lovestrong.koolderbyacademy.com/" "Mozilla/5.0 (Windows NT 10.0; Win64; x64) AppleWebKit/537.36 (KHTML, like Gecko) Chrome/143.0.0.0 Safari/537.36"
49.43.104.208 - - [29/Dec/2025:04:27:19 -0800] "GET /static/media/logo.f96fed557c1617146760.png HTTP/1.1" 200 163413 "https://lovestrong.koolderbyacademy.com/login" "Mozilla/5.0 (Windows NT 10.0; Win64; x64) AppleWebKit/537.36 (KHTML, like Gecko) Chrome/143.0.0.0 Safari/537.36"
49.43.104.208 - - [29/Dec/2025:04:27:19 -0800] "GET /static/media/materialdesignicons-webfont.2ec256c84a2002197204.woff2 HTTP/1.1" 200 224348 "https://lovestrong.koolderbyacademy.com/static/css/main.28f87cc5.css" "Mozilla/5.0 (Windows NT 10.0; Win64; x64) AppleWebKit/537.36 (KHTML, like Gecko) Chrome/143.0.0.0 Safari/537.36"
49.43.104.208 - - [29/Dec/2025:04:27:20 -0800] "GET /logo.png HTTP/1.1" 200 163413 "https://lovestrong.koolderbyacademy.com/login" "Mozilla/5.0 (Windows NT 10.0; Win64; x64) AppleWebKit/537.36 (KHTML, like Gecko) Chrome/143.0.0.0 Safari/537.36"
49.43.104.208 - - [29/Dec/2025:04:27:30 -0800] "GET /logo.png HTTP/1.1" 304 - "https://lovestrong.koolderbyacademy.com/login" "Mozilla/5.0 (Windows NT 10.0; Win64; x64) AppleWebKit/537.36 (KHTML, like Gecko) Chrome/143.0.0.0 Safari/537.36"
5.161.117.52 - - [29/Dec/2025:04:29:08 -0800] "HEAD / HTTP/1.1" 200 - "https://lovestrong.koolderbyacademy.com" "Mozilla/5.0+(compatible; UptimeRobot/2.0; http://www.uptimerobot.com/)"
66.235.194.119 - - [29/Dec/2025:04:30:00 -0800] "GET / HTTP/1.1" 200 726 "-" "Mozilla/5.0 (UptimeBot)"
66.235.194.119 - - [29/Dec/2025:04:30:00 -0800] "GET /api/auth/getallperishlist HTTP/1.1" 200 71489 "-" "Mozilla/5.0 (UptimeBot)"
173.231.199.178 - - [29/Dec/2025:04:30:00 -0800] "GET / HTTP/1.1" 200 726 "-" "Mozilla/5.0 (UptimeBot)"
173.231.199.178 - - [29/Dec/2025:04:30:00 -0800] "GET /api/auth/getallperishlist HTTP/1.1" 200 71489 "-" "Mozilla/5.0 (UptimeBot)"
103.35.120.121 - - [29/Dec/2025:04:30:02 -0800] "GET / HTTP/1.1" 200 726 "-" "Mozilla/5.0 (UptimeBot)"
103.35.120.121 - - [29/Dec/2025:04:30:02 -0800] "GET /api/auth/getallperishlist HTTP/1.1" 200 71489 "-" "Mozilla/5.0 (UptimeBot)"
49.43.104.208 - - [29/Dec/2025:04:30:35 -0800] "GET /public/profileImage/Screenshot%202023-08-27%20at%201.28.02%20PM.png HTTP/1.1" 304 - "http://66.235.194.119:8091/" "Mozilla/5.0 (Windows NT 10.0; Win64; x64) AppleWebKit/537.36 (KHTML, like Gecko) Chrome/143.0.0.0 Safari/537.36"
49.43.104.208 - - [29/Dec/2025:04:30:35 -0800] "GET /public/profileImage/Screenshot%202023-07-19%20at%205.24.10%20PM.png HTTP/1.1" 200 901629 "http://66.235.194.119:8091/" "Mozilla/5.0 (Windows NT 10.0; Win64; x64) AppleWebKit/537.36 (KHTML, like Gecko) Chrome/143.0.0.0 Safari/537.36"
18.116.205.62 - - [29/Dec/2025:04:34:14 -0800] "HEAD / HTTP/1.1" 200 - "https://lovestrong.koolderbyacademy.com" "Mozilla/5.0+(compatible; UptimeRobot/2.0; http://www.uptimerobot.com/)"
3.212.128.62 - - [29/Dec/2025:04:39:20 -0800] "HEAD / HTTP/1.1" 200 - "https://lovestrong.koolderbyacademy.com" "Mozilla/5.0+(compatible; UptimeRobot/2.0; http://www.uptimerobot.com/)"
66.235.194.119 - - [29/Dec/2025:04:40:00 -0800] "GET /api/auth/getallperishlist HTTP/1.1" 200 71489 "-" "Mozilla/5.0 (UptimeBot)"
66.235.194.119 - - [29/Dec/2025:04:40:00 -0800] "GET / HTTP/1.1" 200 726 "-" "Mozilla/5.0 (UptimeBot)"
173.231.199.178 - - [29/Dec/2025:04:40:00 -0800] "GET /api/auth/getallperishlist HTTP/1.1" 200 71489 "-" "Mozilla/5.0 (UptimeBot)"
173.231.199.178 - - [29/Dec/2025:04:40:00 -0800] "GET / HTTP/1.1" 200 726 "-" "Mozilla/5.0 (UptimeBot)"
103.35.120.121 - - [29/Dec/2025:04:40:01 -0800] "GET / HTTP/1.1" 200 726 "-" "Mozilla/5.0 (UptimeBot)"
103.35.120.121 - - [29/Dec/2025:04:40:01 -0800] "GET /api/auth/getallperishlist HTTP/1.1" 200 71489 "-" "Mozilla/5.0 (UptimeBot)"
49.43.104.208 - - [29/Dec/2025:04:41:32 -0800] "GET /public/profileImage/Screenshot%202023-08-27%20at%201.28.02%20PM.png HTTP/1.1" 304 - "http://66.235.194.119:8091/" "Mozilla/5.0 (Windows NT 10.0; Win64; x64) AppleWebKit/537.36 (KHTML, like Gecko) Chrome/143.0.0.0 Safari/537.36"
49.43.104.208 - - [29/Dec/2025:04:41:32 -0800] "GET /public/profileImage/Screenshot%202023-07-19%20at%205.24.10%20PM.png HTTP/1.1" 304 - "http://66.235.194.119:8091/" "Mozilla/5.0 (Windows NT 10.0; Win64; x64) AppleWebKit/537.36 (KHTML, like Gecko) Chrome/143.0.0.0 Safari/537.36"
49.43.104.208 - - [29/Dec/2025:04:41:33 -0800] "GET /public/profileImage/Screenshot%202023-08-27%20at%201.28.02%20PM.png?cb=1767012092819 HTTP/1.1" 404 304 "http://66.235.194.119:8091/" "Mozilla/5.0 (Windows NT 10.0; Win64; x64) AppleWebKit/537.36 (KHTML, like Gecko) Chrome/143.0.0.0 Safari/537.36"
49.43.104.208 - - [29/Dec/2025:04:41:34 -0800] "GET /public/profileImage/Screenshot%202023-07-19%20at%205.24.10%20PM.png?cb=1767012094316 HTTP/1.1" 404 304 "http://66.235.194.119:8091/" "Mozilla/5.0 (Windows NT 10.0; Win64; x64) AppleWebKit/537.36 (KHTML, like Gecko) Chrome/143.0.0.0 Safari/537.36"
49.43.104.208 - - [29/Dec/2025:04:41:36 -0800] "GET /public/profileImage/Screenshot%202023-08-27%20at%201.28.02%20PM.png HTTP/1.1" 304 - "http://66.235.194.119:8091/" "Mozilla/5.0 (Windows NT 10.0; Win64; x64) AppleWebKit/537.36 (KHTML, like Gecko) Chrome/143.0.0.0 Safari/537.36"
49.43.104.208 - - [29/Dec/2025:04:41:36 -0800] "GET /public/profileImage/Screenshot%202023-07-19%20at%205.24.10%20PM.png HTTP/1.1" 304 - "http://66.235.194.119:8091/" "Mozilla/5.0 (Windows NT 10.0; Win64; x64) AppleWebKit/537.36 (KHTML, like Gecko) Chrome/143.0.0.0 Safari/537.36"
49.43.104.208 - - [29/Dec/2025:04:41:39 -0800] "GET /public/profileImage/Screenshot%202023-08-27%20at%201.28.02%20PM.png HTTP/1.1" 304 - "http://66.235.194.119:8091/" "Mozilla/5.0 (Windows NT 10.0; Win64; x64) AppleWebKit/537.36 (KHTML, like Gecko) Chrome/143.0.0.0 Safari/537.36"
49.43.104.208 - - [29/Dec/2025:04:41:40 -0800] "GET /public/profileImage/Screenshot%202023-07-19%20at%205.24.10%20PM.png HTTP/1.1" 304 - "http://66.235.194.119:8091/" "Mozilla/5.0 (Windows NT 10.0; Win64; x64) AppleWebKit/537.36 (KHTML, like Gecko) Chrome/143.0.0.0 Safari/537.36"
49.43.104.208 - - [29/Dec/2025:04:42:24 -0800] "GET /public/profileImage/Screenshot%202023-08-27%20at%201.28.02%20PM.png HTTP/1.1" 304 - "http://66.235.194.119:8091/" "Mozilla/5.0 (Windows NT 10.0; Win64; x64) AppleWebKit/537.36 (KHTML, like Gecko) Chrome/143.0.0.0 Safari/537.36"
49.43.104.208 - - [29/Dec/2025:04:42:24 -0800] "GET /public/profileImage/Screenshot%202023-07-19%20at%205.24.10%20PM.png HTTP/1.1" 304 - "http://66.235.194.119:8091/" "Mozilla/5.0 (Windows NT 10.0; Win64; x64) AppleWebKit/537.36 (KHTML, like Gecko) Chrome/143.0.0.0 Safari/537.36"
5.161.113.195 - - [29/Dec/2025:04:44:25 -0800] "HEAD / HTTP/1.1" 200 - "https://lovestrong.koolderbyacademy.com" "Mozilla/5.0+(compatible; UptimeRobot/2.0; http://www.uptimerobot.com/)"
5.161.215.244 - - [29/Dec/2025:04:49:34 -0800] "HEAD / HTTP/1.1" 200 - "https://lovestrong.koolderbyacademy.com" "Mozilla/5.0+(compatible; UptimeRobot/2.0; http://www.uptimerobot.com/)"
173.231.199.178 - - [29/Dec/2025:04:50:00 -0800] "GET / HTTP/1.1" 200 726 "-" "Mozilla/5.0 (UptimeBot)"
173.231.199.178 - - [29/Dec/2025:04:50:00 -0800] "GET /api/auth/getallperishlist HTTP/1.1" 200 71489 "-" "Mozilla/5.0 (UptimeBot)"
66.235.194.119 - - [29/Dec/2025:04:50:00 -0800] "GET /api/auth/getallperishlist HTTP/1.1" 200 71489 "-" "Mozilla/5.0 (UptimeBot)"
66.235.194.119 - - [29/Dec/2025:04:50:00 -0800] "GET / HTTP/1.1" 200 726 "-" "Mozilla/5.0 (UptimeBot)"
103.35.120.121 - - [29/Dec/2025:04:50:04 -0800] "GET /api/auth/getallperishlist HTTP/1.1" 200 71489 "-" "Mozilla/5.0 (UptimeBot)"
103.35.120.121 - - [29/Dec/2025:04:50:04 -0800] "GET / HTTP/1.1" 200 726 "-" "Mozilla/5.0 (UptimeBot)"
178.156.189.249 - - [29/Dec/2025:04:54:39 -0800] "HEAD / HTTP/1.1" 200 - "https://lovestrong.koolderbyacademy.com" "Mozilla/5.0+(compatible; UptimeRobot/2.0; http://www.uptimerobot.com/)"
103.35.120.121 - - [29/Dec/2025:04:54:53 -0800] "GET /public/roasterImage/Screenshot%202023-07-21%20at%2012.18.19%20PM.png HTTP/1.1" 404 288 "http://localhost:3000/" "Mozilla/5.0 (X11; Linux x86_64) AppleWebKit/537.36 (KHTML, like Gecko) Chrome/119.0.0.0 Safari/537.36"
103.35.120.121 - - [29/Dec/2025:04:54:55 -0800] "GET /public/roasterImage/Borrego,%20Steve%20&%20Trudy.jpg HTTP/1.1" 404 278 "http://localhost:3000/" "Mozilla/5.0 (X11; Linux x86_64) AppleWebKit/537.36 (KHTML, like Gecko) Chrome/119.0.0.0 Safari/537.36"
52.87.72.16 - - [29/Dec/2025:04:59:46 -0800] "HEAD / HTTP/1.1" 200 - "https://lovestrong.koolderbyacademy.com" "Mozilla/5.0+(compatible; UptimeRobot/2.0; http://www.uptimerobot.com/)"
173.231.199.178 - - [29/Dec/2025:05:00:00 -0800] "GET / HTTP/1.1" 200 726 "-" "Mozilla/5.0 (UptimeBot)"
173.231.199.178 - - [29/Dec/2025:05:00:00 -0800] "GET /api/auth/getallperishlist HTTP/1.1" 200 71489 "-" "Mozilla/5.0 (UptimeBot)"
66.235.194.119 - - [29/Dec/2025:05:00:01 -0800] "GET /api/auth/getallperishlist HTTP/1.1" 200 71489 "-" "Mozilla/5.0 (UptimeBot)"
66.235.194.119 - - [29/Dec/2025:05:00:01 -0800] "GET / HTTP/1.1" 200 726 "-" "Mozilla/5.0 (UptimeBot)"
173.252.82.22 - - [29/Dec/2025:05:02:01 -0800] "GET /robots.txt HTTP/1.1" 206 67 "-" "facebookexternalhit/1.1 (+http://www.facebook.com/externalhit_uatext.php)"
5.161.113.195 - - [29/Dec/2025:05:04:51 -0800] "HEAD / HTTP/1.1" 200 - "https://lovestrong.koolderbyacademy.com" "Mozilla/5.0+(compatible; UptimeRobot/2.0; http://www.uptimerobot.com/)"
103.35.120.121 - - [29/Dec/2025:05:07:44 -0800] "GET /public/roasterImage/Borrego,%20Steve%20&%20Trudy.jpg HTTP/1.1" 404 278 "http://localhost:3000/" "Mozilla/5.0 (X11; Linux x86_64) AppleWebKit/537.36 (KHTML, like Gecko) Chrome/119.0.0.0 Safari/537.36"
103.35.120.121 - - [29/Dec/2025:05:08:38 -0800] "GET /public/roasterImage/Screenshot%202023-07-21%20at%2012.18.19%20PM.png HTTP/1.1" 404 288 "http://localhost:3000/" "Mozilla/5.0 (Linux; Android 6.0; Nexus 5 Build/MRA58N) AppleWebKit/537.36 (KHTML, like Gecko) Chrome/119.0.0.0 Mobile Safari/537.36"
103.35.120.121 - - [29/Dec/2025:05:08:43 -0800] "GET /public/roasterImage/Screenshot%202023-07-21%20at%2012.18.19%20PM.png HTTP/1.1" 404 288 "http://localhost:3000/" "Mozilla/5.0 (Linux; Android 6.0; Nexus 5 Build/MRA58N) AppleWebKit/537.36 (KHTML, like Gecko) Chrome/119.0.0.0 Mobile Safari/537.36"
103.35.120.121 - - [29/Dec/2025:05:08:52 -0800] "GET /public/roasterImage/Screenshot%202023-07-21%20at%2012.18.19%20PM.png HTTP/1.1" 404 288 "http://localhost:3000/" "Mozilla/5.0 (Linux; Android 6.0; Nexus 5 Build/MRA58N) AppleWebKit/537.36 (KHTML, like Gecko) Chrome/119.0.0.0 Mobile Safari/537.36"
103.35.120.121 - - [29/Dec/2025:05:08:53 -0800] "GET /public/roasterImage/Borrego,%20Steve%20&%20Trudy.jpg HTTP/1.1" 404 278 "http://localhost:3000/" "Mozilla/5.0 (Linux; Android 6.0; Nexus 5 Build/MRA58N) AppleWebKit/537.36 (KHTML, like Gecko) Chrome/119.0.0.0 Mobile Safari/537.36"
103.35.120.121 - - [29/Dec/2025:05:09:05 -0800] "GET /public/roasterImage/Borrego,%20Steve%20&%20Trudy.jpg HTTP/1.1" 404 278 "http://localhost:3000/" "Mozilla/5.0 (X11; Linux x86_64) AppleWebKit/537.36 (KHTML, like Gecko) Chrome/119.0.0.0 Safari/537.36"
103.35.120.121 - - [29/Dec/2025:05:09:22 -0800] "GET /public/roasterImage/Screenshot%202023-07-21%20at%2012.18.19%20PM.png HTTP/1.1" 404 288 "http://localhost:3000/" "Mozilla/5.0 (X11; Linux x86_64) AppleWebKit/537.36 (KHTML, like Gecko) Chrome/119.0.0.0 Safari/537.36"
103.35.120.121 - - [29/Dec/2025:05:09:22 -0800] "GET /public/roasterImage/Borrego,%20Steve%20&%20Trudy.jpg HTTP/1.1" 404 278 "http://localhost:3000/" "Mozilla/5.0 (X11; Linux x86_64) AppleWebKit/537.36 (KHTML, like Gecko) Chrome/119.0.0.0 Safari/537.36"
103.35.120.121 - - [29/Dec/2025:05:09:32 -0800] "GET /public/roasterImage/Borrego,%20Steve%20&%20Trudy.jpg HTTP/1.1" 404 278 "http://localhost:3000/" "Mozilla/5.0 (X11; Linux x86_64) AppleWebKit/537.36 (KHTML, like Gecko) Chrome/119.0.0.0 Safari/537.36"
178.156.189.249 - - [29/Dec/2025:05:09:57 -0800] "HEAD / HTTP/1.1" 200 - "https://lovestrong.koolderbyacademy.com" "Mozilla/5.0+(compatible; UptimeRobot/2.0; http://www.uptimerobot.com/)"
173.231.199.178 - - [29/Dec/2025:05:10:00 -0800] "GET / HTTP/1.1" 200 726 "-" "Mozilla/5.0 (UptimeBot)"
173.231.199.178 - - [29/Dec/2025:05:10:00 -0800] "GET /api/auth/getallperishlist HTTP/1.1" 200 71489 "-" "Mozilla/5.0 (UptimeBot)"
66.235.194.119 - - [29/Dec/2025:05:10:00 -0800] "GET / HTTP/1.1" 200 726 "-" "Mozilla/5.0 (UptimeBot)"
66.235.194.119 - - [29/Dec/2025:05:10:00 -0800] "GET /api/auth/getallperishlist HTTP/1.1" 200 71489 "-" "Mozilla/5.0 (UptimeBot)"
103.35.120.121 - - [29/Dec/2025:05:10:01 -0800] "GET / HTTP/1.1" 200 726 "-" "Mozilla/5.0 (UptimeBot)"
103.35.120.121 - - [29/Dec/2025:05:10:01 -0800] "GET /api/auth/getallperishlist HTTP/1.1" 200 71489 "-" "Mozilla/5.0 (UptimeBot)"
172.226.3.174 - - [29/Dec/2025:05:11:28 -0800] "GET /logo.png HTTP/1.1" 200 163413 "-" "Mozilla/5.0"
172.226.3.174 - - [29/Dec/2025:05:11:28 -0800] "GET /logo.png HTTP/1.1" 200 163413 "-" "Mozilla/5.0"
172.226.3.174 - - [29/Dec/2025:05:11:28 -0800] "GET /logo.png HTTP/1.1" 200 163413 "-" "Mozilla/5.0"
103.35.120.121 - - [29/Dec/2025:05:13:39 -0800] "GET /public/roasterImage/Screenshot%202023-07-21%20at%2012.18.19%20PM.png HTTP/1.1" 404 288 "http://localhost:3000/" "Mozilla/5.0 (X11; Linux x86_64) AppleWebKit/537.36 (KHTML, like Gecko) Chrome/119.0.0.0 Safari/537.36"
103.35.120.121 - - [29/Dec/2025:05:13:39 -0800] "GET /public/roasterImage/Borrego,%20Steve%20&%20Trudy.jpg HTTP/1.1" 404 278 "http://localhost:3000/" "Mozilla/5.0 (X11; Linux x86_64) AppleWebKit/537.36 (KHTML, like Gecko) Chrome/119.0.0.0 Safari/537.36"
103.35.120.121 - - [29/Dec/2025:05:14:49 -0800] "GET /public/roasterImage/Borrego,%20Steve%20&%20Trudy.jpg HTTP/1.1" 404 278 "http://localhost:3000/" "Mozilla/5.0 (X11; Linux x86_64) AppleWebKit/537.36 (KHTML, like Gecko) Chrome/119.0.0.0 Safari/537.36"
103.35.120.121 - - [29/Dec/2025:05:14:52 -0800] "GET /public/roasterImage/Borrego,%20Steve%20&%20Trudy.jpg HTTP/1.1" 404 278 "http://localhost:3000/" "Mozilla/5.0 (X11; Linux x86_64) AppleWebKit/537.36 (KHTML, like Gecko) Chrome/119.0.0.0 Safari/537.36"
54.167.223.174 - - [29/Dec/2025:05:15:03 -0800] "HEAD / HTTP/1.1" 200 - "https://lovestrong.koolderbyacademy.com" "Mozilla/5.0+(compatible; UptimeRobot/2.0; http://www.uptimerobot.com/)"
103.35.120.121 - - [29/Dec/2025:05:15:10 -0800] "GET /public/roasterImage/Screenshot%202023-07-21%20at%2012.18.19%20PM.png HTTP/1.1" 404 288 "http://localhost:3000/" "Mozilla/5.0 (X11; Linux x86_64) AppleWebKit/537.36 (KHTML, like Gecko) Chrome/119.0.0.0 Safari/537.36"
103.35.120.121 - - [29/Dec/2025:05:15:11 -0800] "GET /public/roasterImage/Borrego,%20Steve%20&%20Trudy.jpg HTTP/1.1" 404 278 "http://localhost:3000/" "Mozilla/5.0 (X11; Linux x86_64) AppleWebKit/537.36 (KHTML, like Gecko) Chrome/119.0.0.0 Safari/537.36"
103.35.120.121 - - [29/Dec/2025:05:15:18 -0800] "GET /public/roasterImage/Borrego,%20Steve%20&%20Trudy.jpg HTTP/1.1" 404 278 "http://localhost:3000/" "Mozilla/5.0 (X11; Linux x86_64) AppleWebKit/537.36 (KHTML, like Gecko) Chrome/119.0.0.0 Safari/537.36"
103.35.120.121 - - [29/Dec/2025:05:15:24 -0800] "GET /public/roasterImage/Borrego,%20Steve%20&%20Trudy.jpg HTTP/1.1" 404 278 "http://localhost:3000/" "Mozilla/5.0 (X11; Linux x86_64) AppleWebKit/537.36 (KHTML, like Gecko) Chrome/119.0.0.0 Safari/537.36"
103.35.120.121 - - [29/Dec/2025:05:15:31 -0800] "GET /public/roasterImage/Borrego,%20Steve%20&%20Trudy.jpg HTTP/1.1" 404 278 "http://localhost:3000/" "Mozilla/5.0 (X11; Linux x86_64) AppleWebKit/537.36 (KHTML, like Gecko) Chrome/119.0.0.0 Safari/537.36"
103.35.120.121 - - [29/Dec/2025:05:18:31 -0800] "GET /public/roasterImage/Screenshot%202023-07-21%20at%2012.18.19%20PM.png HTTP/1.1" 404 288 "http://localhost:3000/" "Mozilla/5.0 (X11; Linux x86_64) AppleWebKit/537.36 (KHTML, like Gecko) Chrome/119.0.0.0 Safari/537.36"
103.35.120.121 - - [29/Dec/2025:05:18:33 -0800] "GET /public/roasterImage/Borrego,%20Steve%20&%20Trudy.jpg HTTP/1.1" 404 278 "http://localhost:3000/" "Mozilla/5.0 (X11; Linux x86_64) AppleWebKit/537.36 (KHTML, like Gecko) Chrome/119.0.0.0 Safari/537.36"
103.35.120.121 - - [29/Dec/2025:05:19:02 -0800] "GET /public/roasterImage/Borrego,%20Steve%20&%20Trudy.jpg HTTP/1.1" 404 278 "http://localhost:3000/" "Mozilla/5.0 (X11; Linux x86_64) AppleWebKit/537.36 (KHTML, like Gecko) Chrome/119.0.0.0 Safari/537.36"
173.231.199.178 - - [29/Dec/2025:05:20:00 -0800] "GET / HTTP/1.1" 200 726 "-" "Mozilla/5.0 (UptimeBot)"
173.231.199.178 - - [29/Dec/2025:05:20:00 -0800] "GET /api/auth/getallperishlist HTTP/1.1" 200 71489 "-" "Mozilla/5.0 (UptimeBot)"
66.235.194.119 - - [29/Dec/2025:05:20:01 -0800] "GET /api/auth/getallperishlist HTTP/1.1" 200 71489 "-" "Mozilla/5.0 (UptimeBot)"
66.235.194.119 - - [29/Dec/2025:05:20:01 -0800] "GET / HTTP/1.1" 200 726 "-" "Mozilla/5.0 (UptimeBot)"
103.35.120.121 - - [29/Dec/2025:05:20:01 -0800] "GET / HTTP/1.1" 200 726 "-" "Mozilla/5.0 (UptimeBot)"
103.35.120.121 - - [29/Dec/2025:05:20:01 -0800] "GET /api/auth/getallperishlist HTTP/1.1" 200 71489 "-" "Mozilla/5.0 (UptimeBot)"
5.161.75.7 - - [29/Dec/2025:05:20:13 -0800] "HEAD / HTTP/1.1" 200 - "https://lovestrong.koolderbyacademy.com" "Mozilla/5.0+(compatible; UptimeRobot/2.0; http://www.uptimerobot.com/)"
103.35.120.121 - - [29/Dec/2025:05:24:47 -0800] "GET /public/roasterImage/Screenshot%202023-07-21%20at%2012.18.19%20PM.png HTTP/1.1" 404 288 "http://localhost:3000/" "Mozilla/5.0 (X11; Linux x86_64) AppleWebKit/537.36 (KHTML, like Gecko) Chrome/119.0.0.0 Safari/537.36"
103.35.120.121 - - [29/Dec/2025:05:24:47 -0800] "GET /public/roasterImage/Borrego,%20Steve%20&%20Trudy.jpg HTTP/1.1" 404 278 "http://localhost:3000/" "Mozilla/5.0 (X11; Linux x86_64) AppleWebKit/537.36 (KHTML, like Gecko) Chrome/119.0.0.0 Safari/537.36"
103.35.120.121 - - [29/Dec/2025:05:24:57 -0800] "GET /public/roasterImage/Screenshot%202023-07-21%20at%2012.18.19%20PM.png HTTP/1.1" 404 288 "http://localhost:3000/" "Mozilla/5.0 (X11; Linux x86_64) AppleWebKit/537.36 (KHTML, like Gecko) Chrome/119.0.0.0 Safari/537.36"
103.35.120.121 - - [29/Dec/2025:05:24:58 -0800] "GET /public/roasterImage/Borrego,%20Steve%20&%20Trudy.jpg HTTP/1.1" 404 278 "http://localhost:3000/" "Mozilla/5.0 (X11; Linux x86_64) AppleWebKit/537.36 (KHTML, like Gecko) Chrome/119.0.0.0 Safari/537.36"
103.35.120.121 - - [29/Dec/2025:05:25:16 -0800] "GET /public/roasterImage/Borrego,%20Steve%20&%20Trudy.jpg HTTP/1.1" 404 278 "http://localhost:3000/" "Mozilla/5.0 (X11; Linux x86_64) AppleWebKit/537.36 (KHTML, like Gecko) Chrome/119.0.0.0 Safari/537.36"
178.156.184.20 - - [29/Dec/2025:05:25:18 -0800] "HEAD / HTTP/1.1" 200 - "https://lovestrong.koolderbyacademy.com" "Mozilla/5.0+(compatible; UptimeRobot/2.0; http://www.uptimerobot.com/)"
66.249.84.169 - - [29/Dec/2025:05:29:14 -0800] "GET /logo.png HTTP/1.1" 200 163413 "-" "Mozilla/5.0 (Windows NT 5.1; rv:11.0) Gecko Firefox/11.0 (via ggpht.com GoogleImageProxy)"
66.249.84.169 - - [29/Dec/2025:05:29:14 -0800] "GET /logo.png HTTP/1.1" 200 163413 "-" "Mozilla/5.0 (Windows NT 5.1; rv:11.0) Gecko Firefox/11.0 (via ggpht.com GoogleImageProxy)"
173.231.199.178 - - [29/Dec/2025:05:30:00 -0800] "GET / HTTP/1.1" 200 726 "-" "Mozilla/5.0 (UptimeBot)"
173.231.199.178 - - [29/Dec/2025:05:30:00 -0800] "GET /api/auth/getallperishlist HTTP/1.1" 200 71489 "-" "Mozilla/5.0 (UptimeBot)"
66.235.194.119 - - [29/Dec/2025:05:30:00 -0800] "GET /api/auth/getallperishlist HTTP/1.1" 200 71489 "-" "Mozilla/5.0 (UptimeBot)"
66.235.194.119 - - [29/Dec/2025:05:30:00 -0800] "GET / HTTP/1.1" 200 726 "-" "Mozilla/5.0 (UptimeBot)"
52.15.147.27 - - [29/Dec/2025:05:30:26 -0800] "HEAD / HTTP/1.1" 200 - "https://lovestrong.koolderbyacademy.com" "Mozilla/5.0+(compatible; UptimeRobot/2.0; http://www.uptimerobot.com/)"
52.15.147.27 - - [29/Dec/2025:05:35:34 -0800] "HEAD / HTTP/1.1" 200 - "https://lovestrong.koolderbyacademy.com" "Mozilla/5.0+(compatible; UptimeRobot/2.0; http://www.uptimerobot.com/)"
173.231.199.178 - - [29/Dec/2025:05:40:00 -0800] "GET / HTTP/1.1" 200 726 "-" "Mozilla/5.0 (UptimeBot)"
173.231.199.178 - - [29/Dec/2025:05:40:00 -0800] "GET /api/auth/getallperishlist HTTP/1.1" 200 71489 "-" "Mozilla/5.0 (UptimeBot)"
66.235.194.119 - - [29/Dec/2025:05:40:01 -0800] "GET /api/auth/getallperishlist HTTP/1.1" 200 71489 "-" "Mozilla/5.0 (UptimeBot)"
66.235.194.119 - - [29/Dec/2025:05:40:01 -0800] "GET / HTTP/1.1" 200 726 "-" "Mozilla/5.0 (UptimeBot)"
5.161.73.160 - - [29/Dec/2025:05:40:39 -0800] "HEAD / HTTP/1.1" 200 - "https://lovestrong.koolderbyacademy.com" "Mozilla/5.0+(compatible; UptimeRobot/2.0; http://www.uptimerobot.com/)"
54.87.112.51 - - [29/Dec/2025:05:45:52 -0800] "HEAD / HTTP/1.1" 200 - "https://lovestrong.koolderbyacademy.com" "Mozilla/5.0+(compatible; UptimeRobot/2.0; http://www.uptimerobot.com/)"
173.231.199.178 - - [29/Dec/2025:05:50:00 -0800] "GET /api/auth/getallperishlist HTTP/1.1" 200 71489 "-" "Mozilla/5.0 (UptimeBot)"
173.231.199.178 - - [29/Dec/2025:05:50:00 -0800] "GET / HTTP/1.1" 200 726 "-" "Mozilla/5.0 (UptimeBot)"
66.235.194.119 - - [29/Dec/2025:05:50:00 -0800] "GET / HTTP/1.1" 200 726 "-" "Mozilla/5.0 (UptimeBot)"
66.235.194.119 - - [29/Dec/2025:05:50:00 -0800] "GET /api/auth/getallperishlist HTTP/1.1" 200 71489 "-" "Mozilla/5.0 (UptimeBot)"
203.55.131.3 - - [29/Dec/2025:05:50:18 -0800] "GET / HTTP/1.1" 200 726 "-" "Mozilla/5.0 (Windows NT 10.0; Win64; x64) AppleWebKit/537.36 (KHTML, like Gecko) Chrome/133.0.0.0 Safari/537.36"
52.15.147.27 - - [29/Dec/2025:05:50:57 -0800] "HEAD / HTTP/1.1" 200 - "https://lovestrong.koolderbyacademy.com" "Mozilla/5.0+(compatible; UptimeRobot/2.0; http://www.uptimerobot.com/)"
40.77.167.8 - - [29/Dec/2025:05:53:28 -0800] "GET /public/profileImage/Sanchez,%20JP%20&%20Diana%20_2025-11-02.jpeg HTTP/1.1" 200 399347 "-" "Mozilla/5.0 AppleWebKit/537.36 (KHTML, like Gecko; compatible; bingbot/2.0; +http://www.bing.com/bingbot.htm) Chrome/116.0.1938.76 Safari/537.36"
5.161.73.160 - - [29/Dec/2025:05:56:02 -0800] "HEAD / HTTP/1.1" 200 - "https://lovestrong.koolderbyacademy.com" "Mozilla/5.0+(compatible; UptimeRobot/2.0; http://www.uptimerobot.com/)"
173.231.199.178 - - [29/Dec/2025:06:00:00 -0800] "GET / HTTP/1.1" 200 726 "-" "Mozilla/5.0 (UptimeBot)"
173.231.199.178 - - [29/Dec/2025:06:00:00 -0800] "GET /api/auth/getallperishlist HTTP/1.1" 200 71489 "-" "Mozilla/5.0 (UptimeBot)"
66.235.194.119 - - [29/Dec/2025:06:00:01 -0800] "GET /api/auth/getallperishlist HTTP/1.1" 200 71489 "-" "Mozilla/5.0 (UptimeBot)"
66.235.194.119 - - [29/Dec/2025:06:00:01 -0800] "GET / HTTP/1.1" 200 726 "-" "Mozilla/5.0 (UptimeBot)"
54.167.223.174 - - [29/Dec/2025:06:01:06 -0800] "HEAD / HTTP/1.1" 200 - "https://lovestrong.koolderbyacademy.com" "Mozilla/5.0+(compatible; UptimeRobot/2.0; http://www.uptimerobot.com/)"
5.161.117.52 - - [29/Dec/2025:06:06:11 -0800] "HEAD / HTTP/1.1" 200 - "https://lovestrong.koolderbyacademy.com" "Mozilla/5.0+(compatible; UptimeRobot/2.0; http://www.uptimerobot.com/)"
173.231.199.178 - - [29/Dec/2025:06:10:00 -0800] "GET / HTTP/1.1" 200 726 "-" "Mozilla/5.0 (UptimeBot)"
173.231.199.178 - - [29/Dec/2025:06:10:00 -0800] "GET /api/auth/getallperishlist HTTP/1.1" 200 71489 "-" "Mozilla/5.0 (UptimeBot)"
66.235.194.119 - - [29/Dec/2025:06:10:00 -0800] "GET /api/auth/getallperishlist HTTP/1.1" 200 71489 "-" "Mozilla/5.0 (UptimeBot)"
66.235.194.119 - - [29/Dec/2025:06:10:00 -0800] "GET / HTTP/1.1" 200 726 "-" "Mozilla/5.0 (UptimeBot)"
3.212.128.62 - - [29/Dec/2025:06:11:15 -0800] "HEAD / HTTP/1.1" 200 - "https://lovestrong.koolderbyacademy.com" "Mozilla/5.0+(compatible; UptimeRobot/2.0; http://www.uptimerobot.com/)"
180.222.114.201 - - [29/Dec/2025:06:13:46 -0800] "GET /logo.png HTTP/1.1" 200 163413 "-" "YahooMailProxy; https://help.yahoo.com/kb/yahoo-mail-proxy-SLN28749.html"
5.161.215.244 - - [29/Dec/2025:06:16:19 -0800] "HEAD / HTTP/1.1" 200 - "https://lovestrong.koolderbyacademy.com" "Mozilla/5.0+(compatible; UptimeRobot/2.0; http://www.uptimerobot.com/)"
173.231.199.178 - - [29/Dec/2025:06:20:00 -0800] "GET /api/auth/getallperishlist HTTP/1.1" 200 71489 "-" "Mozilla/5.0 (UptimeBot)"
173.231.199.178 - - [29/Dec/2025:06:20:00 -0800] "GET / HTTP/1.1" 200 726 "-" "Mozilla/5.0 (UptimeBot)"
66.235.194.119 - - [29/Dec/2025:06:20:01 -0800] "GET / HTTP/1.1" 200 726 "-" "Mozilla/5.0 (UptimeBot)"
66.235.194.119 - - [29/Dec/2025:06:20:01 -0800] "GET /api/auth/getallperishlist HTTP/1.1" 200 71489 "-" "Mozilla/5.0 (UptimeBot)"
18.116.205.62 - - [29/Dec/2025:06:21:25 -0800] "HEAD / HTTP/1.1" 200 - "https://lovestrong.koolderbyacademy.com" "Mozilla/5.0+(compatible; UptimeRobot/2.0; http://www.uptimerobot.com/)"
54.87.112.51 - - [29/Dec/2025:06:26:31 -0800] "HEAD / HTTP/1.1" 200 - "https://lovestrong.koolderbyacademy.com" "Mozilla/5.0+(compatible; UptimeRobot/2.0; http://www.uptimerobot.com/)"
173.231.199.178 - - [29/Dec/2025:06:30:00 -0800] "GET / HTTP/1.1" 200 726 "-" "Mozilla/5.0 (UptimeBot)"
173.231.199.178 - - [29/Dec/2025:06:30:00 -0800] "GET /api/auth/getallperishlist HTTP/1.1" 200 71489 "-" "Mozilla/5.0 (UptimeBot)"
66.235.194.119 - - [29/Dec/2025:06:30:00 -0800] "GET /api/auth/getallperishlist HTTP/1.1" 200 71489 "-" "Mozilla/5.0 (UptimeBot)"
66.235.194.119 - - [29/Dec/2025:06:30:00 -0800] "GET / HTTP/1.1" 200 726 "-" "Mozilla/5.0 (UptimeBot)"
5.161.194.92 - - [29/Dec/2025:06:31:36 -0800] "HEAD / HTTP/1.1" 200 - "https://lovestrong.koolderbyacademy.com" "Mozilla/5.0+(compatible; UptimeRobot/2.0; http://www.uptimerobot.com/)"
178.156.184.20 - - [29/Dec/2025:06:36:42 -0800] "HEAD / HTTP/1.1" 200 - "https://lovestrong.koolderbyacademy.com" "Mozilla/5.0+(compatible; UptimeRobot/2.0; http://www.uptimerobot.com/)"
173.231.199.178 - - [29/Dec/2025:06:40:00 -0800] "GET / HTTP/1.1" 200 726 "-" "Mozilla/5.0 (UptimeBot)"
173.231.199.178 - - [29/Dec/2025:06:40:00 -0800] "GET /api/auth/getallperishlist HTTP/1.1" 200 71489 "-" "Mozilla/5.0 (UptimeBot)"
66.235.194.119 - - [29/Dec/2025:06:40:00 -0800] "GET / HTTP/1.1" 200 726 "-" "Mozilla/5.0 (UptimeBot)"
