24.243.73.113 - - [29/Dec/2025:09:10:37 -0800] "GET /static/media/materialdesignicons-webfont.2ec256c84a2002197204.woff2 HTTP/1.1" 304 - "https://lovestrong.koolderbyacademy.com/registration-retreat/176" "Mozilla/5.0 (iPhone; CPU iPhone OS 18_7 like Mac OS X) AppleWebKit/605.1.15 (KHTML, like Gecko) Version/26.1 Mobile/15E148 Safari/604.1"
24.243.73.113 - - [29/Dec/2025:09:10:37 -0800] "GET /static/media/logo.f96fed557c1617146760.png HTTP/1.1" 304 - "https://lovestrong.koolderbyacademy.com/registration-retreat/176" "Mozilla/5.0 (iPhone; CPU iPhone OS 18_7 like Mac OS X) AppleWebKit/605.1.15 (KHTML, like Gecko) Version/26.1 Mobile/15E148 Safari/604.1"
24.243.73.113 - - [29/Dec/2025:09:10:37 -0800] "GET /static/css/main.28f87cc5.css HTTP/1.1" 304 - "https://lovestrong.koolderbyacademy.com/registration-retreat/176" "Mozilla/5.0 (iPhone; CPU iPhone OS 18_7 like Mac OS X) AppleWebKit/605.1.15 (KHTML, like Gecko) Version/26.1 Mobile/15E148 Safari/604.1"
24.243.73.113 - - [29/Dec/2025:09:10:37 -0800] "GET /static/media/couple-default.d7799f6002177d034d00.png HTTP/1.1" 304 - "https://lovestrong.koolderbyacademy.com/registration-retreat/176" "Mozilla/5.0 (iPhone; CPU iPhone OS 18_7 like Mac OS X) AppleWebKit/605.1.15 (KHTML, like Gecko) Version/26.1 Mobile/15E148 Safari/604.1"
24.243.73.113 - - [29/Dec/2025:09:10:37 -0800] "GET /public/retreatImage/St%20Matthews%20Pic.png HTTP/1.1" 304 - "https://lovestrong.koolderbyacademy.com/registration-retreat/176" "Mozilla/5.0 (iPhone; CPU iPhone OS 18_7 like Mac OS X) AppleWebKit/605.1.15 (KHTML, like Gecko) Version/26.1 Mobile/15E148 Safari/604.1"
24.243.73.113 - - [29/Dec/2025:09:10:37 -0800] "GET /static/js/main.696da69e.js HTTP/1.1" 304 - "https://lovestrong.koolderbyacademy.com/registration-retreat/176" "Mozilla/5.0 (iPhone; CPU iPhone OS 18_7 like Mac OS X) AppleWebKit/605.1.15 (KHTML, like Gecko) Version/26.1 Mobile/15E148 Safari/604.1"
24.243.73.113 - - [29/Dec/2025:09:10:37 -0800] "GET /public/parishLogo/Screenshot%202024-10-14%20at%201.33.25%20PM.png HTTP/1.1" 304 - "https://lovestrong.koolderbyacademy.com/registration-retreat/176" "Mozilla/5.0 (iPhone; CPU iPhone OS 18_7 like Mac OS X) AppleWebKit/605.1.15 (KHTML, like Gecko) Version/26.1 Mobile/15E148 Safari/604.1"
24.243.73.113 - - [29/Dec/2025:09:10:37 -0800] "GET /logo.png HTTP/1.1" 304 - "https://lovestrong.koolderbyacademy.com/registration-retreat/176" "Mozilla/5.0 (iPhone; CPU iPhone OS 18_7 like Mac OS X) AppleWebKit/605.1.15 (KHTML, like Gecko) Version/26.1 Mobile/15E148 Safari/604.1"
24.243.73.113 - - [29/Dec/2025:09:10:37 -0800] "GET /api/auth/getallperishlist HTTP/1.1" 200 71489 "https://lovestrong.koolderbyacademy.com/registration-retreat/176" "Mozilla/5.0 (iPhone; CPU iPhone OS 18_7 like Mac OS X) AppleWebKit/605.1.15 (KHTML, like Gecko) Version/26.1 Mobile/15E148 Safari/604.1"
24.243.73.113 - - [29/Dec/2025:09:10:37 -0800] "GET /api/auth/getAllIncommingRetreats HTTP/1.1" 200 204952 "https://lovestrong.koolderbyacademy.com/registration-retreat/176" "Mozilla/5.0 (iPhone; CPU iPhone OS 18_7 like Mac OS X) AppleWebKit/605.1.15 (KHTML, like Gecko) Version/26.1 Mobile/15E148 Safari/604.1"
24.243.73.113 - - [29/Dec/2025:09:10:37 -0800] "GET /api/auth/getallperishlist HTTP/1.1" 304 - "https://lovestrong.koolderbyacademy.com/registration-retreat/176" "Mozilla/5.0 (iPhone; CPU iPhone OS 18_7 like Mac OS X) AppleWebKit/605.1.15 (KHTML, like Gecko) Version/26.1 Mobile/15E148 Safari/604.1"
24.243.73.113 - - [29/Dec/2025:09:10:37 -0800] "POST /api/auth/getRolesOfRetreats HTTP/1.1" 200 762 "https://lovestrong.koolderbyacademy.com/registration-retreat/176" "Mozilla/5.0 (iPhone; CPU iPhone OS 18_7 like Mac OS X) AppleWebKit/605.1.15 (KHTML, like Gecko) Version/26.1 Mobile/15E148 Safari/604.1"
24.243.73.113 - - [29/Dec/2025:09:14:30 -0800] "GET /registration-retreat/176 HTTP/1.1" 200 985 "-" "Mozilla/5.0 (iPhone; CPU iPhone OS 18_7 like Mac OS X) AppleWebKit/605.1.15 (KHTML, like Gecko) Version/26.1 Mobile/15E148 Safari/604.1"
24.243.73.113 - - [29/Dec/2025:09:14:30 -0800] "GET /manifest.json HTTP/1.1" 304 - "https://lovestrong.koolderbyacademy.com/registration-retreat/176" "Mozilla/5.0 (iPhone; CPU iPhone OS 18_7 like Mac OS X) AppleWebKit/605.1.15 (KHTML, like Gecko) Version/26.1 Mobile/15E148 Safari/604.1"
24.243.73.113 - - [29/Dec/2025:09:14:30 -0800] "GET /static/css/main.28f87cc5.css HTTP/1.1" 304 - "https://lovestrong.koolderbyacademy.com/registration-retreat/176" "Mozilla/5.0 (iPhone; CPU iPhone OS 18_7 like Mac OS X) AppleWebKit/605.1.15 (KHTML, like Gecko) Version/26.1 Mobile/15E148 Safari/604.1"
24.243.73.113 - - [29/Dec/2025:09:14:30 -0800] "GET /static/js/main.696da69e.js HTTP/1.1" 304 - "https://lovestrong.koolderbyacademy.com/registration-retreat/176" "Mozilla/5.0 (iPhone; CPU iPhone OS 18_7 like Mac OS X) AppleWebKit/605.1.15 (KHTML, like Gecko) Version/26.1 Mobile/15E148 Safari/604.1"
24.243.73.113 - - [29/Dec/2025:09:14:30 -0800] "GET /api/auth/getallperishlist HTTP/1.1" 304 - "https://lovestrong.koolderbyacademy.com/registration-retreat/176" "Mozilla/5.0 (iPhone; CPU iPhone OS 18_7 like Mac OS X) AppleWebKit/605.1.15 (KHTML, like Gecko) Version/26.1 Mobile/15E148 Safari/604.1"
24.243.73.113 - - [29/Dec/2025:09:14:30 -0800] "GET /api/auth/getAllIncommingRetreats HTTP/1.1" 304 - "https://lovestrong.koolderbyacademy.com/registration-retreat/176" "Mozilla/5.0 (iPhone; CPU iPhone OS 18_7 like Mac OS X) AppleWebKit/605.1.15 (KHTML, like Gecko) Version/26.1 Mobile/15E148 Safari/604.1"
24.243.73.113 - - [29/Dec/2025:09:14:30 -0800] "GET /api/auth/getallperishlist HTTP/1.1" 304 - "https://lovestrong.koolderbyacademy.com/registration-retreat/176" "Mozilla/5.0 (iPhone; CPU iPhone OS 18_7 like Mac OS X) AppleWebKit/605.1.15 (KHTML, like Gecko) Version/26.1 Mobile/15E148 Safari/604.1"
24.243.73.113 - - [29/Dec/2025:09:14:30 -0800] "POST /api/auth/getRolesOfRetreats HTTP/1.1" 200 762 "https://lovestrong.koolderbyacademy.com/registration-retreat/176" "Mozilla/5.0 (iPhone; CPU iPhone OS 18_7 like Mac OS X) AppleWebKit/605.1.15 (KHTML, like Gecko) Version/26.1 Mobile/15E148 Safari/604.1"
24.243.73.113 - - [29/Dec/2025:09:14:30 -0800] "GET /static/media/logo.f96fed557c1617146760.png HTTP/1.1" 304 - "https://lovestrong.koolderbyacademy.com/registration-retreat/176" "Mozilla/5.0 (iPhone; CPU iPhone OS 18_7 like Mac OS X) AppleWebKit/605.1.15 (KHTML, like Gecko) Version/26.1 Mobile/15E148 Safari/604.1"
24.243.73.113 - - [29/Dec/2025:09:14:30 -0800] "GET /public/retreatImage/St%20Matthews%20Pic.png HTTP/1.1" 304 - "https://lovestrong.koolderbyacademy.com/registration-retreat/176" "Mozilla/5.0 (iPhone; CPU iPhone OS 18_7 like Mac OS X) AppleWebKit/605.1.15 (KHTML, like Gecko) Version/26.1 Mobile/15E148 Safari/604.1"
24.243.73.113 - - [29/Dec/2025:09:14:30 -0800] "GET /static/media/couple-default.d7799f6002177d034d00.png HTTP/1.1" 304 - "https://lovestrong.koolderbyacademy.com/registration-retreat/176" "Mozilla/5.0 (iPhone; CPU iPhone OS 18_7 like Mac OS X) AppleWebKit/605.1.15 (KHTML, like Gecko) Version/26.1 Mobile/15E148 Safari/604.1"
24.243.73.113 - - [29/Dec/2025:09:14:30 -0800] "GET /public/profileImage/Madrid.jpg HTTP/1.1" 304 - "https://lovestrong.koolderbyacademy.com/registration-retreat/176" "Mozilla/5.0 (iPhone; CPU iPhone OS 18_7 like Mac OS X) AppleWebKit/605.1.15 (KHTML, like Gecko) Version/26.1 Mobile/15E148 Safari/604.1"
24.243.73.113 - - [29/Dec/2025:09:14:31 -0800] "GET /static/media/materialdesignicons-webfont.2ec256c84a2002197204.woff2 HTTP/1.1" 304 - "https://lovestrong.koolderbyacademy.com/registration-retreat/176" "Mozilla/5.0 (iPhone; CPU iPhone OS 18_7 like Mac OS X) AppleWebKit/605.1.15 (KHTML, like Gecko) Version/26.1 Mobile/15E148 Safari/604.1"
24.243.73.113 - - [29/Dec/2025:09:14:31 -0800] "GET /public/parishLogo/Screenshot%202024-10-14%20at%201.33.25%20PM.png HTTP/1.1" 304 - "https://lovestrong.koolderbyacademy.com/registration-retreat/176" "Mozilla/5.0 (iPhone; CPU iPhone OS 18_7 like Mac OS X) AppleWebKit/605.1.15 (KHTML, like Gecko) Version/26.1 Mobile/15E148 Safari/604.1"
178.156.181.172 - - [29/Dec/2025:09:14:34 -0800] "HEAD / HTTP/1.1" 200 - "https://lovestrong.koolderbyacademy.com" "Mozilla/5.0+(compatible; UptimeRobot/2.0; http://www.uptimerobot.com/)"
178.156.181.172 - - [29/Dec/2025:09:19:39 -0800] "HEAD / HTTP/1.1" 200 - "https://lovestrong.koolderbyacademy.com" "Mozilla/5.0+(compatible; UptimeRobot/2.0; http://www.uptimerobot.com/)"
66.235.194.119 - - [29/Dec/2025:09:20:00 -0800] "GET /api/auth/getallperishlist HTTP/1.1" 200 71489 "-" "Mozilla/5.0 (UptimeBot)"
66.235.194.119 - - [29/Dec/2025:09:20:00 -0800] "GET / HTTP/1.1" 200 726 "-" "Mozilla/5.0 (UptimeBot)"
173.231.199.178 - - [29/Dec/2025:09:20:00 -0800] "GET /api/auth/getallperishlist HTTP/1.1" 200 71489 "-" "Mozilla/5.0 (UptimeBot)"
173.231.199.178 - - [29/Dec/2025:09:20:00 -0800] "GET / HTTP/1.1" 200 726 "-" "Mozilla/5.0 (UptimeBot)"
5.161.113.195 - - [29/Dec/2025:09:24:44 -0800] "HEAD / HTTP/1.1" 200 - "https://lovestrong.koolderbyacademy.com" "Mozilla/5.0+(compatible; UptimeRobot/2.0; http://www.uptimerobot.com/)"
3.212.128.62 - - [29/Dec/2025:09:29:50 -0800] "HEAD / HTTP/1.1" 200 - "https://lovestrong.koolderbyacademy.com" "Mozilla/5.0+(compatible; UptimeRobot/2.0; http://www.uptimerobot.com/)"
173.231.199.178 - - [29/Dec/2025:09:30:00 -0800] "GET /api/auth/getallperishlist HTTP/1.1" 200 71489 "-" "Mozilla/5.0 (UptimeBot)"
173.231.199.178 - - [29/Dec/2025:09:30:00 -0800] "GET / HTTP/1.1" 200 726 "-" "Mozilla/5.0 (UptimeBot)"
66.235.194.119 - - [29/Dec/2025:09:30:01 -0800] "GET /api/auth/getallperishlist HTTP/1.1" 200 71489 "-" "Mozilla/5.0 (UptimeBot)"
66.235.194.119 - - [29/Dec/2025:09:30:01 -0800] "GET / HTTP/1.1" 200 726 "-" "Mozilla/5.0 (UptimeBot)"
204.76.203.25 - - [29/Dec/2025:09:32:57 -0800] "GET /static/js/main.696da69e.js HTTP/1.1" 200 5264417 "-" "Mozilla/5.0 (Windows NT 10.0; Win64; x64) AppleWebKit/537.36 (KHTML, like Gecko) Chrome/134.0.0.0 Safari/537.3"
216.73.216.118 - - [29/Dec/2025:09:34:22 -0800] "GET /robots.txt HTTP/1.1" 200 67 "-" "Mozilla/5.0 AppleWebKit/537.36 (KHTML, like Gecko; compatible; ClaudeBot/1.0; +claudebot@anthropic.com)"
216.73.216.118 - - [29/Dec/2025:09:34:22 -0800] "GET /sitemap.xml HTTP/1.1" 200 726 "-" "Mozilla/5.0 AppleWebKit/537.36 (KHTML, like Gecko; compatible; ClaudeBot/1.0; +claudebot@anthropic.com)"
52.87.72.16 - - [29/Dec/2025:09:34:56 -0800] "HEAD / HTTP/1.1" 200 - "https://lovestrong.koolderbyacademy.com" "Mozilla/5.0+(compatible; UptimeRobot/2.0; http://www.uptimerobot.com/)"
173.231.199.178 - - [29/Dec/2025:09:40:00 -0800] "GET / HTTP/1.1" 200 726 "-" "Mozilla/5.0 (UptimeBot)"
173.231.199.178 - - [29/Dec/2025:09:40:00 -0800] "GET /api/auth/getallperishlist HTTP/1.1" 200 71489 "-" "Mozilla/5.0 (UptimeBot)"
66.235.194.119 - - [29/Dec/2025:09:40:00 -0800] "GET / HTTP/1.1" 200 726 "-" "Mozilla/5.0 (UptimeBot)"
66.235.194.119 - - [29/Dec/2025:09:40:00 -0800] "GET /api/auth/getallperishlist HTTP/1.1" 200 71489 "-" "Mozilla/5.0 (UptimeBot)"
178.156.189.249 - - [29/Dec/2025:09:40:05 -0800] "HEAD / HTTP/1.1" 200 - "https://lovestrong.koolderbyacademy.com" "Mozilla/5.0+(compatible; UptimeRobot/2.0; http://www.uptimerobot.com/)"
40.77.167.48 - - [29/Dec/2025:09:42:02 -0800] "GET /registration-retreat/166 HTTP/1.1" 200 1025 "-" "Mozilla/5.0 AppleWebKit/537.36 (KHTML, like Gecko; compatible; bingbot/2.0; +http://www.bing.com/bingbot.htm) Chrome/116.0.1938.76 Safari/537.36"
52.167.144.23 - - [29/Dec/2025:09:42:21 -0800] "POST /api/auth/getRolesOfRetreats HTTP/1.1" 200 946 "-" "Mozilla/5.0 AppleWebKit/537.36 (KHTML, like Gecko; compatible; bingbot/2.0; +http://www.bing.com/bingbot.htm) Chrome/116.0.1938.76 Safari/537.36"
52.167.144.23 - - [29/Dec/2025:09:42:21 -0800] "GET /api/auth/getRolesOfRetreats HTTP/1.1" 200 726 "-" "Mozilla/5.0 AppleWebKit/537.36 (KHTML, like Gecko; compatible; bingbot/2.0; +http://www.bing.com/bingbot.htm) Chrome/116.0.1938.76 Safari/537.36"
178.156.181.172 - - [29/Dec/2025:09:45:09 -0800] "HEAD / HTTP/1.1" 200 - "https://lovestrong.koolderbyacademy.com" "Mozilla/5.0+(compatible; UptimeRobot/2.0; http://www.uptimerobot.com/)"
169.224.36.98 - - [29/Dec/2025:09:46:32 -0800] "GET /robots.txt HTTP/1.1" 200 67 "-" "Mozilla/5.0 (Windows NT 10.0; Win64; x64) AppleWebKit/537.36 (KHTML, like Gecko) Chrome/114.0.0.0 Safari/537.36 Edg/114.0.1823.43"
173.231.199.178 - - [29/Dec/2025:09:50:00 -0800] "GET / HTTP/1.1" 200 726 "-" "Mozilla/5.0 (UptimeBot)"
173.231.199.178 - - [29/Dec/2025:09:50:00 -0800] "GET /api/auth/getallperishlist HTTP/1.1" 200 71489 "-" "Mozilla/5.0 (UptimeBot)"
66.235.194.119 - - [29/Dec/2025:09:50:01 -0800] "GET / HTTP/1.1" 200 726 "-" "Mozilla/5.0 (UptimeBot)"
66.235.194.119 - - [29/Dec/2025:09:50:01 -0800] "GET /api/auth/getallperishlist HTTP/1.1" 200 71489 "-" "Mozilla/5.0 (UptimeBot)"
52.22.236.30 - - [29/Dec/2025:09:50:16 -0800] "HEAD / HTTP/1.1" 200 - "https://lovestrong.koolderbyacademy.com" "Mozilla/5.0+(compatible; UptimeRobot/2.0; http://www.uptimerobot.com/)"
40.77.167.76 - - [29/Dec/2025:09:53:23 -0800] "GET /?f=7511544268de7d97 HTTP/1.1" 200 726 "-" "Mozilla/5.0 AppleWebKit/537.36 (KHTML, like Gecko; compatible; bingbot/2.0; +http://www.bing.com/bingbot.htm) Chrome/116.0.1938.76 Safari/537.36"
5.161.75.7 - - [29/Dec/2025:09:55:21 -0800] "HEAD / HTTP/1.1" 200 - "https://lovestrong.koolderbyacademy.com" "Mozilla/5.0+(compatible; UptimeRobot/2.0; http://www.uptimerobot.com/)"
66.235.194.119 - - [29/Dec/2025:10:00:00 -0800] "GET / HTTP/1.1" 200 726 "-" "Mozilla/5.0 (UptimeBot)"
66.235.194.119 - - [29/Dec/2025:10:00:00 -0800] "GET /api/auth/getallperishlist HTTP/1.1" 200 71489 "-" "Mozilla/5.0 (UptimeBot)"
173.231.199.178 - - [29/Dec/2025:10:00:00 -0800] "GET /api/auth/getallperishlist HTTP/1.1" 200 71489 "-" "Mozilla/5.0 (UptimeBot)"
173.231.199.178 - - [29/Dec/2025:10:00:00 -0800] "GET / HTTP/1.1" 200 726 "-" "Mozilla/5.0 (UptimeBot)"
5.161.73.160 - - [29/Dec/2025:10:00:27 -0800] "HEAD / HTTP/1.1" 200 - "https://lovestrong.koolderbyacademy.com" "Mozilla/5.0+(compatible; UptimeRobot/2.0; http://www.uptimerobot.com/)"
54.87.112.51 - - [29/Dec/2025:10:05:31 -0800] "HEAD / HTTP/1.1" 200 - "https://lovestrong.koolderbyacademy.com" "Mozilla/5.0+(compatible; UptimeRobot/2.0; http://www.uptimerobot.com/)"
173.231.199.178 - - [29/Dec/2025:10:10:00 -0800] "GET / HTTP/1.1" 200 726 "-" "Mozilla/5.0 (UptimeBot)"
173.231.199.178 - - [29/Dec/2025:10:10:00 -0800] "GET /api/auth/getallperishlist HTTP/1.1" 200 71489 "-" "Mozilla/5.0 (UptimeBot)"
66.235.194.119 - - [29/Dec/2025:10:10:01 -0800] "GET /api/auth/getallperishlist HTTP/1.1" 200 71489 "-" "Mozilla/5.0 (UptimeBot)"
66.235.194.119 - - [29/Dec/2025:10:10:01 -0800] "GET / HTTP/1.1" 200 726 "-" "Mozilla/5.0 (UptimeBot)"
3.133.226.214 - - [29/Dec/2025:10:10:35 -0800] "HEAD / HTTP/1.1" 200 - "https://lovestrong.koolderbyacademy.com" "Mozilla/5.0+(compatible; UptimeRobot/2.0; http://www.uptimerobot.com/)"
5.161.113.195 - - [29/Dec/2025:10:15:39 -0800] "HEAD / HTTP/1.1" 200 - "https://lovestrong.koolderbyacademy.com" "Mozilla/5.0+(compatible; UptimeRobot/2.0; http://www.uptimerobot.com/)"
173.231.199.178 - - [29/Dec/2025:10:20:00 -0800] "GET / HTTP/1.1" 200 726 "-" "Mozilla/5.0 (UptimeBot)"
173.231.199.178 - - [29/Dec/2025:10:20:00 -0800] "GET /api/auth/getallperishlist HTTP/1.1" 200 71489 "-" "Mozilla/5.0 (UptimeBot)"
66.235.194.119 - - [29/Dec/2025:10:20:00 -0800] "GET / HTTP/1.1" 200 726 "-" "Mozilla/5.0 (UptimeBot)"
66.235.194.119 - - [29/Dec/2025:10:20:00 -0800] "GET /api/auth/getallperishlist HTTP/1.1" 200 71489 "-" "Mozilla/5.0 (UptimeBot)"
3.133.226.214 - - [29/Dec/2025:10:20:43 -0800] "HEAD / HTTP/1.1" 200 - "https://lovestrong.koolderbyacademy.com" "Mozilla/5.0+(compatible; UptimeRobot/2.0; http://www.uptimerobot.com/)"
178.156.189.249 - - [29/Dec/2025:10:25:48 -0800] "HEAD / HTTP/1.1" 200 - "https://lovestrong.koolderbyacademy.com" "Mozilla/5.0+(compatible; UptimeRobot/2.0; http://www.uptimerobot.com/)"
173.231.199.178 - - [29/Dec/2025:10:30:00 -0800] "GET / HTTP/1.1" 200 726 "-" "Mozilla/5.0 (UptimeBot)"
173.231.199.178 - - [29/Dec/2025:10:30:00 -0800] "GET /api/auth/getallperishlist HTTP/1.1" 200 71489 "-" "Mozilla/5.0 (UptimeBot)"
66.235.194.119 - - [29/Dec/2025:10:30:01 -0800] "GET /api/auth/getallperishlist HTTP/1.1" 200 71489 "-" "Mozilla/5.0 (UptimeBot)"
66.235.194.119 - - [29/Dec/2025:10:30:01 -0800] "GET / HTTP/1.1" 200 726 "-" "Mozilla/5.0 (UptimeBot)"
34.198.201.66 - - [29/Dec/2025:10:30:53 -0800] "HEAD / HTTP/1.1" 200 - "https://lovestrong.koolderbyacademy.com" "Mozilla/5.0+(compatible; UptimeRobot/2.0; http://www.uptimerobot.com/)"
3.212.128.62 - - [29/Dec/2025:10:36:00 -0800] "HEAD / HTTP/1.1" 200 - "https://lovestrong.koolderbyacademy.com" "Mozilla/5.0+(compatible; UptimeRobot/2.0; http://www.uptimerobot.com/)"
66.235.194.119 - - [29/Dec/2025:10:40:00 -0800] "GET / HTTP/1.1" 200 726 "-" "Mozilla/5.0 (UptimeBot)"
66.235.194.119 - - [29/Dec/2025:10:40:00 -0800] "GET /api/auth/getallperishlist HTTP/1.1" 200 71489 "-" "Mozilla/5.0 (UptimeBot)"
173.231.199.178 - - [29/Dec/2025:10:40:00 -0800] "GET /api/auth/getallperishlist HTTP/1.1" 200 71489 "-" "Mozilla/5.0 (UptimeBot)"
173.231.199.178 - - [29/Dec/2025:10:40:00 -0800] "GET / HTTP/1.1" 200 726 "-" "Mozilla/5.0 (UptimeBot)"
54.167.223.174 - - [29/Dec/2025:10:41:11 -0800] "HEAD / HTTP/1.1" 200 - "https://lovestrong.koolderbyacademy.com" "Mozilla/5.0+(compatible; UptimeRobot/2.0; http://www.uptimerobot.com/)"
34.198.201.66 - - [29/Dec/2025:10:46:16 -0800] "HEAD / HTTP/1.1" 200 - "https://lovestrong.koolderbyacademy.com" "Mozilla/5.0+(compatible; UptimeRobot/2.0; http://www.uptimerobot.com/)"
72.179.161.127 - - [29/Dec/2025:10:47:16 -0800] "GET /apple-touch-icon-precomposed.png HTTP/1.1" 200 726 "-" "com.apple.WebKit.Networking/20621.2.5.11.8 Network/4277.121.5 macOS/15.5"
72.179.161.127 - - [29/Dec/2025:10:47:16 -0800] "GET /retreat-registrations HTTP/1.1" 200 726 "-" "Mozilla/5.0 (Macintosh; Intel Mac OS X 10_11_1) AppleWebKit/601.2.4 (KHTML, like Gecko) Version/9.0.1 Safari/601.2.4 facebookexternalhit/1.1 Facebot Twitterbot/1.0"
72.179.161.127 - - [29/Dec/2025:10:47:17 -0800] "GET /favicon.ico HTTP/1.1" 200 3870 "-" "com.apple.WebKit.Networking/20621.2.5.11.8 Network/4277.121.5 macOS/15.5"
72.179.161.127 - - [29/Dec/2025:10:47:17 -0800] "GET /apple-touch-icon.png HTTP/1.1" 200 726 "-" "com.apple.WebKit.Networking/20621.2.5.11.8 Network/4277.121.5 macOS/15.5"
72.179.161.127 - - [29/Dec/2025:10:47:17 -0800] "GET /logo.png HTTP/1.1" 200 163413 "-" "com.apple.WebKit.Networking/20621.2.5.11.8 Network/4277.121.5 macOS/15.5"
72.179.161.127 - - [29/Dec/2025:10:47:17 -0800] "GET /logo192.png HTTP/1.1" 200 5347 "-" "com.apple.WebKit.Networking/20621.2.5.11.8 Network/4277.121.5 macOS/15.5"
72.179.161.127 - - [29/Dec/2025:10:47:17 -0800] "GET /logo.png HTTP/1.1" 200 163413 "-" "com.apple.WebKit.Networking/20621.2.5.11.8 Network/4277.121.5 macOS/15.5"
173.231.199.178 - - [29/Dec/2025:10:50:00 -0800] "GET / HTTP/1.1" 200 726 "-" "Mozilla/5.0 (UptimeBot)"
173.231.199.178 - - [29/Dec/2025:10:50:00 -0800] "GET /api/auth/getallperishlist HTTP/1.1" 200 71489 "-" "Mozilla/5.0 (UptimeBot)"
66.235.194.119 - - [29/Dec/2025:10:50:01 -0800] "GET / HTTP/1.1" 200 726 "-" "Mozilla/5.0 (UptimeBot)"
66.235.194.119 - - [29/Dec/2025:10:50:01 -0800] "GET /api/auth/getallperishlist HTTP/1.1" 200 71489 "-" "Mozilla/5.0 (UptimeBot)"
3.12.251.153 - - [29/Dec/2025:10:51:22 -0800] "HEAD / HTTP/1.1" 200 - "https://lovestrong.koolderbyacademy.com" "Mozilla/5.0+(compatible; UptimeRobot/2.0; http://www.uptimerobot.com/)"
69.171.230.114 - - [29/Dec/2025:10:55:34 -0800] "GET /public/retreatImage/Poster-(8.5%20x%2011)@0.33x.jpg HTTP/1.1" 200 813339 "-" "facebookexternalhit/1.1 (+http://www.facebook.com/externalhit_uatext.php)"
3.212.128.62 - - [29/Dec/2025:10:56:26 -0800] "HEAD / HTTP/1.1" 200 - "https://lovestrong.koolderbyacademy.com" "Mozilla/5.0+(compatible; UptimeRobot/2.0; http://www.uptimerobot.com/)"
173.231.199.178 - - [29/Dec/2025:11:00:00 -0800] "GET / HTTP/1.1" 200 726 "-" "Mozilla/5.0 (UptimeBot)"
173.231.199.178 - - [29/Dec/2025:11:00:00 -0800] "GET /api/auth/getallperishlist HTTP/1.1" 200 71489 "-" "Mozilla/5.0 (UptimeBot)"
66.235.194.119 - - [29/Dec/2025:11:00:00 -0800] "GET / HTTP/1.1" 200 726 "-" "Mozilla/5.0 (UptimeBot)"
66.235.194.119 - - [29/Dec/2025:11:00:00 -0800] "GET /api/auth/getallperishlist HTTP/1.1" 200 71489 "-" "Mozilla/5.0 (UptimeBot)"
34.198.201.66 - - [29/Dec/2025:11:01:33 -0800] "HEAD / HTTP/1.1" 200 - "https://lovestrong.koolderbyacademy.com" "Mozilla/5.0+(compatible; UptimeRobot/2.0; http://www.uptimerobot.com/)"
54.167.223.174 - - [29/Dec/2025:11:06:40 -0800] "HEAD / HTTP/1.1" 200 - "https://lovestrong.koolderbyacademy.com" "Mozilla/5.0+(compatible; UptimeRobot/2.0; http://www.uptimerobot.com/)"
173.231.199.178 - - [29/Dec/2025:11:10:00 -0800] "GET / HTTP/1.1" 200 726 "-" "Mozilla/5.0 (UptimeBot)"
173.231.199.178 - - [29/Dec/2025:11:10:00 -0800] "GET /api/auth/getallperishlist HTTP/1.1" 200 71489 "-" "Mozilla/5.0 (UptimeBot)"
66.235.194.119 - - [29/Dec/2025:11:10:00 -0800] "GET /api/auth/getallperishlist HTTP/1.1" 200 71489 "-" "Mozilla/5.0 (UptimeBot)"
66.235.194.119 - - [29/Dec/2025:11:10:00 -0800] "GET / HTTP/1.1" 200 726 "-" "Mozilla/5.0 (UptimeBot)"
178.156.189.249 - - [29/Dec/2025:11:11:45 -0800] "HEAD / HTTP/1.1" 200 - "https://lovestrong.koolderbyacademy.com" "Mozilla/5.0+(compatible; UptimeRobot/2.0; http://www.uptimerobot.com/)"
5.161.117.52 - - [29/Dec/2025:11:16:51 -0800] "HEAD / HTTP/1.1" 200 - "https://lovestrong.koolderbyacademy.com" "Mozilla/5.0+(compatible; UptimeRobot/2.0; http://www.uptimerobot.com/)"
66.235.194.119 - - [29/Dec/2025:11:20:00 -0800] "GET /api/auth/getallperishlist HTTP/1.1" 200 71489 "-" "Mozilla/5.0 (UptimeBot)"
66.235.194.119 - - [29/Dec/2025:11:20:00 -0800] "GET / HTTP/1.1" 200 726 "-" "Mozilla/5.0 (UptimeBot)"
173.231.199.178 - - [29/Dec/2025:11:20:00 -0800] "GET / HTTP/1.1" 200 726 "-" "Mozilla/5.0 (UptimeBot)"
173.231.199.178 - - [29/Dec/2025:11:20:00 -0800] "GET /api/auth/getallperishlist HTTP/1.1" 200 71489 "-" "Mozilla/5.0 (UptimeBot)"
5.161.61.238 - - [29/Dec/2025:11:21:55 -0800] "HEAD / HTTP/1.1" 200 - "https://lovestrong.koolderbyacademy.com" "Mozilla/5.0+(compatible; UptimeRobot/2.0; http://www.uptimerobot.com/)"
146.75.164.1 - - [29/Dec/2025:11:26:28 -0800] "GET /logo.png HTTP/1.1" 200 163413 "-" "Mozilla/5.0"
34.198.201.66 - - [29/Dec/2025:11:27:00 -0800] "HEAD / HTTP/1.1" 200 - "https://lovestrong.koolderbyacademy.com" "Mozilla/5.0+(compatible; UptimeRobot/2.0; http://www.uptimerobot.com/)"
173.231.199.178 - - [29/Dec/2025:11:30:00 -0800] "GET / HTTP/1.1" 200 726 "-" "Mozilla/5.0 (UptimeBot)"
173.231.199.178 - - [29/Dec/2025:11:30:00 -0800] "GET /api/auth/getallperishlist HTTP/1.1" 200 71489 "-" "Mozilla/5.0 (UptimeBot)"
66.235.194.119 - - [29/Dec/2025:11:30:00 -0800] "GET / HTTP/1.1" 200 726 "-" "Mozilla/5.0 (UptimeBot)"
66.235.194.119 - - [29/Dec/2025:11:30:00 -0800] "GET /api/auth/getallperishlist HTTP/1.1" 200 71489 "-" "Mozilla/5.0 (UptimeBot)"
5.161.75.7 - - [29/Dec/2025:11:32:06 -0800] "HEAD / HTTP/1.1" 200 - "https://lovestrong.koolderbyacademy.com" "Mozilla/5.0+(compatible; UptimeRobot/2.0; http://www.uptimerobot.com/)"
52.15.147.27 - - [29/Dec/2025:11:37:11 -0800] "HEAD / HTTP/1.1" 200 - "https://lovestrong.koolderbyacademy.com" "Mozilla/5.0+(compatible; UptimeRobot/2.0; http://www.uptimerobot.com/)"
173.231.199.178 - - [29/Dec/2025:11:40:00 -0800] "GET / HTTP/1.1" 200 726 "-" "Mozilla/5.0 (UptimeBot)"
173.231.199.178 - - [29/Dec/2025:11:40:00 -0800] "GET /api/auth/getallperishlist HTTP/1.1" 200 71489 "-" "Mozilla/5.0 (UptimeBot)"
66.235.194.119 - - [29/Dec/2025:11:40:00 -0800] "GET / HTTP/1.1" 200 726 "-" "Mozilla/5.0 (UptimeBot)"
66.235.194.119 - - [29/Dec/2025:11:40:00 -0800] "GET /api/auth/getallperishlist HTTP/1.1" 200 71489 "-" "Mozilla/5.0 (UptimeBot)"
136.50.183.100 - - [29/Dec/2025:11:41:19 -0800] "GET /registration-retreat/171 HTTP/1.1" 200 1005 "https://lovestrongmarriage.com/" "Mozilla/5.0 (X11; Linux x86_64) AppleWebKit/537.36 (KHTML, like Gecko) Chrome/143.0.0.0 Safari/537.36"
136.50.183.100 - - [29/Dec/2025:11:41:20 -0800] "GET /static/css/main.28f87cc5.css HTTP/1.1" 200 949337 "https://lovestrong.koolderbyacademy.com/registration-retreat/171" "Mozilla/5.0 (X11; Linux x86_64) AppleWebKit/537.36 (KHTML, like Gecko) Chrome/143.0.0.0 Safari/537.36"
136.50.183.100 - - [29/Dec/2025:11:41:20 -0800] "GET /static/js/main.696da69e.js HTTP/1.1" 200 5264417 "https://lovestrong.koolderbyacademy.com/registration-retreat/171" "Mozilla/5.0 (X11; Linux x86_64) AppleWebKit/537.36 (KHTML, like Gecko) Chrome/143.0.0.0 Safari/537.36"
136.50.183.100 - - [29/Dec/2025:11:41:23 -0800] "GET /api/auth/getallperishlist HTTP/1.1" 200 71489 "https://lovestrong.koolderbyacademy.com/registration-retreat/171" "Mozilla/5.0 (X11; Linux x86_64) AppleWebKit/537.36 (KHTML, like Gecko) Chrome/143.0.0.0 Safari/537.36"
136.50.183.100 - - [29/Dec/2025:11:41:23 -0800] "GET /api/auth/getAllIncommingRetreats HTTP/1.1" 200 204952 "https://lovestrong.koolderbyacademy.com/registration-retreat/171" "Mozilla/5.0 (X11; Linux x86_64) AppleWebKit/537.36 (KHTML, like Gecko) Chrome/143.0.0.0 Safari/537.36"
136.50.183.100 - - [29/Dec/2025:11:41:23 -0800] "GET /logo.png HTTP/1.1" 200 163413 "https://lovestrong.koolderbyacademy.com/registration-retreat/171" "Mozilla/5.0 (X11; Linux x86_64) AppleWebKit/537.36 (KHTML, like Gecko) Chrome/143.0.0.0 Safari/537.36"
136.50.183.100 - - [29/Dec/2025:11:41:23 -0800] "GET /manifest.json HTTP/1.1" 200 492 "https://lovestrong.koolderbyacademy.com/registration-retreat/171" "Mozilla/5.0 (X11; Linux x86_64) AppleWebKit/537.36 (KHTML, like Gecko) Chrome/143.0.0.0 Safari/537.36"
136.50.183.100 - - [29/Dec/2025:11:41:23 -0800] "GET /logo192.png HTTP/1.1" 200 5347 "https://lovestrong.koolderbyacademy.com/registration-retreat/171" "Mozilla/5.0 (X11; Linux x86_64) AppleWebKit/537.36 (KHTML, like Gecko) Chrome/143.0.0.0 Safari/537.36"
136.50.183.100 - - [29/Dec/2025:11:41:23 -0800] "GET /logo192.png HTTP/1.1" 304 - "https://lovestrong.koolderbyacademy.com/registration-retreat/171" "Mozilla/5.0 (X11; Linux x86_64) AppleWebKit/537.36 (KHTML, like Gecko) Chrome/143.0.0.0 Safari/537.36"
136.50.183.100 - - [29/Dec/2025:11:41:23 -0800] "GET /api/auth/getallperishlist HTTP/1.1" 304 - "https://lovestrong.koolderbyacademy.com/registration-retreat/171" "Mozilla/5.0 (X11; Linux x86_64) AppleWebKit/537.36 (KHTML, like Gecko) Chrome/143.0.0.0 Safari/537.36"
136.50.183.100 - - [29/Dec/2025:11:41:23 -0800] "POST /api/auth/getRolesOfRetreats HTTP/1.1" 200 965 "https://lovestrong.koolderbyacademy.com/registration-retreat/171" "Mozilla/5.0 (X11; Linux x86_64) AppleWebKit/537.36 (KHTML, like Gecko) Chrome/143.0.0.0 Safari/537.36"
136.50.183.100 - - [29/Dec/2025:11:41:23 -0800] "GET /static/media/logo.f96fed557c1617146760.png HTTP/1.1" 200 163413 "https://lovestrong.koolderbyacademy.com/registration-retreat/171" "Mozilla/5.0 (X11; Linux x86_64) AppleWebKit/537.36 (KHTML, like Gecko) Chrome/143.0.0.0 Safari/537.36"
136.50.183.100 - - [29/Dec/2025:11:41:23 -0800] "GET /static/media/materialdesignicons-webfont.2ec256c84a2002197204.woff2 HTTP/1.1" 200 224348 "https://lovestrong.koolderbyacademy.com/static/css/main.28f87cc5.css" "Mozilla/5.0 (X11; Linux x86_64) AppleWebKit/537.36 (KHTML, like Gecko) Chrome/143.0.0.0 Safari/537.36"
136.50.183.100 - - [29/Dec/2025:11:41:24 -0800] "GET /public/profileImage/New%20Project%20(2).png HTTP/1.1" 200 578968 "https://lovestrong.koolderbyacademy.com/registration-retreat/171" "Mozilla/5.0 (X11; Linux x86_64) AppleWebKit/537.36 (KHTML, like Gecko) Chrome/143.0.0.0 Safari/537.36"
136.50.183.100 - - [29/Dec/2025:11:41:23 -0800] "GET /public/retreatImage/St.%20Anthony.jpg HTTP/1.1" 200 623615 "https://lovestrong.koolderbyacademy.com/registration-retreat/171" "Mozilla/5.0 (X11; Linux x86_64) AppleWebKit/537.36 (KHTML, like Gecko) Chrome/143.0.0.0 Safari/537.36"
136.50.183.100 - - [29/Dec/2025:11:41:23 -0800] "GET /public/roasterImage/Michael_and_Margaret_Juarez.jpg HTTP/1.1" 200 973688 "https://lovestrong.koolderbyacademy.com/registration-retreat/171" "Mozilla/5.0 (X11; Linux x86_64) AppleWebKit/537.36 (KHTML, like Gecko) Chrome/143.0.0.0 Safari/537.36"
136.50.183.100 - - [29/Dec/2025:11:41:23 -0800] "GET /public/roasterImage/Andrew_and_Pam_Minnick.jpg HTTP/1.1" 200 1380235 "https://lovestrong.koolderbyacademy.com/registration-retreat/171" "Mozilla/5.0 (X11; Linux x86_64) AppleWebKit/537.36 (KHTML, like Gecko) Chrome/143.0.0.0 Safari/537.36"
3.149.57.90 - - [29/Dec/2025:11:42:15 -0800] "HEAD / HTTP/1.1" 200 - "https://lovestrong.koolderbyacademy.com" "Mozilla/5.0+(compatible; UptimeRobot/2.0; http://www.uptimerobot.com/)"
136.50.183.100 - - [29/Dec/2025:11:42:18 -0800] "GET /registration-retreat/172 HTTP/1.1" 200 985 "https://lovestrongmarriage.com/" "Mozilla/5.0 (X11; Linux x86_64) AppleWebKit/537.36 (KHTML, like Gecko) Chrome/143.0.0.0 Safari/537.36"
136.50.183.100 - - [29/Dec/2025:11:42:18 -0800] "GET /static/js/main.696da69e.js HTTP/1.1" 304 - "https://lovestrong.koolderbyacademy.com/registration-retreat/172" "Mozilla/5.0 (X11; Linux x86_64) AppleWebKit/537.36 (KHTML, like Gecko) Chrome/143.0.0.0 Safari/537.36"
136.50.183.100 - - [29/Dec/2025:11:42:18 -0800] "GET /static/css/main.28f87cc5.css HTTP/1.1" 304 - "https://lovestrong.koolderbyacademy.com/registration-retreat/172" "Mozilla/5.0 (X11; Linux x86_64) AppleWebKit/537.36 (KHTML, like Gecko) Chrome/143.0.0.0 Safari/537.36"
136.50.183.100 - - [29/Dec/2025:11:42:19 -0800] "GET /api/auth/getAllIncommingRetreats HTTP/1.1" 304 - "https://lovestrong.koolderbyacademy.com/registration-retreat/172" "Mozilla/5.0 (X11; Linux x86_64) AppleWebKit/537.36 (KHTML, like Gecko) Chrome/143.0.0.0 Safari/537.36"
136.50.183.100 - - [29/Dec/2025:11:42:19 -0800] "GET /api/auth/getallperishlist HTTP/1.1" 304 - "https://lovestrong.koolderbyacademy.com/registration-retreat/172" "Mozilla/5.0 (X11; Linux x86_64) AppleWebKit/537.36 (KHTML, like Gecko) Chrome/143.0.0.0 Safari/537.36"
136.50.183.100 - - [29/Dec/2025:11:42:19 -0800] "GET /api/auth/getallperishlist HTTP/1.1" 304 - "https://lovestrong.koolderbyacademy.com/registration-retreat/172" "Mozilla/5.0 (X11; Linux x86_64) AppleWebKit/537.36 (KHTML, like Gecko) Chrome/143.0.0.0 Safari/537.36"
136.50.183.100 - - [29/Dec/2025:11:42:19 -0800] "GET /manifest.json HTTP/1.1" 304 - "https://lovestrong.koolderbyacademy.com/registration-retreat/172" "Mozilla/5.0 (X11; Linux x86_64) AppleWebKit/537.36 (KHTML, like Gecko) Chrome/143.0.0.0 Safari/537.36"
136.50.183.100 - - [29/Dec/2025:11:42:19 -0800] "POST /api/auth/getRolesOfRetreats HTTP/1.1" 200 1008 "https://lovestrong.koolderbyacademy.com/registration-retreat/172" "Mozilla/5.0 (X11; Linux x86_64) AppleWebKit/537.36 (KHTML, like Gecko) Chrome/143.0.0.0 Safari/537.36"
136.50.183.100 - - [29/Dec/2025:11:42:19 -0800] "GET /static/media/materialdesignicons-webfont.2ec256c84a2002197204.woff2 HTTP/1.1" 304 - "https://lovestrong.koolderbyacademy.com/static/css/main.28f87cc5.css" "Mozilla/5.0 (X11; Linux x86_64) AppleWebKit/537.36 (KHTML, like Gecko) Chrome/143.0.0.0 Safari/537.36"
136.50.183.100 - - [29/Dec/2025:11:42:19 -0800] "GET /logo192.png HTTP/1.1" 304 - "https://lovestrong.koolderbyacademy.com/registration-retreat/172" "Mozilla/5.0 (X11; Linux x86_64) AppleWebKit/537.36 (KHTML, like Gecko) Chrome/143.0.0.0 Safari/537.36"
136.50.183.100 - - [29/Dec/2025:11:42:19 -0800] "GET /static/media/logo.f96fed557c1617146760.png HTTP/1.1" 304 - "https://lovestrong.koolderbyacademy.com/registration-retreat/172" "Mozilla/5.0 (X11; Linux x86_64) AppleWebKit/537.36 (KHTML, like Gecko) Chrome/143.0.0.0 Safari/537.36"
136.50.183.100 - - [29/Dec/2025:11:42:19 -0800] "GET /public/profileImage/Screenshot%202023-08-27%20at%202.40.32%20PM.png HTTP/1.1" 200 283503 "https://lovestrong.koolderbyacademy.com/registration-retreat/172" "Mozilla/5.0 (X11; Linux x86_64) AppleWebKit/537.36 (KHTML, like Gecko) Chrome/143.0.0.0 Safari/537.36"
136.50.183.100 - - [29/Dec/2025:11:42:19 -0800] "GET /public/retreatImage/retreat%20theme%20pic.jpg HTTP/1.1" 200 386726 "https://lovestrong.koolderbyacademy.com/registration-retreat/172" "Mozilla/5.0 (X11; Linux x86_64) AppleWebKit/537.36 (KHTML, like Gecko) Chrome/143.0.0.0 Safari/537.36"
136.50.183.100 - - [29/Dec/2025:11:42:19 -0800] "GET /public/profileImage/Sanchez,%20JP%20&%20Diana%20_2025-11-02.jpeg HTTP/1.1" 200 399347 "https://lovestrong.koolderbyacademy.com/registration-retreat/172" "Mozilla/5.0 (X11; Linux x86_64) AppleWebKit/537.36 (KHTML, like Gecko) Chrome/143.0.0.0 Safari/537.36"
136.50.183.100 - - [29/Dec/2025:11:42:19 -0800] "GET /public/parishLogo/Screenshot%202024-10-14%20at%201.56.33%20PM.png HTTP/1.1" 200 597135 "https://lovestrong.koolderbyacademy.com/registration-retreat/172" "Mozilla/5.0 (X11; Linux x86_64) AppleWebKit/537.36 (KHTML, like Gecko) Chrome/143.0.0.0 Safari/537.36"
136.50.183.100 - - [29/Dec/2025:11:42:19 -0800] "GET /public/profileImage/Screenshot%202023-07-19%20at%2010.09.00%20PM.png HTTP/1.1" 200 768838 "https://lovestrong.koolderbyacademy.com/registration-retreat/172" "Mozilla/5.0 (X11; Linux x86_64) AppleWebKit/537.36 (KHTML, like Gecko) Chrome/143.0.0.0 Safari/537.36"
172.56.88.227 - - [29/Dec/2025:11:46:39 -0800] "GET /registration-retreat/139 HTTP/1.1" 200 1009 "-" "Mozilla/5.0 (iPhone; CPU iPhone OS 18_5 like Mac OS X) AppleWebKit/605.1.15 (KHTML, like Gecko) Version/18.5 Mobile/15E148 Safari/604.1"
172.56.88.227 - - [29/Dec/2025:11:46:39 -0800] "GET /static/css/main.28f87cc5.css HTTP/1.1" 200 262144 "https://lovestrong.koolderbyacademy.com/registration-retreat/139" "Mozilla/5.0 (iPhone; CPU iPhone OS 18_5 like Mac OS X) AppleWebKit/605.1.15 (KHTML, like Gecko) Version/18.5 Mobile/15E148 Safari/604.1"
172.56.88.227 - - [29/Dec/2025:11:46:39 -0800] "GET /static/js/main.696da69e.js HTTP/1.1" 200 155648 "https://lovestrong.koolderbyacademy.com/registration-retreat/139" "Mozilla/5.0 (iPhone; CPU iPhone OS 18_5 like Mac OS X) AppleWebKit/605.1.15 (KHTML, like Gecko) Version/18.5 Mobile/15E148 Safari/604.1"
172.56.88.227 - - [29/Dec/2025:11:46:43 -0800] "GET /registration-retreat/139 HTTP/1.1" 304 - "-" "Mozilla/5.0 (iPhone; CPU iPhone OS 18_5 like Mac OS X) AppleWebKit/605.1.15 (KHTML, like Gecko) Version/18.5 Mobile/15E148 Safari/604.1"
172.56.88.227 - - [29/Dec/2025:11:46:43 -0800] "GET /manifest.json HTTP/1.1" 200 492 "https://lovestrong.koolderbyacademy.com/registration-retreat/139" "Mozilla/5.0 (iPhone; CPU iPhone OS 18_5 like Mac OS X) AppleWebKit/605.1.15 (KHTML, like Gecko) Version/18.5 Mobile/15E148 Safari/604.1"
172.56.88.227 - - [29/Dec/2025:11:46:43 -0800] "GET /static/css/main.28f87cc5.css HTTP/1.1" 200 949337 "https://lovestrong.koolderbyacademy.com/registration-retreat/139" "Mozilla/5.0 (iPhone; CPU iPhone OS 18_5 like Mac OS X) AppleWebKit/605.1.15 (KHTML, like Gecko) Version/18.5 Mobile/15E148 Safari/604.1"
172.56.88.227 - - [29/Dec/2025:11:46:43 -0800] "GET /static/js/main.696da69e.js HTTP/1.1" 200 1056768 "https://lovestrong.koolderbyacademy.com/registration-retreat/139" "Mozilla/5.0 (iPhone; CPU iPhone OS 18_5 like Mac OS X) AppleWebKit/605.1.15 (KHTML, like Gecko) Version/18.5 Mobile/15E148 Safari/604.1"
52.87.72.16 - - [29/Dec/2025:11:47:20 -0800] "HEAD / HTTP/1.1" 200 - "https://lovestrong.koolderbyacademy.com" "Mozilla/5.0+(compatible; UptimeRobot/2.0; http://www.uptimerobot.com/)"
136.50.183.100 - - [29/Dec/2025:11:48:28 -0800] "GET /registration-retreat/172 HTTP/1.1" 304 - "https://lovestrongmarriage.com/" "Mozilla/5.0 (X11; Linux x86_64) AppleWebKit/537.36 (KHTML, like Gecko) Chrome/143.0.0.0 Safari/537.36"
136.50.183.100 - - [29/Dec/2025:11:48:28 -0800] "GET /static/css/main.28f87cc5.css HTTP/1.1" 304 - "https://lovestrong.koolderbyacademy.com/registration-retreat/172" "Mozilla/5.0 (X11; Linux x86_64) AppleWebKit/537.36 (KHTML, like Gecko) Chrome/143.0.0.0 Safari/537.36"
136.50.183.100 - - [29/Dec/2025:11:48:28 -0800] "GET /static/js/main.696da69e.js HTTP/1.1" 304 - "https://lovestrong.koolderbyacademy.com/registration-retreat/172" "Mozilla/5.0 (X11; Linux x86_64) AppleWebKit/537.36 (KHTML, like Gecko) Chrome/143.0.0.0 Safari/537.36"
136.50.183.100 - - [29/Dec/2025:11:48:28 -0800] "GET /api/auth/getAllIncommingRetreats HTTP/1.1" 304 - "https://lovestrong.koolderbyacademy.com/registration-retreat/172" "Mozilla/5.0 (X11; Linux x86_64) AppleWebKit/537.36 (KHTML, like Gecko) Chrome/143.0.0.0 Safari/537.36"
136.50.183.100 - - [29/Dec/2025:11:48:28 -0800] "GET /api/auth/getallperishlist HTTP/1.1" 304 - "https://lovestrong.koolderbyacademy.com/registration-retreat/172" "Mozilla/5.0 (X11; Linux x86_64) AppleWebKit/537.36 (KHTML, like Gecko) Chrome/143.0.0.0 Safari/537.36"
136.50.183.100 - - [29/Dec/2025:11:48:28 -0800] "GET /api/auth/getallperishlist HTTP/1.1" 304 - "https://lovestrong.koolderbyacademy.com/registration-retreat/172" "Mozilla/5.0 (X11; Linux x86_64) AppleWebKit/537.36 (KHTML, like Gecko) Chrome/143.0.0.0 Safari/537.36"
136.50.183.100 - - [29/Dec/2025:11:48:28 -0800] "GET /manifest.json HTTP/1.1" 304 - "https://lovestrong.koolderbyacademy.com/registration-retreat/172" "Mozilla/5.0 (X11; Linux x86_64) AppleWebKit/537.36 (KHTML, like Gecko) Chrome/143.0.0.0 Safari/537.36"
136.50.183.100 - - [29/Dec/2025:11:48:28 -0800] "POST /api/auth/getRolesOfRetreats HTTP/1.1" 200 1008 "https://lovestrong.koolderbyacademy.com/registration-retreat/172" "Mozilla/5.0 (X11; Linux x86_64) AppleWebKit/537.36 (KHTML, like Gecko) Chrome/143.0.0.0 Safari/537.36"
136.50.183.100 - - [29/Dec/2025:11:48:29 -0800] "GET /static/media/logo.f96fed557c1617146760.png HTTP/1.1" 304 - "https://lovestrong.koolderbyacademy.com/registration-retreat/172" "Mozilla/5.0 (X11; Linux x86_64) AppleWebKit/537.36 (KHTML, like Gecko) Chrome/143.0.0.0 Safari/537.36"
136.50.183.100 - - [29/Dec/2025:11:48:29 -0800] "GET /public/retreatImage/retreat%20theme%20pic.jpg HTTP/1.1" 304 - "https://lovestrong.koolderbyacademy.com/registration-retreat/172" "Mozilla/5.0 (X11; Linux x86_64) AppleWebKit/537.36 (KHTML, like Gecko) Chrome/143.0.0.0 Safari/537.36"
136.50.183.100 - - [29/Dec/2025:11:48:29 -0800] "GET /static/media/materialdesignicons-webfont.2ec256c84a2002197204.woff2 HTTP/1.1" 304 - "https://lovestrong.koolderbyacademy.com/static/css/main.28f87cc5.css" "Mozilla/5.0 (X11; Linux x86_64) AppleWebKit/537.36 (KHTML, like Gecko) Chrome/143.0.0.0 Safari/537.36"
136.50.183.100 - - [29/Dec/2025:11:48:29 -0800] "GET /public/parishLogo/Screenshot%202024-10-14%20at%201.56.33%20PM.png HTTP/1.1" 304 - "https://lovestrong.koolderbyacademy.com/registration-retreat/172" "Mozilla/5.0 (X11; Linux x86_64) AppleWebKit/537.36 (KHTML, like Gecko) Chrome/143.0.0.0 Safari/537.36"
136.50.183.100 - - [29/Dec/2025:11:48:29 -0800] "GET /public/profileImage/Sanchez,%20JP%20&%20Diana%20_2025-11-02.jpeg HTTP/1.1" 304 - "https://lovestrong.koolderbyacademy.com/registration-retreat/172" "Mozilla/5.0 (X11; Linux x86_64) AppleWebKit/537.36 (KHTML, like Gecko) Chrome/143.0.0.0 Safari/537.36"
136.50.183.100 - - [29/Dec/2025:11:48:29 -0800] "GET /public/profileImage/Screenshot%202023-08-27%20at%202.40.32%20PM.png HTTP/1.1" 304 - "https://lovestrong.koolderbyacademy.com/registration-retreat/172" "Mozilla/5.0 (X11; Linux x86_64) AppleWebKit/537.36 (KHTML, like Gecko) Chrome/143.0.0.0 Safari/537.36"
136.50.183.100 - - [29/Dec/2025:11:48:29 -0800] "GET /logo192.png HTTP/1.1" 304 - "https://lovestrong.koolderbyacademy.com/registration-retreat/172" "Mozilla/5.0 (X11; Linux x86_64) AppleWebKit/537.36 (KHTML, like Gecko) Chrome/143.0.0.0 Safari/537.36"
136.50.183.100 - - [29/Dec/2025:11:48:29 -0800] "GET /public/profileImage/Screenshot%202023-07-19%20at%2010.09.00%20PM.png HTTP/1.1" 304 - "https://lovestrong.koolderbyacademy.com/registration-retreat/172" "Mozilla/5.0 (X11; Linux x86_64) AppleWebKit/537.36 (KHTML, like Gecko) Chrome/143.0.0.0 Safari/537.36"
173.231.199.178 - - [29/Dec/2025:11:50:00 -0800] "GET / HTTP/1.1" 200 726 "-" "Mozilla/5.0 (UptimeBot)"
173.231.199.178 - - [29/Dec/2025:11:50:00 -0800] "GET /api/auth/getallperishlist HTTP/1.1" 200 71489 "-" "Mozilla/5.0 (UptimeBot)"
66.235.194.119 - - [29/Dec/2025:11:50:00 -0800] "GET / HTTP/1.1" 200 726 "-" "Mozilla/5.0 (UptimeBot)"
66.235.194.119 - - [29/Dec/2025:11:50:01 -0800] "GET /api/auth/getallperishlist HTTP/1.1" 200 71489 "-" "Mozilla/5.0 (UptimeBot)"
66.102.7.12 - - [29/Dec/2025:11:51:48 -0800] "GET /logo.png HTTP/1.1" 200 163413 "-" "Mozilla/5.0 (Windows NT 5.1; rv:11.0) Gecko Firefox/11.0 (via ggpht.com GoogleImageProxy)"
66.102.7.10 - - [29/Dec/2025:11:52:06 -0800] "GET /logo.png HTTP/1.1" 200 163413 "-" "Mozilla/5.0 (Windows NT 5.1; rv:11.0) Gecko Firefox/11.0 (via ggpht.com GoogleImageProxy)"
3.149.57.90 - - [29/Dec/2025:11:52:27 -0800] "HEAD / HTTP/1.1" 200 - "https://lovestrong.koolderbyacademy.com" "Mozilla/5.0+(compatible; UptimeRobot/2.0; http://www.uptimerobot.com/)"
178.156.189.113 - - [29/Dec/2025:11:57:35 -0800] "HEAD / HTTP/1.1" 200 - "https://lovestrong.koolderbyacademy.com" "Mozilla/5.0+(compatible; UptimeRobot/2.0; http://www.uptimerobot.com/)"
66.235.194.119 - - [29/Dec/2025:12:00:00 -0800] "GET / HTTP/1.1" 200 726 "-" "Mozilla/5.0 (UptimeBot)"
66.235.194.119 - - [29/Dec/2025:12:00:00 -0800] "GET /api/auth/getallperishlist HTTP/1.1" 200 71489 "-" "Mozilla/5.0 (UptimeBot)"
173.231.199.178 - - [29/Dec/2025:12:00:00 -0800] "GET /api/auth/getallperishlist HTTP/1.1" 200 71489 "-" "Mozilla/5.0 (UptimeBot)"
173.231.199.178 - - [29/Dec/2025:12:00:00 -0800] "GET / HTTP/1.1" 200 726 "-" "Mozilla/5.0 (UptimeBot)"
157.55.39.55 - - [29/Dec/2025:12:02:36 -0800] "GET /dashboard HTTP/1.1" 200 726 "-" "Mozilla/5.0 AppleWebKit/537.36 (KHTML, like Gecko; compatible; bingbot/2.0; +http://www.bing.com/bingbot.htm) Chrome/116.0.1938.76 Safari/537.36"
52.87.72.16 - - [29/Dec/2025:12:02:41 -0800] "HEAD / HTTP/1.1" 200 - "https://lovestrong.koolderbyacademy.com" "Mozilla/5.0+(compatible; UptimeRobot/2.0; http://www.uptimerobot.com/)"
3.133.226.214 - - [29/Dec/2025:12:07:45 -0800] "HEAD / HTTP/1.1" 200 - "https://lovestrong.koolderbyacademy.com" "Mozilla/5.0+(compatible; UptimeRobot/2.0; http://www.uptimerobot.com/)"
173.231.199.178 - - [29/Dec/2025:12:10:00 -0800] "GET / HTTP/1.1" 200 726 "-" "Mozilla/5.0 (UptimeBot)"
173.231.199.178 - - [29/Dec/2025:12:10:00 -0800] "GET /api/auth/getallperishlist HTTP/1.1" 200 71489 "-" "Mozilla/5.0 (UptimeBot)"
66.235.194.119 - - [29/Dec/2025:12:10:00 -0800] "GET / HTTP/1.1" 200 726 "-" "Mozilla/5.0 (UptimeBot)"
66.235.194.119 - - [29/Dec/2025:12:10:00 -0800] "GET /api/auth/getallperishlist HTTP/1.1" 200 71489 "-" "Mozilla/5.0 (UptimeBot)"
3.20.63.178 - - [29/Dec/2025:12:12:52 -0800] "HEAD / HTTP/1.1" 200 - "https://lovestrong.koolderbyacademy.com" "Mozilla/5.0+(compatible; UptimeRobot/2.0; http://www.uptimerobot.com/)"
5.161.194.92 - - [29/Dec/2025:12:17:57 -0800] "HEAD / HTTP/1.1" 200 - "https://lovestrong.koolderbyacademy.com" "Mozilla/5.0+(compatible; UptimeRobot/2.0; http://www.uptimerobot.com/)"
66.102.7.12 - - [29/Dec/2025:12:19:12 -0800] "GET /logo.png HTTP/1.1" 200 163413 "-" "Mozilla/5.0 (Windows NT 5.1; rv:11.0) Gecko Firefox/11.0 (via ggpht.com GoogleImageProxy)"
66.235.194.119 - - [29/Dec/2025:12:20:00 -0800] "GET / HTTP/1.1" 200 726 "-" "Mozilla/5.0 (UptimeBot)"
66.235.194.119 - - [29/Dec/2025:12:20:00 -0800] "GET /api/auth/getallperishlist HTTP/1.1" 200 71489 "-" "Mozilla/5.0 (UptimeBot)"
173.231.199.178 - - [29/Dec/2025:12:20:00 -0800] "GET / HTTP/1.1" 200 726 "-" "Mozilla/5.0 (UptimeBot)"
173.231.199.178 - - [29/Dec/2025:12:20:00 -0800] "GET /api/auth/getallperishlist HTTP/1.1" 200 71489 "-" "Mozilla/5.0 (UptimeBot)"
96.8.248.196 - - [29/Dec/2025:12:22:57 -0800] "GET /login HTTP/1.1" 200 726 "-" "Mozilla/5.0 (Windows NT 10.0; Win64; x64) AppleWebKit/537.36 (KHTML, like Gecko) Chrome/143.0.0.0 Safari/537.36 Edg/143.0.0.0"
96.8.248.196 - - [29/Dec/2025:12:22:57 -0800] "GET /static/css/main.28f87cc5.css HTTP/1.1" 200 949337 "https://lovestrong.koolderbyacademy.com/login" "Mozilla/5.0 (Windows NT 10.0; Win64; x64) AppleWebKit/537.36 (KHTML, like Gecko) Chrome/143.0.0.0 Safari/537.36 Edg/143.0.0.0"
96.8.248.196 - - [29/Dec/2025:12:22:57 -0800] "GET /static/js/main.696da69e.js HTTP/1.1" 200 5264417 "https://lovestrong.koolderbyacademy.com/login" "Mozilla/5.0 (Windows NT 10.0; Win64; x64) AppleWebKit/537.36 (KHTML, like Gecko) Chrome/143.0.0.0 Safari/537.36 Edg/143.0.0.0"
96.8.248.196 - - [29/Dec/2025:12:22:59 -0800] "GET /static/media/logo.f96fed557c1617146760.png HTTP/1.1" 200 163413 "https://lovestrong.koolderbyacademy.com/login" "Mozilla/5.0 (Windows NT 10.0; Win64; x64) AppleWebKit/537.36 (KHTML, like Gecko) Chrome/143.0.0.0 Safari/537.36 Edg/143.0.0.0"
96.8.248.196 - - [29/Dec/2025:12:22:59 -0800] "GET /static/media/materialdesignicons-webfont.2ec256c84a2002197204.woff2 HTTP/1.1" 200 224348 "https://lovestrong.koolderbyacademy.com/static/css/main.28f87cc5.css" "Mozilla/5.0 (Windows NT 10.0; Win64; x64) AppleWebKit/537.36 (KHTML, like Gecko) Chrome/143.0.0.0 Safari/537.36 Edg/143.0.0.0"
96.8.248.196 - - [29/Dec/2025:12:22:59 -0800] "GET /logo.png HTTP/1.1" 200 163413 "https://lovestrong.koolderbyacademy.com/login" "Mozilla/5.0 (Windows NT 10.0; Win64; x64) AppleWebKit/537.36 (KHTML, like Gecko) Chrome/143.0.0.0 Safari/537.36 Edg/143.0.0.0"
96.8.248.196 - - [29/Dec/2025:12:22:59 -0800] "GET /manifest.json HTTP/1.1" 200 492 "https://lovestrong.koolderbyacademy.com/login" "Mozilla/5.0 (Windows NT 10.0; Win64; x64) AppleWebKit/537.36 (KHTML, like Gecko) Chrome/143.0.0.0 Safari/537.36 Edg/143.0.0.0"
96.8.248.196 - - [29/Dec/2025:12:22:59 -0800] "GET /logo192.png HTTP/1.1" 200 5347 "https://lovestrong.koolderbyacademy.com/login" "Mozilla/5.0 (Windows NT 10.0; Win64; x64) AppleWebKit/537.36 (KHTML, like Gecko) Chrome/143.0.0.0 Safari/537.36 Edg/143.0.0.0"
178.156.185.127 - - [29/Dec/2025:12:23:02 -0800] "HEAD / HTTP/1.1" 200 - "https://lovestrong.koolderbyacademy.com" "Mozilla/5.0+(compatible; UptimeRobot/2.0; http://www.uptimerobot.com/)"
96.8.248.196 - - [29/Dec/2025:12:23:20 -0800] "POST /api/auth/login HTTP/1.1" 200 63 "https://lovestrong.koolderbyacademy.com/login" "Mozilla/5.0 (Windows NT 10.0; Win64; x64) AppleWebKit/537.36 (KHTML, like Gecko) Chrome/143.0.0.0 Safari/537.36 Edg/143.0.0.0"
96.8.248.196 - - [29/Dec/2025:12:24:01 -0800] "POST /api/auth/login HTTP/1.1" 200 63 "https://lovestrong.koolderbyacademy.com/login" "Mozilla/5.0 (Windows NT 10.0; Win64; x64) AppleWebKit/537.36 (KHTML, like Gecko) Chrome/143.0.0.0 Safari/537.36 Edg/143.0.0.0"
51.77.211.39 - - [29/Dec/2025:12:25:29 -0800] "GET /registration-retreat/174 HTTP/1.1" 200 1020 "-" "Mozilla/5.0 (Windows NT 10.0; Win64; x64) AppleWebKit/537.36 (KHTML, like Gecko) Chrome/139.0.0.0 Safari/537.36"
51.75.18.6 - - [29/Dec/2025:12:25:30 -0800] "GET /static/js/main.696da69e.js HTTP/1.1" 200 5264417 "-" "Mozilla/5.0 (Windows NT 10.0; Win64; x64) AppleWebKit/537.36 (KHTML, like Gecko) Chrome/139.0.0.0 Safari/537.36"
51.77.211.137 - - [29/Dec/2025:12:25:32 -0800] "GET /registration-retreat/static/media/Lovestrong-logo.6b0fc4407c08f3d3a653.jpg HTTP/1.1" 200 726 "-" "Mozilla/5.0 (Windows NT 10.0; Win64; x64) AppleWebKit/537.36 (KHTML, like Gecko) Chrome/139.0.0.0 Safari/537.36"
57.129.81.228 - - [29/Dec/2025:12:25:32 -0800] "GET /registration-retreat/static/media/image-placeholder.79e7971a50211262bed9.png HTTP/1.1" 200 726 "-" "Mozilla/5.0 (Windows NT 10.0; Win64; x64) AppleWebKit/537.36 (KHTML, like Gecko) Chrome/139.0.0.0 Safari/537.36"
54.38.214.226 - - [29/Dec/2025:12:25:32 -0800] "GET /registration-retreat/static/media/couple-default.d7799f6002177d034d00.png HTTP/1.1" 200 726 "-" "Mozilla/5.0 (Windows NT 10.0; Win64; x64) AppleWebKit/537.36 (KHTML, like Gecko) Chrome/139.0.0.0 Safari/537.36"
141.95.54.132 - - [29/Dec/2025:12:25:32 -0800] "GET /registration-retreat/static/media/facebook-logo.f1b98b28a01ce6ef2318.webp HTTP/1.1" 200 726 "-" "Mozilla/5.0 (Windows NT 10.0; Win64; x64) AppleWebKit/537.36 (KHTML, like Gecko) Chrome/139.0.0.0 Safari/537.36"
57.129.81.226 - - [29/Dec/2025:12:25:32 -0800] "GET /registration-retreat/static/media/logolovestrong.f96fed557c1617146760.png HTTP/1.1" 200 726 "-" "Mozilla/5.0 (Windows NT 10.0; Win64; x64) AppleWebKit/537.36 (KHTML, like Gecko) Chrome/139.0.0.0 Safari/537.36"
51.77.211.229 - - [29/Dec/2025:12:25:32 -0800] "GET /registration-retreat/static/media/logo-mini.a054fcb0cd2c68839f4d.png HTTP/1.1" 200 726 "-" "Mozilla/5.0 (Windows NT 10.0; Win64; x64) AppleWebKit/537.36 (KHTML, like Gecko) Chrome/139.0.0.0 Safari/537.36"
54.37.19.39 - - [29/Dec/2025:12:25:32 -0800] "GET /registration-retreat/static/media/logo.f96fed557c1617146760.png HTTP/1.1" 200 726 "-" "Mozilla/5.0 (Windows NT 10.0; Win64; x64) AppleWebKit/537.36 (KHTML, like Gecko) Chrome/139.0.0.0 Safari/537.36"
51.75.23.120 - - [29/Dec/2025:12:25:32 -0800] "GET /registration-retreat/static/media/remove.3c662b752278fc52f408.png HTTP/1.1" 200 726 "-" "Mozilla/5.0 (Windows NT 10.0; Win64; x64) AppleWebKit/537.36 (KHTML, like Gecko) Chrome/139.0.0.0 Safari/537.36"
57.129.69.7 - - [29/Dec/2025:12:25:32 -0800] "GET /logo.png HTTP/1.1" 200 163413 "-" "Mozilla/5.0 (Windows NT 10.0; Win64; x64) AppleWebKit/537.36 (KHTML, like Gecko) Chrome/139.0.0.0 Safari/537.36"
151.80.133.238 - - [29/Dec/2025:12:25:32 -0800] "GET /public/retreatImage/san-antonio-downtown-cityscape-2025-10-16-04-18-09-utc_2.jpg HTTP/1.1" 200 1960776 "-" "Mozilla/5.0 (Windows NT 10.0; Win64; x64) AppleWebKit/537.36 (KHTML, like Gecko) Chrome/139.0.0.0 Safari/537.36"
149.202.51.38 - - [29/Dec/2025:12:25:54 -0800] "GET /registration-retreat/176 HTTP/1.1" 200 985 "-" "Mozilla/5.0 (Windows NT 10.0; Win64; x64) AppleWebKit/537.36 (KHTML, like Gecko) Chrome/139.0.0.0 Safari/537.36"
57.129.81.227 - - [29/Dec/2025:12:25:55 -0800] "GET /static/js/main.696da69e.js HTTP/1.1" 200 5264417 "-" "Mozilla/5.0 (Windows NT 10.0; Win64; x64) AppleWebKit/537.36 (KHTML, like Gecko) Chrome/139.0.0.0 Safari/537.36"
