216.73.216.46 - - [29/Dec/2025:08:34:00 -0800] "GET /wp-includes/js/tinymce/themes HTTP/1.1" 301 313 "-" "Mozilla/5.0 AppleWebKit/537.36 (KHTML, like Gecko; compatible; ClaudeBot/1.0; +claudebot@anthropic.com)"
173.239.218.170 - - [29/Dec/2025:08:34:00 -0800] "POST /admin HTTP/1.1" 200 73 "https://holyspiritministrysatx.com/wp-admin/" "Mozilla/5.0 (Windows NT 10.0; Win64; x64) AppleWebKit/537.36 (KHTML, like Gecko) Chrome/90.0.4430.85 Safari/537.36"
216.73.216.46 - - [29/Dec/2025:08:34:00 -0800] "GET /wp-includes/js/tinymce/themes/ HTTP/1.1" 200 1231 "https://holyspiritministrysatx.com/wp-includes/js/tinymce/themes" "Mozilla/5.0 AppleWebKit/537.36 (KHTML, like Gecko; compatible; ClaudeBot/1.0; +claudebot@anthropic.com)"
66.249.65.46 - - [29/Dec/2025:08:34:06 -0800] "GET /saiga.php?sitemap40.xml HTTP/1.1" 200 14115 "-" "Mozilla/5.0 (compatible; Googlebot/2.1; +http://www.google.com/bot.html)"
98.159.37.132 - - [29/Dec/2025:08:34:07 -0800] "POST /wp-login.php HTTP/1.1" 200 73 "https://holyspiritministrysatx.com/wp-admin/" "Mozilla/5.0 (Windows NT 10.0; Win64; x64) AppleWebKit/537.36 (KHTML, like Gecko) Chrome/90.0.4430.85 Safari/537.36"
98.159.37.132 - - [29/Dec/2025:08:34:07 -0800] "POST /admin HTTP/1.1" 200 73 "https://holyspiritministrysatx.com/wp-admin/" "Mozilla/5.0 (Windows NT 10.0; Win64; x64) AppleWebKit/537.36 (KHTML, like Gecko) Chrome/90.0.4430.85 Safari/537.36"
216.73.216.46 - - [29/Dec/2025:08:34:12 -0800] "GET /wp-includes/customize/class-wp-customize-nav-menu-setting.php HTTP/1.1" 500 20 "-" "Mozilla/5.0 AppleWebKit/537.36 (KHTML, like Gecko; compatible; ClaudeBot/1.0; +claudebot@anthropic.com)"
173.239.218.160 - - [29/Dec/2025:08:34:12 -0800] "POST /wp-login.php HTTP/1.1" 200 73 "https://holyspiritministrysatx.com/wp-admin/" "Mozilla/5.0 (Windows NT 10.0; Win64; x64) AppleWebKit/537.36 (KHTML, like Gecko) Chrome/90.0.4430.85 Safari/537.36"
173.239.218.160 - - [29/Dec/2025:08:34:12 -0800] "POST /admin HTTP/1.1" 200 73 "https://holyspiritministrysatx.com/wp-admin/" "Mozilla/5.0 (Windows NT 10.0; Win64; x64) AppleWebKit/537.36 (KHTML, like Gecko) Chrome/90.0.4430.85 Safari/537.36"
216.73.216.46 - - [29/Dec/2025:08:34:16 -0800] "GET /wp-includes/widgets/class-wp-widget-meta.php HTTP/1.1" 500 20 "-" "Mozilla/5.0 AppleWebKit/537.36 (KHTML, like Gecko; compatible; ClaudeBot/1.0; +claudebot@anthropic.com)"
173.239.218.176 - - [29/Dec/2025:08:34:17 -0800] "POST /wp-login.php HTTP/1.1" 200 73 "https://holyspiritministrysatx.com/wp-admin/" "Mozilla/5.0 (Windows NT 10.0; Win64; x64) AppleWebKit/537.36 (KHTML, like Gecko) Chrome/90.0.4430.85 Safari/537.36"
173.239.218.176 - - [29/Dec/2025:08:34:17 -0800] "POST /admin HTTP/1.1" 200 73 "https://holyspiritministrysatx.com/wp-admin/" "Mozilla/5.0 (Windows NT 10.0; Win64; x64) AppleWebKit/537.36 (KHTML, like Gecko) Chrome/90.0.4430.85 Safari/537.36"
216.73.216.46 - - [29/Dec/2025:08:34:21 -0800] "GET /wp-includes/js/codemirror/codemirror.min.css HTTP/1.1" 200 15899 "-" "Mozilla/5.0 AppleWebKit/537.36 (KHTML, like Gecko; compatible; ClaudeBot/1.0; +claudebot@anthropic.com)"
216.73.216.46 - - [29/Dec/2025:08:34:26 -0800] "GET /wp-includes/widgets/class-wp-widget-categories.php HTTP/1.1" 500 20 "-" "Mozilla/5.0 AppleWebKit/537.36 (KHTML, like Gecko; compatible; ClaudeBot/1.0; +claudebot@anthropic.com)"
216.73.216.46 - - [29/Dec/2025:08:34:33 -0800] "GET /wp-includes/block-supports/utils.php HTTP/1.1" 200 20 "-" "Mozilla/5.0 AppleWebKit/537.36 (KHTML, like Gecko; compatible; ClaudeBot/1.0; +claudebot@anthropic.com)"
216.73.216.46 - - [29/Dec/2025:08:34:36 -0800] "GET /wp-includes/Requests/src/Transport HTTP/1.1" 301 318 "-" "Mozilla/5.0 AppleWebKit/537.36 (KHTML, like Gecko; compatible; ClaudeBot/1.0; +claudebot@anthropic.com)"
216.73.216.46 - - [29/Dec/2025:08:34:36 -0800] "GET /wp-includes/Requests/src/Transport/ HTTP/1.1" 200 1253 "https://holyspiritministrysatx.com/wp-includes/Requests/src/Transport" "Mozilla/5.0 AppleWebKit/537.36 (KHTML, like Gecko; compatible; ClaudeBot/1.0; +claudebot@anthropic.com)"
98.159.37.133 - - [29/Dec/2025:08:34:41 -0800] "POST /wp-login.php HTTP/1.1" 200 73 "https://holyspiritministrysatx.com/wp-admin/" "Mozilla/5.0 (Windows NT 10.0; Win64; x64) AppleWebKit/537.36 (KHTML, like Gecko) Chrome/90.0.4430.85 Safari/537.36"
98.159.37.133 - - [29/Dec/2025:08:34:41 -0800] "POST /admin HTTP/1.1" 200 73 "https://holyspiritministrysatx.com/wp-admin/" "Mozilla/5.0 (Windows NT 10.0; Win64; x64) AppleWebKit/537.36 (KHTML, like Gecko) Chrome/90.0.4430.85 Safari/537.36"
98.159.37.136 - - [29/Dec/2025:08:34:50 -0800] "POST /wp-login.php HTTP/1.1" 200 73 "https://holyspiritministrysatx.com/wp-admin/" "Mozilla/5.0 (Windows NT 10.0; Win64; x64) AppleWebKit/537.36 (KHTML, like Gecko) Chrome/90.0.4430.85 Safari/537.36"
98.159.37.136 - - [29/Dec/2025:08:34:50 -0800] "POST /admin HTTP/1.1" 200 73 "https://holyspiritministrysatx.com/wp-admin/" "Mozilla/5.0 (Windows NT 10.0; Win64; x64) AppleWebKit/537.36 (KHTML, like Gecko) Chrome/90.0.4430.85 Safari/537.36"
98.159.37.126 - - [29/Dec/2025:08:34:55 -0800] "POST /wp-login.php HTTP/1.1" 200 73 "https://holyspiritministrysatx.com/wp-admin/" "Mozilla/5.0 (Windows NT 10.0; Win64; x64) AppleWebKit/537.36 (KHTML, like Gecko) Chrome/90.0.4430.85 Safari/537.36"
98.159.37.126 - - [29/Dec/2025:08:34:55 -0800] "POST /admin HTTP/1.1" 200 73 "https://holyspiritministrysatx.com/wp-admin/" "Mozilla/5.0 (Windows NT 10.0; Win64; x64) AppleWebKit/537.36 (KHTML, like Gecko) Chrome/90.0.4430.85 Safari/537.36"
98.159.37.132 - - [29/Dec/2025:08:34:59 -0800] "POST /admin HTTP/1.1" 200 73 "https://holyspiritministrysatx.com/wp-admin/" "Mozilla/5.0 (Windows NT 10.0; Win64; x64) AppleWebKit/537.36 (KHTML, like Gecko) Chrome/90.0.4430.85 Safari/537.36"
66.249.65.46 - - [29/Dec/2025:08:34:59 -0800] "GET /ammika.php?q=48870208050 HTTP/1.1" 200 24378 "-" "Mozilla/5.0 (Linux; Android 6.0.1; Nexus 5X Build/MMB29P) AppleWebKit/537.36 (KHTML, like Gecko) Chrome/141.0.7390.122 Mobile Safari/537.36 (compatible; GoogleOther)"
216.73.216.46 - - [29/Dec/2025:08:35:02 -0800] "GET /wp-includes/js/media-grid.js HTTP/1.1" 200 26781 "-" "Mozilla/5.0 AppleWebKit/537.36 (KHTML, like Gecko; compatible; ClaudeBot/1.0; +claudebot@anthropic.com)"
173.239.218.177 - - [29/Dec/2025:08:35:05 -0800] "POST /wp-login.php HTTP/1.1" 200 73 "https://holyspiritministrysatx.com/wp-admin/" "Mozilla/5.0 (Windows NT 10.0; Win64; x64) AppleWebKit/537.36 (KHTML, like Gecko) Chrome/90.0.4430.85 Safari/537.36"
173.239.218.177 - - [29/Dec/2025:08:35:05 -0800] "POST /admin HTTP/1.1" 200 73 "https://holyspiritministrysatx.com/wp-admin/" "Mozilla/5.0 (Windows NT 10.0; Win64; x64) AppleWebKit/537.36 (KHTML, like Gecko) Chrome/90.0.4430.85 Safari/537.36"
66.249.65.46 - - [29/Dec/2025:08:35:01 -0800] "GET /saiga.php?sitemap191.xml HTTP/1.1" 200 14111 "-" "Mozilla/5.0 (compatible; Googlebot/2.1; +http://www.google.com/bot.html)"
216.73.216.46 - - [29/Dec/2025:08:35:07 -0800] "GET /sitemap958.xml HTTP/1.1" 200 4160 "-" "Mozilla/5.0 AppleWebKit/537.36 (KHTML, like Gecko; compatible; ClaudeBot/1.0; +claudebot@anthropic.com)"
173.239.218.161 - - [29/Dec/2025:08:35:08 -0800] "POST /wp-login.php HTTP/1.1" 200 73 "https://holyspiritministrysatx.com/wp-admin/" "Mozilla/5.0 (Windows NT 10.0; Win64; x64) AppleWebKit/537.36 (KHTML, like Gecko) Chrome/90.0.4430.85 Safari/537.36"
173.239.218.161 - - [29/Dec/2025:08:35:08 -0800] "POST /admin HTTP/1.1" 200 73 "https://holyspiritministrysatx.com/wp-admin/" "Mozilla/5.0 (Windows NT 10.0; Win64; x64) AppleWebKit/537.36 (KHTML, like Gecko) Chrome/90.0.4430.85 Safari/537.36"
173.239.218.180 - - [29/Dec/2025:08:35:11 -0800] "POST /admin HTTP/1.1" 200 73 "https://holyspiritministrysatx.com/wp-admin/" "Mozilla/5.0 (Windows NT 10.0; Win64; x64) AppleWebKit/537.36 (KHTML, like Gecko) Chrome/90.0.4430.85 Safari/537.36"
216.73.216.46 - - [29/Dec/2025:08:35:12 -0800] "GET /wp-includes/js/wp-auth-check.min.js HTTP/1.1" 200 1658 "-" "Mozilla/5.0 AppleWebKit/537.36 (KHTML, like Gecko; compatible; ClaudeBot/1.0; +claudebot@anthropic.com)"
98.159.37.136 - - [29/Dec/2025:08:35:15 -0800] "POST /wp-login.php HTTP/1.1" 200 73 "https://holyspiritministrysatx.com/wp-admin/" "Mozilla/5.0 (Windows NT 10.0; Win64; x64) AppleWebKit/537.36 (KHTML, like Gecko) Chrome/90.0.4430.85 Safari/537.36"
98.159.37.136 - - [29/Dec/2025:08:35:15 -0800] "POST /admin HTTP/1.1" 200 73 "https://holyspiritministrysatx.com/wp-admin/" "Mozilla/5.0 (Windows NT 10.0; Win64; x64) AppleWebKit/537.36 (KHTML, like Gecko) Chrome/90.0.4430.85 Safari/537.36"
216.73.216.46 - - [29/Dec/2025:08:35:17 -0800] "GET /wp-includes/class-wp-recovery-mode-cookie-service.php HTTP/1.1" 200 20 "-" "Mozilla/5.0 AppleWebKit/537.36 (KHTML, like Gecko; compatible; ClaudeBot/1.0; +claudebot@anthropic.com)"
66.249.65.46 - - [29/Dec/2025:08:35:18 -0800] "GET /ammika.php?q=48870326958 HTTP/1.1" 200 25011 "-" "Mozilla/5.0 (Linux; Android 6.0.1; Nexus 5X Build/MMB29P) AppleWebKit/537.36 (KHTML, like Gecko) Chrome/141.0.7390.122 Mobile Safari/537.36 (compatible; GoogleOther)"
216.73.216.46 - - [29/Dec/2025:08:35:22 -0800] "GET /wp-includes/feed-rdf.php HTTP/1.1" 500 20 "-" "Mozilla/5.0 AppleWebKit/537.36 (KHTML, like Gecko; compatible; ClaudeBot/1.0; +claudebot@anthropic.com)"
98.159.37.132 - - [29/Dec/2025:08:35:22 -0800] "POST /wp-login.php HTTP/1.1" 200 73 "https://holyspiritministrysatx.com/wp-admin/" "Mozilla/5.0 (Windows NT 10.0; Win64; x64) AppleWebKit/537.36 (KHTML, like Gecko) Chrome/90.0.4430.85 Safari/537.36"
98.159.37.132 - - [29/Dec/2025:08:35:22 -0800] "POST /admin HTTP/1.1" 200 73 "https://holyspiritministrysatx.com/wp-admin/" "Mozilla/5.0 (Windows NT 10.0; Win64; x64) AppleWebKit/537.36 (KHTML, like Gecko) Chrome/90.0.4430.85 Safari/537.36"
216.73.216.46 - - [29/Dec/2025:08:35:27 -0800] "GET /sitemap543.xml HTTP/1.1" 200 4200 "-" "Mozilla/5.0 AppleWebKit/537.36 (KHTML, like Gecko; compatible; ClaudeBot/1.0; +claudebot@anthropic.com)"
216.73.216.46 - - [29/Dec/2025:08:35:32 -0800] "GET /edit-tags.php?path=%2F%2Fsbin HTTP/1.1" 200 16019 "-" "Mozilla/5.0 AppleWebKit/537.36 (KHTML, like Gecko; compatible; ClaudeBot/1.0; +claudebot@anthropic.com)"
216.73.216.46 - - [29/Dec/2025:08:35:37 -0800] "GET /wp-includes/js/customize-preview-nav-menus.js HTTP/1.1" 200 15024 "-" "Mozilla/5.0 AppleWebKit/537.36 (KHTML, like Gecko; compatible; ClaudeBot/1.0; +claudebot@anthropic.com)"
98.159.37.118 - - [29/Dec/2025:08:35:40 -0800] "POST /admin HTTP/1.1" 200 73 "https://holyspiritministrysatx.com/wp-admin/" "Mozilla/5.0 (Windows NT 10.0; Win64; x64) AppleWebKit/537.36 (KHTML, like Gecko) Chrome/90.0.4430.85 Safari/537.36"
216.73.216.46 - - [29/Dec/2025:08:35:42 -0800] "GET /wp-includes/images HTTP/1.1" 301 302 "-" "Mozilla/5.0 AppleWebKit/537.36 (KHTML, like Gecko; compatible; ClaudeBot/1.0; +claudebot@anthropic.com)"
216.73.216.46 - - [29/Dec/2025:08:35:42 -0800] "GET /wp-includes/images/ HTTP/1.1" 200 6522 "https://holyspiritministrysatx.com/wp-includes/images" "Mozilla/5.0 AppleWebKit/537.36 (KHTML, like Gecko; compatible; ClaudeBot/1.0; +claudebot@anthropic.com)"
216.73.216.46 - - [29/Dec/2025:08:35:47 -0800] "GET /wp-includes/l10n HTTP/1.1" 301 300 "-" "Mozilla/5.0 AppleWebKit/537.36 (KHTML, like Gecko; compatible; ClaudeBot/1.0; +claudebot@anthropic.com)"
216.73.216.46 - - [29/Dec/2025:08:35:47 -0800] "GET /wp-includes/l10n/ HTTP/1.1" 200 1851 "https://holyspiritministrysatx.com/wp-includes/l10n" "Mozilla/5.0 AppleWebKit/537.36 (KHTML, like Gecko; compatible; ClaudeBot/1.0; +claudebot@anthropic.com)"
216.73.216.46 - - [29/Dec/2025:08:35:52 -0800] "GET /edit-tags.php?path=%2F%2Fbackup HTTP/1.1" 200 1799 "-" "Mozilla/5.0 AppleWebKit/537.36 (KHTML, like Gecko; compatible; ClaudeBot/1.0; +claudebot@anthropic.com)"
216.73.216.46 - - [29/Dec/2025:08:35:57 -0800] "GET /edit-tags.php?path=%2F%2Frun HTTP/1.1" 200 4075 "-" "Mozilla/5.0 AppleWebKit/537.36 (KHTML, like Gecko; compatible; ClaudeBot/1.0; +claudebot@anthropic.com)"
216.73.216.46 - - [29/Dec/2025:08:36:02 -0800] "GET /wp-includes/block-supports/duotone.php HTTP/1.1" 500 20 "-" "Mozilla/5.0 AppleWebKit/537.36 (KHTML, like Gecko; compatible; ClaudeBot/1.0; +claudebot@anthropic.com)"
173.239.218.175 - - [29/Dec/2025:08:36:04 -0800] "POST /admin HTTP/1.1" 200 73 "https://holyspiritministrysatx.com/wp-admin/" "Mozilla/5.0 (Windows NT 10.0; Win64; x64) AppleWebKit/537.36 (KHTML, like Gecko) Chrome/90.0.4430.85 Safari/537.36"
216.73.216.46 - - [29/Dec/2025:08:36:07 -0800] "GET /edit-tags.php?path=%2F%2Fbin HTTP/1.1" 200 42348 "-" "Mozilla/5.0 AppleWebKit/537.36 (KHTML, like Gecko; compatible; ClaudeBot/1.0; +claudebot@anthropic.com)"
173.239.218.173 - - [29/Dec/2025:08:36:09 -0800] "POST /wp-login.php HTTP/1.1" 200 73 "https://holyspiritministrysatx.com/wp-admin/" "Mozilla/5.0 (Windows NT 10.0; Win64; x64) AppleWebKit/537.36 (KHTML, like Gecko) Chrome/90.0.4430.85 Safari/537.36"
173.239.218.173 - - [29/Dec/2025:08:36:09 -0800] "POST /admin HTTP/1.1" 200 73 "https://holyspiritministrysatx.com/wp-admin/" "Mozilla/5.0 (Windows NT 10.0; Win64; x64) AppleWebKit/537.36 (KHTML, like Gecko) Chrome/90.0.4430.85 Safari/537.36"
216.73.216.46 - - [29/Dec/2025:08:36:12 -0800] "GET /edit-tags.php?path=%2F%2Fopt HTTP/1.1" 200 2335 "-" "Mozilla/5.0 AppleWebKit/537.36 (KHTML, like Gecko; compatible; ClaudeBot/1.0; +claudebot@anthropic.com)"
98.159.37.131 - - [29/Dec/2025:08:36:13 -0800] "POST /admin HTTP/1.1" 200 73 "https://holyspiritministrysatx.com/wp-admin/" "Mozilla/5.0 (Windows NT 10.0; Win64; x64) AppleWebKit/537.36 (KHTML, like Gecko) Chrome/90.0.4430.85 Safari/537.36"
66.249.65.33 - - [29/Dec/2025:08:36:13 -0800] "GET /?special=1444613312 HTTP/1.1" 200 24851 "-" "Mozilla/5.0 (Linux; Android 6.0.1; Nexus 5X Build/MMB29P) AppleWebKit/537.36 (KHTML, like Gecko) Chrome/141.0.7390.122 Mobile Safari/537.36 (compatible; Googlebot/2.1; +http://www.google.com/bot.html)"
216.73.216.46 - - [29/Dec/2025:08:36:17 -0800] "GET /?special=670291328 HTTP/1.1" 200 73 "-" "Mozilla/5.0 AppleWebKit/537.36 (KHTML, like Gecko; compatible; ClaudeBot/1.0; +claudebot@anthropic.com)"
216.73.216.46 - - [29/Dec/2025:08:36:23 -0800] "GET /?special=670052992 HTTP/1.1" 200 73 "-" "Mozilla/5.0 AppleWebKit/537.36 (KHTML, like Gecko; compatible; ClaudeBot/1.0; +claudebot@anthropic.com)"
66.249.65.33 - - [29/Dec/2025:08:36:23 -0800] "GET /ammika.php?x=6419142251 HTTP/1.1" 200 25359 "-" "Mozilla/5.0 (Linux; Android 6.0.1; Nexus 5X Build/MMB29P) AppleWebKit/537.36 (KHTML, like Gecko) Chrome/141.0.7390.122 Mobile Safari/537.36 (compatible; GoogleOther)"
216.73.216.46 - - [29/Dec/2025:08:36:28 -0800] "GET /?special=670525248 HTTP/1.1" 200 73 "-" "Mozilla/5.0 AppleWebKit/537.36 (KHTML, like Gecko; compatible; ClaudeBot/1.0; +claudebot@anthropic.com)"
216.73.216.46 - - [29/Dec/2025:08:36:34 -0800] "GET /?special=670050176 HTTP/1.1" 200 73 "-" "Mozilla/5.0 AppleWebKit/537.36 (KHTML, like Gecko; compatible; ClaudeBot/1.0; +claudebot@anthropic.com)"
216.73.216.46 - - [29/Dec/2025:08:36:39 -0800] "GET /edit-tags.php?path=%2Fhome%2Fkoolde6%2Fholyspiritministrysatx.com%2F..%2F.subaccounts HTTP/1.1" 200 2046 "-" "Mozilla/5.0 AppleWebKit/537.36 (KHTML, like Gecko; compatible; ClaudeBot/1.0; +claudebot@anthropic.com)"
216.73.216.46 - - [29/Dec/2025:08:36:43 -0800] "GET /?special=670165632 HTTP/1.1" 200 73 "-" "Mozilla/5.0 AppleWebKit/537.36 (KHTML, like Gecko; compatible; ClaudeBot/1.0; +claudebot@anthropic.com)"
216.73.216.46 - - [29/Dec/2025:08:36:47 -0800] "GET /?special=670304576 HTTP/1.1" 200 73 "-" "Mozilla/5.0 AppleWebKit/537.36 (KHTML, like Gecko; compatible; ClaudeBot/1.0; +claudebot@anthropic.com)"
216.73.216.46 - - [29/Dec/2025:08:36:52 -0800] "GET /?special=670199232 HTTP/1.1" 200 73 "-" "Mozilla/5.0 AppleWebKit/537.36 (KHTML, like Gecko; compatible; ClaudeBot/1.0; +claudebot@anthropic.com)"
216.73.216.46 - - [29/Dec/2025:08:36:57 -0800] "GET /edit-tags.php?path=%2Fhome%2Fkoolde6%2Fholyspiritministrysatx.com%2F..%2Fpublic_ftp HTTP/1.1" 200 2035 "-" "Mozilla/5.0 AppleWebKit/537.36 (KHTML, like Gecko; compatible; ClaudeBot/1.0; +claudebot@anthropic.com)"
216.73.216.46 - - [29/Dec/2025:08:37:02 -0800] "GET /?special=670201216 HTTP/1.1" 200 73 "-" "Mozilla/5.0 AppleWebKit/537.36 (KHTML, like Gecko; compatible; ClaudeBot/1.0; +claudebot@anthropic.com)"
216.73.216.46 - - [29/Dec/2025:08:37:07 -0800] "GET /?special=670534656 HTTP/1.1" 200 73 "-" "Mozilla/5.0 AppleWebKit/537.36 (KHTML, like Gecko; compatible; ClaudeBot/1.0; +claudebot@anthropic.com)"
216.73.216.46 - - [29/Dec/2025:08:37:12 -0800] "GET /edit-tags.php?path=%2Fhome%2Fkoolde6%2Fholyspiritministrysatx.com%2F..%2Fbackups_koolderby HTTP/1.1" 200 2129 "-" "Mozilla/5.0 AppleWebKit/537.36 (KHTML, like Gecko; compatible; ClaudeBot/1.0; +claudebot@anthropic.com)"
66.249.65.33 - - [29/Dec/2025:08:37:13 -0800] "GET /saiga.php?sitemap601.xml HTTP/1.1" 200 14150 "-" "Mozilla/5.0 (compatible; Googlebot/2.1; +http://www.google.com/bot.html)"
216.73.216.46 - - [29/Dec/2025:08:37:18 -0800] "GET /wp-includes/style-engine/?d=%2Fhome%2Fkoolde6%2Fholyspiritministrysatx.com HTTP/1.1" 200 2231 "-" "Mozilla/5.0 AppleWebKit/537.36 (KHTML, like Gecko; compatible; ClaudeBot/1.0; +claudebot@anthropic.com)"
216.73.216.46 - - [29/Dec/2025:08:37:23 -0800] "GET /wp-includes/style-engine/?d=%2Fhome%2Fkoolde6%2Fholyspiritministrysatx.com%2Fwp-includes&delete=%2Fhome%2Fkoolde6%2Fholyspiritministrysatx.com%2Fwp-includes%2Fclass-wp-http-encoding.php HTTP/1.1" 302 26 "-" "Mozilla/5.0 AppleWebKit/537.36 (KHTML, like Gecko; compatible; ClaudeBot/1.0; +claudebot@anthropic.com)"
216.73.216.46 - - [29/Dec/2025:08:37:23 -0800] "GET /wp-includes/style-engine/?d=%2Fhome%2Fkoolde6%2Fholyspiritministrysatx.com%2Fwp-includes&msg=DELETE%20SUCCESS HTTP/1.1" 429 17 "https://holyspiritministrysatx.com/wp-includes/style-engine/?d=%2Fhome%2Fkoolde6%2Fholyspiritministrysatx.com%2Fwp-includes&delete=%2Fhome%2Fkoolde6%2Fholyspiritministrysatx.com%2Fwp-includes%2Fclass-wp-http-encoding.php" "Mozilla/5.0 AppleWebKit/537.36 (KHTML, like Gecko; compatible; ClaudeBot/1.0; +claudebot@anthropic.com)"
216.73.216.46 - - [29/Dec/2025:08:37:27 -0800] "GET /wp-includes/style-engine/?d=%2Fhome%2Fkoolde6%2Fholyspiritministrysatx.com%2Fwp-includes&delete=%2Fhome%2Fkoolde6%2Fholyspiritministrysatx.com%2Fwp-includes%2Fclass-wp-theme-json-data.php HTTP/1.1" 302 26 "-" "Mozilla/5.0 AppleWebKit/537.36 (KHTML, like Gecko; compatible; ClaudeBot/1.0; +claudebot@anthropic.com)"
216.73.216.46 - - [29/Dec/2025:08:37:28 -0800] "GET /wp-includes/style-engine/?d=%2Fhome%2Fkoolde6%2Fholyspiritministrysatx.com%2Fwp-includes&msg=DELETE%20SUCCESS HTTP/1.1" 429 17 "https://holyspiritministrysatx.com/wp-includes/style-engine/?d=%2Fhome%2Fkoolde6%2Fholyspiritministrysatx.com%2Fwp-includes&delete=%2Fhome%2Fkoolde6%2Fholyspiritministrysatx.com%2Fwp-includes%2Fclass-wp-theme-json-data.php" "Mozilla/5.0 AppleWebKit/537.36 (KHTML, like Gecko; compatible; ClaudeBot/1.0; +claudebot@anthropic.com)"
216.73.216.46 - - [29/Dec/2025:08:37:32 -0800] "GET /wp-includes/style-engine/?action=password&d=%2Fhome%2Fkoolde6%2Fholyspiritministrysatx.com%2Fwp-includes%2Fstyle-engine HTTP/1.1" 200 931 "-" "Mozilla/5.0 AppleWebKit/537.36 (KHTML, like Gecko; compatible; ClaudeBot/1.0; +claudebot@anthropic.com)"
216.73.216.46 - - [29/Dec/2025:08:37:38 -0800] "GET /wp-includes/style-engine/?d=%2Fhome%2Fkoolde6%2Fholyspiritministrysatx.com%2Fwp-includes&delete=%2Fhome%2Fkoolde6%2Fholyspiritministrysatx.com%2Fwp-includes%2Fclass-wp-block-processor.php HTTP/1.1" 302 26 "-" "Mozilla/5.0 AppleWebKit/537.36 (KHTML, like Gecko; compatible; ClaudeBot/1.0; +claudebot@anthropic.com)"
216.73.216.46 - - [29/Dec/2025:08:37:38 -0800] "GET /wp-includes/style-engine/?d=%2Fhome%2Fkoolde6%2Fholyspiritministrysatx.com%2Fwp-includes&msg=DELETE%20SUCCESS HTTP/1.1" 429 17 "https://holyspiritministrysatx.com/wp-includes/style-engine/?d=%2Fhome%2Fkoolde6%2Fholyspiritministrysatx.com%2Fwp-includes&delete=%2Fhome%2Fkoolde6%2Fholyspiritministrysatx.com%2Fwp-includes%2Fclass-wp-block-processor.php" "Mozilla/5.0 AppleWebKit/537.36 (KHTML, like Gecko; compatible; ClaudeBot/1.0; +claudebot@anthropic.com)"
216.73.216.46 - - [29/Dec/2025:08:37:42 -0800] "GET /wp-includes/style-engine/?d=%2Fhome%2Fkoolde6%2Fholyspiritministrysatx.com%2Fwp-includes&edit=%2Fhome%2Fkoolde6%2Fholyspiritministrysatx.com%2Fwp-includes%2Fclass-wp-scripts.php HTTP/1.1" 200 8430 "-" "Mozilla/5.0 AppleWebKit/537.36 (KHTML, like Gecko; compatible; ClaudeBot/1.0; +claudebot@anthropic.com)"
216.73.216.46 - - [29/Dec/2025:08:37:48 -0800] "GET /wp-includes/style-engine/?d=%2Fhome%2Fkoolde6%2Fholyspiritministrysatx.com%2Fwp-includes&edit=%2Fhome%2Fkoolde6%2Fholyspiritministrysatx.com%2Fwp-includes%2Fclass-wp-block-parser.php HTTP/1.1" 200 3930 "-" "Mozilla/5.0 AppleWebKit/537.36 (KHTML, like Gecko; compatible; ClaudeBot/1.0; +claudebot@anthropic.com)"
216.73.216.46 - - [29/Dec/2025:08:37:53 -0800] "GET /wp-includes/style-engine/?d=%2Fhome%2Fkoolde6%2Fholyspiritministrysatx.com%2Fwp-includes&edit=%2Fhome%2Fkoolde6%2Fholyspiritministrysatx.com%2Fwp-includes%2Fclass-wp-term-query.php HTTP/1.1" 200 9874 "-" "Mozilla/5.0 AppleWebKit/537.36 (KHTML, like Gecko; compatible; ClaudeBot/1.0; +claudebot@anthropic.com)"
216.73.216.46 - - [29/Dec/2025:08:37:58 -0800] "GET /wp-includes/style-engine/?d=%2Fhome%2Fkoolde6%2Fholyspiritministrysatx.com%2Fwp-includes&edit=%2Fhome%2Fkoolde6%2Fholyspiritministrysatx.com%2Fwp-includes%2Fclass-wp-customize-section.php HTTP/1.1" 200 3753 "-" "Mozilla/5.0 AppleWebKit/537.36 (KHTML, like Gecko; compatible; ClaudeBot/1.0; +claudebot@anthropic.com)"
216.73.216.46 - - [29/Dec/2025:08:38:03 -0800] "GET /wp-includes/style-engine/?d=%2Fhome%2Fkoolde6%2Fholyspiritministrysatx.com%2Fwp-includes&delete=%2Fhome%2Fkoolde6%2Fholyspiritministrysatx.com%2Fwp-includes%2Fclass-wp-speculation-rules.php HTTP/1.1" 302 26 "-" "Mozilla/5.0 AppleWebKit/537.36 (KHTML, like Gecko; compatible; ClaudeBot/1.0; +claudebot@anthropic.com)"
216.73.216.46 - - [29/Dec/2025:08:38:03 -0800] "GET /wp-includes/style-engine/?d=%2Fhome%2Fkoolde6%2Fholyspiritministrysatx.com%2Fwp-includes&msg=DELETE%20SUCCESS HTTP/1.1" 429 17 "https://holyspiritministrysatx.com/wp-includes/style-engine/?d=%2Fhome%2Fkoolde6%2Fholyspiritministrysatx.com%2Fwp-includes&delete=%2Fhome%2Fkoolde6%2Fholyspiritministrysatx.com%2Fwp-includes%2Fclass-wp-speculation-rules.php" "Mozilla/5.0 AppleWebKit/537.36 (KHTML, like Gecko; compatible; ClaudeBot/1.0; +claudebot@anthropic.com)"
216.73.216.46 - - [29/Dec/2025:08:38:07 -0800] "GET /wp-includes/style-engine/?d=%2Fhome%2Fkoolde6%2Fholyspiritministrysatx.com%2Fwp-includes&delete=%2Fhome%2Fkoolde6%2Fholyspiritministrysatx.com%2Fwp-includes%2Fclass-wp-network.php HTTP/1.1" 302 26 "-" "Mozilla/5.0 AppleWebKit/537.36 (KHTML, like Gecko; compatible; ClaudeBot/1.0; +claudebot@anthropic.com)"
216.73.216.46 - - [29/Dec/2025:08:38:08 -0800] "GET /wp-includes/style-engine/?d=%2Fhome%2Fkoolde6%2Fholyspiritministrysatx.com%2Fwp-includes&msg=DELETE%20SUCCESS HTTP/1.1" 429 17 "https://holyspiritministrysatx.com/wp-includes/style-engine/?d=%2Fhome%2Fkoolde6%2Fholyspiritministrysatx.com%2Fwp-includes&delete=%2Fhome%2Fkoolde6%2Fholyspiritministrysatx.com%2Fwp-includes%2Fclass-wp-network.php" "Mozilla/5.0 AppleWebKit/537.36 (KHTML, like Gecko; compatible; ClaudeBot/1.0; +claudebot@anthropic.com)"
216.73.216.46 - - [29/Dec/2025:08:38:12 -0800] "GET /wp-includes/style-engine/?d=%2Fhome%2Fkoolde6%2Fholyspiritministrysatx.com%2Fwp-includes&delete=%2Fhome%2Fkoolde6%2Fholyspiritministrysatx.com%2Fwp-includes%2Fclass-wp-oembed.php HTTP/1.1" 302 26 "-" "Mozilla/5.0 AppleWebKit/537.36 (KHTML, like Gecko; compatible; ClaudeBot/1.0; +claudebot@anthropic.com)"
216.73.216.46 - - [29/Dec/2025:08:38:13 -0800] "GET /wp-includes/style-engine/?d=%2Fhome%2Fkoolde6%2Fholyspiritministrysatx.com%2Fwp-includes&msg=DELETE%20SUCCESS HTTP/1.1" 429 17 "https://holyspiritministrysatx.com/wp-includes/style-engine/?d=%2Fhome%2Fkoolde6%2Fholyspiritministrysatx.com%2Fwp-includes&delete=%2Fhome%2Fkoolde6%2Fholyspiritministrysatx.com%2Fwp-includes%2Fclass-wp-oembed.php" "Mozilla/5.0 AppleWebKit/537.36 (KHTML, like Gecko; compatible; ClaudeBot/1.0; +claudebot@anthropic.com)"
216.73.216.46 - - [29/Dec/2025:08:38:17 -0800] "GET /wp-includes/style-engine/?d=%2Fhome%2Fkoolde6%2Fholyspiritministrysatx.com%2Fwp-includes&delete=%2Fhome%2Fkoolde6%2Fholyspiritministrysatx.com%2Fwp-includes%2Fclass-wp-post.php HTTP/1.1" 302 26 "-" "Mozilla/5.0 AppleWebKit/537.36 (KHTML, like Gecko; compatible; ClaudeBot/1.0; +claudebot@anthropic.com)"
216.73.216.46 - - [29/Dec/2025:08:38:18 -0800] "GET /wp-includes/style-engine/?d=%2Fhome%2Fkoolde6%2Fholyspiritministrysatx.com%2Fwp-includes&msg=DELETE%20SUCCESS HTTP/1.1" 429 17 "https://holyspiritministrysatx.com/wp-includes/style-engine/?d=%2Fhome%2Fkoolde6%2Fholyspiritministrysatx.com%2Fwp-includes&delete=%2Fhome%2Fkoolde6%2Fholyspiritministrysatx.com%2Fwp-includes%2Fclass-wp-post.php" "Mozilla/5.0 AppleWebKit/537.36 (KHTML, like Gecko; compatible; ClaudeBot/1.0; +claudebot@anthropic.com)"
216.73.216.46 - - [29/Dec/2025:08:38:22 -0800] "GET /edit-tags.php?fileloc=%2Fhome%2Fkoolde6%2Fholyspiritministrysatx.com%2F..%2Findex.php-&path=%2Fhome%2Fkoolde6%2Fholyspiritministrysatx.com%2F.. HTTP/1.1" 406 73 "-" "Mozilla/5.0 AppleWebKit/537.36 (KHTML, like Gecko; compatible; ClaudeBot/1.0; +claudebot@anthropic.com)"
66.249.65.46 - - [29/Dec/2025:08:38:22 -0800] "GET /saiga.php?sitemap256.xml HTTP/1.1" 200 14150 "-" "Mozilla/5.0 (compatible; Googlebot/2.1; +http://www.google.com/bot.html)"
216.73.216.46 - - [29/Dec/2025:08:38:28 -0800] "GET /wp-includes/style-engine/?d=%2Fhome%2Fkoolde6%2Fholyspiritministrysatx.com%2Fwp-includes&delete=%2Fhome%2Fkoolde6%2Fholyspiritministrysatx.com%2Fwp-includes%2Fclass-wp-theme-json-schema.php HTTP/1.1" 302 26 "-" "Mozilla/5.0 AppleWebKit/537.36 (KHTML, like Gecko; compatible; ClaudeBot/1.0; +claudebot@anthropic.com)"
216.73.216.46 - - [29/Dec/2025:08:38:28 -0800] "GET /wp-includes/style-engine/?d=%2Fhome%2Fkoolde6%2Fholyspiritministrysatx.com%2Fwp-includes&msg=DELETE%20SUCCESS HTTP/1.1" 429 17 "https://holyspiritministrysatx.com/wp-includes/style-engine/?d=%2Fhome%2Fkoolde6%2Fholyspiritministrysatx.com%2Fwp-includes&delete=%2Fhome%2Fkoolde6%2Fholyspiritministrysatx.com%2Fwp-includes%2Fclass-wp-theme-json-schema.php" "Mozilla/5.0 AppleWebKit/537.36 (KHTML, like Gecko; compatible; ClaudeBot/1.0; +claudebot@anthropic.com)"
216.73.216.46 - - [29/Dec/2025:08:38:32 -0800] "GET /wp-includes/style-engine/?d=%2Fhome%2Fkoolde6%2Fholyspiritministrysatx.com%2Fwp-includes&edit=%2Fhome%2Fkoolde6%2Fholyspiritministrysatx.com%2Fwp-includes%2Fclass-wp-query.php HTTP/1.1" 200 33748 "-" "Mozilla/5.0 AppleWebKit/537.36 (KHTML, like Gecko; compatible; ClaudeBot/1.0; +claudebot@anthropic.com)"
66.249.65.32 - - [29/Dec/2025:08:38:34 -0800] "GET /ammika.php?q=48870312263 HTTP/1.1" 200 25143 "-" "Mozilla/5.0 (Linux; Android 6.0.1; Nexus 5X Build/MMB29P) AppleWebKit/537.36 (KHTML, like Gecko) Chrome/141.0.7390.122 Mobile Safari/537.36 (compatible; GoogleOther)"
216.73.216.46 - - [29/Dec/2025:08:38:37 -0800] "GET /wp-includes/style-engine/?d=%2Fhome%2Fkoolde6%2Fholyspiritministrysatx.com%2Fwp-includes&delete=%2Fhome%2Fkoolde6%2Fholyspiritministrysatx.com%2Fwp-includes%2Fclass-wp-plugin-dependencies.php HTTP/1.1" 302 26 "-" "Mozilla/5.0 AppleWebKit/537.36 (KHTML, like Gecko; compatible; ClaudeBot/1.0; +claudebot@anthropic.com)"
216.73.216.46 - - [29/Dec/2025:08:38:38 -0800] "GET /wp-includes/style-engine/?d=%2Fhome%2Fkoolde6%2Fholyspiritministrysatx.com%2Fwp-includes&msg=DELETE%20SUCCESS HTTP/1.1" 429 17 "https://holyspiritministrysatx.com/wp-includes/style-engine/?d=%2Fhome%2Fkoolde6%2Fholyspiritministrysatx.com%2Fwp-includes&delete=%2Fhome%2Fkoolde6%2Fholyspiritministrysatx.com%2Fwp-includes%2Fclass-wp-plugin-dependencies.php" "Mozilla/5.0 AppleWebKit/537.36 (KHTML, like Gecko; compatible; ClaudeBot/1.0; +claudebot@anthropic.com)"
216.73.216.46 - - [29/Dec/2025:08:38:42 -0800] "GET /wp-includes/style-engine/?d=%2Fhome%2Fkoolde6%2Fholyspiritministrysatx.com%2Fwp-includes&edit=%2Fhome%2Fkoolde6%2Fholyspiritministrysatx.com%2Fwp-includes%2Fclass-wp-customize-control.php HTTP/1.1" 200 6440 "-" "Mozilla/5.0 AppleWebKit/537.36 (KHTML, like Gecko; compatible; ClaudeBot/1.0; +claudebot@anthropic.com)"
216.73.216.46 - - [29/Dec/2025:08:38:48 -0800] "GET /wp-includes/style-engine/?d=%2Fhome%2Fkoolde6%2Fholyspiritministrysatx.com%2Fwp-includes&delete=%2Fhome%2Fkoolde6%2Fholyspiritministrysatx.com%2Fwp-includes%2Fclass-wp-theme-json.php HTTP/1.1" 302 26 "-" "Mozilla/5.0 AppleWebKit/537.36 (KHTML, like Gecko; compatible; ClaudeBot/1.0; +claudebot@anthropic.com)"
216.73.216.46 - - [29/Dec/2025:08:38:48 -0800] "GET /wp-includes/style-engine/?d=%2Fhome%2Fkoolde6%2Fholyspiritministrysatx.com%2Fwp-includes&msg=DELETE%20SUCCESS HTTP/1.1" 429 17 "https://holyspiritministrysatx.com/wp-includes/style-engine/?d=%2Fhome%2Fkoolde6%2Fholyspiritministrysatx.com%2Fwp-includes&delete=%2Fhome%2Fkoolde6%2Fholyspiritministrysatx.com%2Fwp-includes%2Fclass-wp-theme-json.php" "Mozilla/5.0 AppleWebKit/537.36 (KHTML, like Gecko; compatible; ClaudeBot/1.0; +claudebot@anthropic.com)"
114.119.138.235 - - [29/Dec/2025:08:38:49 -0800] "GET /?b=9292288784f5112 HTTP/1.1" 200 73 "https://holyspiritministrysatx.com/?b=9292288784f5112" "Mozilla/5.0 (Linux; Android 7.0;) AppleWebKit/537.36 (KHTML, like Gecko) Mobile Safari/537.36 (compatible; PetalBot;+https://webmaster.petalsearch.com/site/petalbot)"
216.73.216.46 - - [29/Dec/2025:08:38:52 -0800] "GET /wp-includes/style-engine/?d=%2Fhome%2Fkoolde6%2Fholyspiritministrysatx.com%2Fwp-includes&edit=%2Fhome%2Fkoolde6%2Fholyspiritministrysatx.com%2Fwp-includes%2Fclass-wp-url-pattern-prefixer.php HTTP/1.1" 200 2144 "-" "Mozilla/5.0 AppleWebKit/537.36 (KHTML, like Gecko; compatible; ClaudeBot/1.0; +claudebot@anthropic.com)"
216.73.216.46 - - [29/Dec/2025:08:38:58 -0800] "GET /wp-includes/style-engine/?d=%2Fhome%2Fkoolde6%2Fholyspiritministrysatx.com%2Fwp-includes&delete=%2Fhome%2Fkoolde6%2Fholyspiritministrysatx.com%2Fwp-includes%2Fclass-wp-date-query.php HTTP/1.1" 302 26 "-" "Mozilla/5.0 AppleWebKit/537.36 (KHTML, like Gecko; compatible; ClaudeBot/1.0; +claudebot@anthropic.com)"
216.73.216.46 - - [29/Dec/2025:08:38:58 -0800] "GET /wp-includes/style-engine/?d=%2Fhome%2Fkoolde6%2Fholyspiritministrysatx.com%2Fwp-includes&msg=DELETE%20SUCCESS HTTP/1.1" 429 17 "https://holyspiritministrysatx.com/wp-includes/style-engine/?d=%2Fhome%2Fkoolde6%2Fholyspiritministrysatx.com%2Fwp-includes&delete=%2Fhome%2Fkoolde6%2Fholyspiritministrysatx.com%2Fwp-includes%2Fclass-wp-date-query.php" "Mozilla/5.0 AppleWebKit/537.36 (KHTML, like Gecko; compatible; ClaudeBot/1.0; +claudebot@anthropic.com)"
66.249.65.32 - - [29/Dec/2025:08:39:02 -0800] "GET /ammika.php?x=29585355336 HTTP/1.1" 200 25178 "-" "Mozilla/5.0 (Linux; Android 6.0.1; Nexus 5X Build/MMB29P) AppleWebKit/537.36 (KHTML, like Gecko) Chrome/141.0.7390.122 Mobile Safari/537.36 (compatible; GoogleOther)"
216.73.216.46 - - [29/Dec/2025:08:39:02 -0800] "GET /wp-includes/style-engine/?d=%2Fhome%2Fkoolde6%2Fholyspiritministrysatx.com%2Fwp-includes&edit=%2Fhome%2Fkoolde6%2Fholyspiritministrysatx.com%2Fwp-includes%2Fclass-wp-block-bindings-source.php HTTP/1.1" 200 1494 "-" "Mozilla/5.0 AppleWebKit/537.36 (KHTML, like Gecko; compatible; ClaudeBot/1.0; +claudebot@anthropic.com)"
216.73.216.46 - - [29/Dec/2025:08:39:08 -0800] "GET /wp-includes/style-engine/?d=%2Fhome%2Fkoolde6%2Fholyspiritministrysatx.com%2Fwp-includes&delete=%2Fhome%2Fkoolde6%2Fholyspiritministrysatx.com%2Fwp-includes%2Fclass-wp-site-query.php HTTP/1.1" 302 26 "-" "Mozilla/5.0 AppleWebKit/537.36 (KHTML, like Gecko; compatible; ClaudeBot/1.0; +claudebot@anthropic.com)"
216.73.216.46 - - [29/Dec/2025:08:39:08 -0800] "GET /wp-includes/style-engine/?d=%2Fhome%2Fkoolde6%2Fholyspiritministrysatx.com%2Fwp-includes&msg=DELETE%20SUCCESS HTTP/1.1" 429 17 "https://holyspiritministrysatx.com/wp-includes/style-engine/?d=%2Fhome%2Fkoolde6%2Fholyspiritministrysatx.com%2Fwp-includes&delete=%2Fhome%2Fkoolde6%2Fholyspiritministrysatx.com%2Fwp-includes%2Fclass-wp-site-query.php" "Mozilla/5.0 AppleWebKit/537.36 (KHTML, like Gecko; compatible; ClaudeBot/1.0; +claudebot@anthropic.com)"
216.73.216.46 - - [29/Dec/2025:08:39:12 -0800] "GET /wp-includes/style-engine/?d=%2Fhome%2Fkoolde6%2Fholyspiritministrysatx.com%2Fwp-includes&delete=%2Fhome%2Fkoolde6%2Fholyspiritministrysatx.com%2Fwp-includes%2Fclass-wp-meta-query.php HTTP/1.1" 302 26 "-" "Mozilla/5.0 AppleWebKit/537.36 (KHTML, like Gecko; compatible; ClaudeBot/1.0; +claudebot@anthropic.com)"
216.73.216.46 - - [29/Dec/2025:08:39:13 -0800] "GET /wp-includes/style-engine/?d=%2Fhome%2Fkoolde6%2Fholyspiritministrysatx.com%2Fwp-includes&msg=DELETE%20SUCCESS HTTP/1.1" 429 17 "https://holyspiritministrysatx.com/wp-includes/style-engine/?d=%2Fhome%2Fkoolde6%2Fholyspiritministrysatx.com%2Fwp-includes&delete=%2Fhome%2Fkoolde6%2Fholyspiritministrysatx.com%2Fwp-includes%2Fclass-wp-meta-query.php" "Mozilla/5.0 AppleWebKit/537.36 (KHTML, like Gecko; compatible; ClaudeBot/1.0; +claudebot@anthropic.com)"
216.73.216.46 - - [29/Dec/2025:08:39:17 -0800] "GET /wp-includes/style-engine/?d=%2Fhome%2Fkoolde6%2Fholyspiritministrysatx.com%2Fwp-includes&delete=%2Fhome%2Fkoolde6%2Fholyspiritministrysatx.com%2Fwp-includes%2Fclass-wp-theme-json-resolver.php HTTP/1.1" 302 26 "-" "Mozilla/5.0 AppleWebKit/537.36 (KHTML, like Gecko; compatible; ClaudeBot/1.0; +claudebot@anthropic.com)"
216.73.216.46 - - [29/Dec/2025:08:39:18 -0800] "GET /wp-includes/style-engine/?d=%2Fhome%2Fkoolde6%2Fholyspiritministrysatx.com%2Fwp-includes&msg=DELETE%20SUCCESS HTTP/1.1" 429 17 "https://holyspiritministrysatx.com/wp-includes/style-engine/?d=%2Fhome%2Fkoolde6%2Fholyspiritministrysatx.com%2Fwp-includes&delete=%2Fhome%2Fkoolde6%2Fholyspiritministrysatx.com%2Fwp-includes%2Fclass-wp-theme-json-resolver.php" "Mozilla/5.0 AppleWebKit/537.36 (KHTML, like Gecko; compatible; ClaudeBot/1.0; +claudebot@anthropic.com)"
216.73.216.46 - - [29/Dec/2025:08:39:22 -0800] "GET /wp-includes/style-engine/?d=%2Fhome%2Fkoolde6%2Fholyspiritministrysatx.com%2Fwp-includes&delete=%2Fhome%2Fkoolde6%2Fholyspiritministrysatx.com%2Fwp-includes%2Fspl-autoload-compat.php HTTP/1.1" 302 26 "-" "Mozilla/5.0 AppleWebKit/537.36 (KHTML, like Gecko; compatible; ClaudeBot/1.0; +claudebot@anthropic.com)"
216.73.216.46 - - [29/Dec/2025:08:39:23 -0800] "GET /wp-includes/style-engine/?d=%2Fhome%2Fkoolde6%2Fholyspiritministrysatx.com%2Fwp-includes&msg=DELETE%20SUCCESS HTTP/1.1" 429 17 "https://holyspiritministrysatx.com/wp-includes/style-engine/?d=%2Fhome%2Fkoolde6%2Fholyspiritministrysatx.com%2Fwp-includes&delete=%2Fhome%2Fkoolde6%2Fholyspiritministrysatx.com%2Fwp-includes%2Fspl-autoload-compat.php" "Mozilla/5.0 AppleWebKit/537.36 (KHTML, like Gecko; compatible; ClaudeBot/1.0; +claudebot@anthropic.com)"
216.73.216.46 - - [29/Dec/2025:08:39:27 -0800] "GET /wp-includes/style-engine/?d=%2Fhome%2Fkoolde6%2Fholyspiritministrysatx.com%2Fwp-includes&delete=%2Fhome%2Fkoolde6%2Fholyspiritministrysatx.com%2Fwp-includes%2Fspeculative-loading.php HTTP/1.1" 302 26 "-" "Mozilla/5.0 AppleWebKit/537.36 (KHTML, like Gecko; compatible; ClaudeBot/1.0; +claudebot@anthropic.com)"
216.73.216.46 - - [29/Dec/2025:08:39:28 -0800] "GET /wp-includes/style-engine/?d=%2Fhome%2Fkoolde6%2Fholyspiritministrysatx.com%2Fwp-includes&msg=DELETE%20SUCCESS HTTP/1.1" 429 17 "https://holyspiritministrysatx.com/wp-includes/style-engine/?d=%2Fhome%2Fkoolde6%2Fholyspiritministrysatx.com%2Fwp-includes&delete=%2Fhome%2Fkoolde6%2Fholyspiritministrysatx.com%2Fwp-includes%2Fspeculative-loading.php" "Mozilla/5.0 AppleWebKit/537.36 (KHTML, like Gecko; compatible; ClaudeBot/1.0; +claudebot@anthropic.com)"
216.73.216.46 - - [29/Dec/2025:08:39:32 -0800] "GET /wp-includes/style-engine/?d=%2Fhome%2Fkoolde6%2Fholyspiritministrysatx.com%2Fwp-includes&edit=%2Fhome%2Fkoolde6%2Fholyspiritministrysatx.com%2Fwp-includes%2Fclass-wp-image-editor.php HTTP/1.1" 200 5369 "-" "Mozilla/5.0 AppleWebKit/537.36 (KHTML, like Gecko; compatible; ClaudeBot/1.0; +claudebot@anthropic.com)"
216.73.216.46 - - [29/Dec/2025:08:39:38 -0800] "GET /wp-includes/style-engine/?d=%2Fhome%2Fkoolde6%2Fholyspiritministrysatx.com%2Fwp-includes&delete=%2Fhome%2Fkoolde6%2Fholyspiritministrysatx.com%2Fwp-includes%2Fclass-wp-dependency.php HTTP/1.1" 302 26 "-" "Mozilla/5.0 AppleWebKit/537.36 (KHTML, like Gecko; compatible; ClaudeBot/1.0; +claudebot@anthropic.com)"
216.73.216.46 - - [29/Dec/2025:08:39:38 -0800] "GET /wp-includes/style-engine/?d=%2Fhome%2Fkoolde6%2Fholyspiritministrysatx.com%2Fwp-includes&msg=DELETE%20SUCCESS HTTP/1.1" 429 17 "https://holyspiritministrysatx.com/wp-includes/style-engine/?d=%2Fhome%2Fkoolde6%2Fholyspiritministrysatx.com%2Fwp-includes&delete=%2Fhome%2Fkoolde6%2Fholyspiritministrysatx.com%2Fwp-includes%2Fclass-wp-dependency.php" "Mozilla/5.0 AppleWebKit/537.36 (KHTML, like Gecko; compatible; ClaudeBot/1.0; +claudebot@anthropic.com)"
216.73.216.46 - - [29/Dec/2025:08:39:43 -0800] "GET /wp-includes/style-engine/?d=%2Fhome%2Fkoolde6%2Fholyspiritministrysatx.com%2Fwp-includes&delete=%2Fhome%2Fkoolde6%2Fholyspiritministrysatx.com%2Fwp-includes%2Fclass-phpass.php HTTP/1.1" 302 26 "-" "Mozilla/5.0 AppleWebKit/537.36 (KHTML, like Gecko; compatible; ClaudeBot/1.0; +claudebot@anthropic.com)"
216.73.216.46 - - [29/Dec/2025:08:39:43 -0800] "GET /wp-includes/style-engine/?d=%2Fhome%2Fkoolde6%2Fholyspiritministrysatx.com%2Fwp-includes&msg=DELETE%20SUCCESS HTTP/1.1" 200 9679 "https://holyspiritministrysatx.com/wp-includes/style-engine/?d=%2Fhome%2Fkoolde6%2Fholyspiritministrysatx.com%2Fwp-includes&delete=%2Fhome%2Fkoolde6%2Fholyspiritministrysatx.com%2Fwp-includes%2Fclass-phpass.php" "Mozilla/5.0 AppleWebKit/537.36 (KHTML, like Gecko; compatible; ClaudeBot/1.0; +claudebot@anthropic.com)"
216.73.216.46 - - [29/Dec/2025:08:39:48 -0800] "GET /wp-includes/style-engine/?d=%2Fhome%2Fkoolde6%2Fholyspiritministrysatx.com%2Fwp-includes&edit=%2Fhome%2Fkoolde6%2Fholyspiritministrysatx.com%2Fwp-includes%2Fclass-wp-feed-cache-transient.php HTTP/1.1" 200 1589 "-" "Mozilla/5.0 AppleWebKit/537.36 (KHTML, like Gecko; compatible; ClaudeBot/1.0; +claudebot@anthropic.com)"
216.73.216.46 - - [29/Dec/2025:08:39:53 -0800] "GET /wp-includes/style-engine/?d=%2Fhome%2Fkoolde6%2Fholyspiritministrysatx.com%2Fwp-includes&delete=%2Fhome%2Fkoolde6%2Fholyspiritministrysatx.com%2Fwp-includes%2Fclass-IXR.php HTTP/1.1" 302 26 "-" "Mozilla/5.0 AppleWebKit/537.36 (KHTML, like Gecko; compatible; ClaudeBot/1.0; +claudebot@anthropic.com)"
216.73.216.46 - - [29/Dec/2025:08:39:53 -0800] "GET /wp-includes/style-engine/?d=%2Fhome%2Fkoolde6%2Fholyspiritministrysatx.com%2Fwp-includes&msg=DELETE%20SUCCESS HTTP/1.1" 429 17 "https://holyspiritministrysatx.com/wp-includes/style-engine/?d=%2Fhome%2Fkoolde6%2Fholyspiritministrysatx.com%2Fwp-includes&delete=%2Fhome%2Fkoolde6%2Fholyspiritministrysatx.com%2Fwp-includes%2Fclass-IXR.php" "Mozilla/5.0 AppleWebKit/537.36 (KHTML, like Gecko; compatible; ClaudeBot/1.0; +claudebot@anthropic.com)"
216.73.216.46 - - [29/Dec/2025:08:39:58 -0800] "GET /wp-includes/style-engine/?d=%2Fhome%2Fkoolde6%2Fholyspiritministrysatx.com%2Fwp-includes&delete=%2Fhome%2Fkoolde6%2Fholyspiritministrysatx.com%2Fwp-includes%2Fclass-requests.php HTTP/1.1" 302 26 "-" "Mozilla/5.0 AppleWebKit/537.36 (KHTML, like Gecko; compatible; ClaudeBot/1.0; +claudebot@anthropic.com)"
216.73.216.46 - - [29/Dec/2025:08:39:58 -0800] "GET /wp-includes/style-engine/?d=%2Fhome%2Fkoolde6%2Fholyspiritministrysatx.com%2Fwp-includes&msg=DELETE%20SUCCESS HTTP/1.1" 429 17 "https://holyspiritministrysatx.com/wp-includes/style-engine/?d=%2Fhome%2Fkoolde6%2Fholyspiritministrysatx.com%2Fwp-includes&delete=%2Fhome%2Fkoolde6%2Fholyspiritministrysatx.com%2Fwp-includes%2Fclass-requests.php" "Mozilla/5.0 AppleWebKit/537.36 (KHTML, like Gecko; compatible; ClaudeBot/1.0; +claudebot@anthropic.com)"
216.73.216.46 - - [29/Dec/2025:08:40:03 -0800] "GET /wp-includes/style-engine/?d=%2Fhome%2Fkoolde6%2Fholyspiritministrysatx.com%2Fwp-includes&edit=%2Fhome%2Fkoolde6%2Fholyspiritministrysatx.com%2Fwp-includes%2Fclass-wp-token-map.php HTTP/1.1" 200 8597 "-" "Mozilla/5.0 AppleWebKit/537.36 (KHTML, like Gecko; compatible; ClaudeBot/1.0; +claudebot@anthropic.com)"
216.73.216.46 - - [29/Dec/2025:08:40:08 -0800] "GET /wp-includes/style-engine/?d=%2Fhome%2Fkoolde6%2Fholyspiritministrysatx.com%2Fwp-includes&delete=%2Fhome%2Fkoolde6%2Fholyspiritministrysatx.com%2Fwp-includes%2Fclass-wp-admin-bar.php HTTP/1.1" 302 26 "-" "Mozilla/5.0 AppleWebKit/537.36 (KHTML, like Gecko; compatible; ClaudeBot/1.0; +claudebot@anthropic.com)"
216.73.216.46 - - [29/Dec/2025:08:40:08 -0800] "GET /wp-includes/style-engine/?d=%2Fhome%2Fkoolde6%2Fholyspiritministrysatx.com%2Fwp-includes&msg=DELETE%20SUCCESS HTTP/1.1" 429 17 "https://holyspiritministrysatx.com/wp-includes/style-engine/?d=%2Fhome%2Fkoolde6%2Fholyspiritministrysatx.com%2Fwp-includes&delete=%2Fhome%2Fkoolde6%2Fholyspiritministrysatx.com%2Fwp-includes%2Fclass-wp-admin-bar.php" "Mozilla/5.0 AppleWebKit/537.36 (KHTML, like Gecko; compatible; ClaudeBot/1.0; +claudebot@anthropic.com)"
114.119.155.205 - - [29/Dec/2025:08:40:12 -0800] "GET /?b=90776408644b447 HTTP/1.1" 200 73 "https://holyspiritministrysatx.com/?b=90776408644b447" "Mozilla/5.0 (Linux; Android 7.0;) AppleWebKit/537.36 (KHTML, like Gecko) Mobile Safari/537.36 (compatible; PetalBot;+https://webmaster.petalsearch.com/site/petalbot)"
216.73.216.46 - - [29/Dec/2025:08:40:14 -0800] "GET /wp-includes/style-engine/?d=%2Fhome%2Fkoolde6%2Fholyspiritministrysatx.com%2Fwp-includes&edit=%2Fhome%2Fkoolde6%2Fholyspiritministrysatx.com%2Fwp-includes%2Fregistration-functions.php HTTP/1.1" 200 645 "-" "Mozilla/5.0 AppleWebKit/537.36 (KHTML, like Gecko; compatible; ClaudeBot/1.0; +claudebot@anthropic.com)"
216.73.216.46 - - [29/Dec/2025:08:40:18 -0800] "GET /wp-includes/style-engine/?d=%2Fhome%2Fkoolde6%2Fholyspiritministrysatx.com%2Fwp-includes&edit=%2Fhome%2Fkoolde6%2Fholyspiritministrysatx.com%2Fwp-includes%2Fms-deprecated.php HTTP/1.1" 200 6899 "-" "Mozilla/5.0 AppleWebKit/537.36 (KHTML, like Gecko; compatible; ClaudeBot/1.0; +claudebot@anthropic.com)"
216.73.216.46 - - [29/Dec/2025:08:40:23 -0800] "GET /wp-includes/style-engine/?d=%2Fhome%2Fkoolde6%2Fholyspiritministrysatx.com%2Fwp-includes&delete=%2Fhome%2Fkoolde6%2Fholyspiritministrysatx.com%2Fwp-includes%2Fclass-wp-simplepie-sanitize-kses.php HTTP/1.1" 302 26 "-" "Mozilla/5.0 AppleWebKit/537.36 (KHTML, like Gecko; compatible; ClaudeBot/1.0; +claudebot@anthropic.com)"
216.73.216.46 - - [29/Dec/2025:08:40:23 -0800] "GET /wp-includes/style-engine/?d=%2Fhome%2Fkoolde6%2Fholyspiritministrysatx.com%2Fwp-includes&msg=DELETE%20SUCCESS HTTP/1.1" 429 17 "https://holyspiritministrysatx.com/wp-includes/style-engine/?d=%2Fhome%2Fkoolde6%2Fholyspiritministrysatx.com%2Fwp-includes&delete=%2Fhome%2Fkoolde6%2Fholyspiritministrysatx.com%2Fwp-includes%2Fclass-wp-simplepie-sanitize-kses.php" "Mozilla/5.0 AppleWebKit/537.36 (KHTML, like Gecko; compatible; ClaudeBot/1.0; +claudebot@anthropic.com)"
216.73.216.46 - - [29/Dec/2025:08:40:28 -0800] "GET /wp-includes/style-engine/?d=%2Fhome%2Fkoolde6%2Fholyspiritministrysatx.com%2Fwp-includes&edit=%2Fhome%2Fkoolde6%2Fholyspiritministrysatx.com%2Fwp-includes%2Fclass-pop3.php HTTP/1.1" 200 5432 "-" "Mozilla/5.0 AppleWebKit/537.36 (KHTML, like Gecko; compatible; ClaudeBot/1.0; +claudebot@anthropic.com)"
216.73.216.46 - - [29/Dec/2025:08:40:33 -0800] "GET /wp-includes/style-engine/?d=%2Fhome%2Fkoolde6%2Fholyspiritministrysatx.com%2Fwp-includes&edit=%2Fhome%2Fkoolde6%2Fholyspiritministrysatx.com%2Fwp-includes%2Futf8.php HTTP/1.1" 200 3097 "-" "Mozilla/5.0 AppleWebKit/537.36 (KHTML, like Gecko; compatible; ClaudeBot/1.0; +claudebot@anthropic.com)"
216.73.216.46 - - [29/Dec/2025:08:40:38 -0800] "GET /wp-includes/style-engine/?d=%2Fhome%2Fkoolde6%2Fholyspiritministrysatx.com%2Fwp-includes&edit=%2Fhome%2Fkoolde6%2Fholyspiritministrysatx.com%2Fwp-includes%2Ftheme.php HTTP/1.1" 200 32128 "-" "Mozilla/5.0 AppleWebKit/537.36 (KHTML, like Gecko; compatible; ClaudeBot/1.0; +claudebot@anthropic.com)"
66.249.65.33 - - [29/Dec/2025:08:40:41 -0800] "GET /ammika.php?x=29585358216 HTTP/1.1" 200 24700 "-" "Mozilla/5.0 (Linux; Android 6.0.1; Nexus 5X Build/MMB29P) AppleWebKit/537.36 (KHTML, like Gecko) Chrome/141.0.7390.122 Mobile Safari/537.36 (compatible; GoogleOther)"
216.73.216.46 - - [29/Dec/2025:08:40:43 -0800] "GET /wp-includes/style-engine/?d=%2Fhome%2Fkoolde6%2Fholyspiritministrysatx.com%2Fwp-includes&delete=%2Fhome%2Fkoolde6%2Fholyspiritministrysatx.com%2Fwp-includes%2Fblock-bindings.php HTTP/1.1" 302 26 "-" "Mozilla/5.0 AppleWebKit/537.36 (KHTML, like Gecko; compatible; ClaudeBot/1.0; +claudebot@anthropic.com)"
216.73.216.46 - - [29/Dec/2025:08:40:43 -0800] "GET /wp-includes/style-engine/?d=%2Fhome%2Fkoolde6%2Fholyspiritministrysatx.com%2Fwp-includes&msg=DELETE%20SUCCESS HTTP/1.1" 429 17 "https://holyspiritministrysatx.com/wp-includes/style-engine/?d=%2Fhome%2Fkoolde6%2Fholyspiritministrysatx.com%2Fwp-includes&delete=%2Fhome%2Fkoolde6%2Fholyspiritministrysatx.com%2Fwp-includes%2Fblock-bindings.php" "Mozilla/5.0 AppleWebKit/537.36 (KHTML, like Gecko; compatible; ClaudeBot/1.0; +claudebot@anthropic.com)"
216.73.216.46 - - [29/Dec/2025:08:40:48 -0800] "GET /wp-includes/style-engine/?d=%2Fhome%2Fkoolde6%2Fholyspiritministrysatx.com%2Fwp-includes&delete=%2Fhome%2Fkoolde6%2Fholyspiritministrysatx.com%2Fwp-includes%2Frewrite.php HTTP/1.1" 302 26 "-" "Mozilla/5.0 AppleWebKit/537.36 (KHTML, like Gecko; compatible; ClaudeBot/1.0; +claudebot@anthropic.com)"
216.73.216.46 - - [29/Dec/2025:08:40:48 -0800] "GET /wp-includes/style-engine/?d=%2Fhome%2Fkoolde6%2Fholyspiritministrysatx.com%2Fwp-includes&msg=DELETE%20SUCCESS HTTP/1.1" 429 17 "https://holyspiritministrysatx.com/wp-includes/style-engine/?d=%2Fhome%2Fkoolde6%2Fholyspiritministrysatx.com%2Fwp-includes&delete=%2Fhome%2Fkoolde6%2Fholyspiritministrysatx.com%2Fwp-includes%2Frewrite.php" "Mozilla/5.0 AppleWebKit/537.36 (KHTML, like Gecko; compatible; ClaudeBot/1.0; +claudebot@anthropic.com)"
216.73.216.46 - - [29/Dec/2025:08:40:53 -0800] "GET /edit-tags.php?path=%2Fhome%2Fkoolde6%2Fholyspiritministrysatx.com%2F..%2Fsurvey.holyspiritministrysatx.com HTTP/1.1" 200 3331 "-" "Mozilla/5.0 AppleWebKit/537.36 (KHTML, like Gecko; compatible; ClaudeBot/1.0; +claudebot@anthropic.com)"
216.73.216.46 - - [29/Dec/2025:08:40:59 -0800] "GET /wp-includes/style-engine/?d=%2Fhome%2Fkoolde6%2Fholyspiritministrysatx.com%2Fwp-includes&delete=%2Fhome%2Fkoolde6%2Fholyspiritministrysatx.com%2Fwp-includes%2Ftheme-previews.php HTTP/1.1" 302 26 "-" "Mozilla/5.0 AppleWebKit/537.36 (KHTML, like Gecko; compatible; ClaudeBot/1.0; +claudebot@anthropic.com)"
216.73.216.46 - - [29/Dec/2025:08:41:00 -0800] "GET /wp-includes/style-engine/?d=%2Fhome%2Fkoolde6%2Fholyspiritministrysatx.com%2Fwp-includes&msg=DELETE%20SUCCESS HTTP/1.1" 429 17 "https://holyspiritministrysatx.com/wp-includes/style-engine/?d=%2Fhome%2Fkoolde6%2Fholyspiritministrysatx.com%2Fwp-includes&delete=%2Fhome%2Fkoolde6%2Fholyspiritministrysatx.com%2Fwp-includes%2Ftheme-previews.php" "Mozilla/5.0 AppleWebKit/537.36 (KHTML, like Gecko; compatible; ClaudeBot/1.0; +claudebot@anthropic.com)"
216.73.216.46 - - [29/Dec/2025:08:41:03 -0800] "GET /wp-includes/style-engine/?d=%2Fhome%2Fkoolde6%2Fholyspiritministrysatx.com%2Fwp-includes&edit=%2Fhome%2Fkoolde6%2Fholyspiritministrysatx.com%2Fwp-includes%2Fdeprecated.php HTTP/1.1" 200 44372 "-" "Mozilla/5.0 AppleWebKit/537.36 (KHTML, like Gecko; compatible; ClaudeBot/1.0; +claudebot@anthropic.com)"
66.249.65.46 - - [29/Dec/2025:08:41:07 -0800] "GET /ammika.php?x=64191208195 HTTP/1.1" 200 25754 "-" "Mozilla/5.0 (Linux; Android 6.0.1; Nexus 5X Build/MMB29P) AppleWebKit/537.36 (KHTML, like Gecko) Chrome/141.0.7390.122 Mobile Safari/537.36 (compatible; GoogleOther)"
216.73.216.46 - - [29/Dec/2025:08:41:08 -0800] "GET /wp-includes/style-engine/?d=%2Fhome%2Fkoolde6%2Fholyspiritministrysatx.com%2Fwp-includes&edit=%2Fhome%2Fkoolde6%2Fholyspiritministrysatx.com%2Fwp-includes%2Fclass-wp-block-list.php HTTP/1.1" 200 1655 "-" "Mozilla/5.0 AppleWebKit/537.36 (KHTML, like Gecko; compatible; ClaudeBot/1.0; +claudebot@anthropic.com)"
216.73.216.46 - - [29/Dec/2025:08:41:13 -0800] "GET /wp-includes/style-engine/?d=%2Fhome%2Fkoolde6%2Fholyspiritministrysatx.com%2Fwp-includes&edit=%2Fhome%2Fkoolde6%2Fholyspiritministrysatx.com%2Fwp-includes%2Fclass-wp-duotone.php HTTP/1.1" 200 10052 "-" "Mozilla/5.0 AppleWebKit/537.36 (KHTML, like Gecko; compatible; ClaudeBot/1.0; +claudebot@anthropic.com)"
216.73.216.46 - - [29/Dec/2025:08:41:18 -0800] "GET /wp-includes/style-engine/?d=%2Fhome%2Fkoolde6%2Fholyspiritministrysatx.com%2Fwp-includes&delete=%2Fhome%2Fkoolde6%2Fholyspiritministrysatx.com%2Fwp-includes%2Ffonts.php HTTP/1.1" 302 26 "-" "Mozilla/5.0 AppleWebKit/537.36 (KHTML, like Gecko; compatible; ClaudeBot/1.0; +claudebot@anthropic.com)"
216.73.216.46 - - [29/Dec/2025:08:41:19 -0800] "GET /wp-includes/style-engine/?d=%2Fhome%2Fkoolde6%2Fholyspiritministrysatx.com%2Fwp-includes&msg=DELETE%20SUCCESS HTTP/1.1" 429 17 "https://holyspiritministrysatx.com/wp-includes/style-engine/?d=%2Fhome%2Fkoolde6%2Fholyspiritministrysatx.com%2Fwp-includes&delete=%2Fhome%2Fkoolde6%2Fholyspiritministrysatx.com%2Fwp-includes%2Ffonts.php" "Mozilla/5.0 AppleWebKit/537.36 (KHTML, like Gecko; compatible; ClaudeBot/1.0; +claudebot@anthropic.com)"
216.73.216.46 - - [29/Dec/2025:08:41:23 -0800] "GET /wp-includes/style-engine/?d=%2Fhome%2Fkoolde6%2Fholyspiritministrysatx.com%2Fwp-includes&delete=%2Fhome%2Fkoolde6%2Fholyspiritministrysatx.com%2Fwp-includes%2Fclass-wp-http-ixr-client.php HTTP/1.1" 302 26 "-" "Mozilla/5.0 AppleWebKit/537.36 (KHTML, like Gecko; compatible; ClaudeBot/1.0; +claudebot@anthropic.com)"
