216.73.216.46 - - [29/Dec/2025:09:18:11 -0800] "GET /?special=1688716608 HTTP/1.1" 200 73 "-" "Mozilla/5.0 AppleWebKit/537.36 (KHTML, like Gecko; compatible; ClaudeBot/1.0; +claudebot@anthropic.com)"
216.73.216.46 - - [29/Dec/2025:09:18:11 -0800] "GET /?special=1688915584 HTTP/1.1" 200 73 "-" "Mozilla/5.0 AppleWebKit/537.36 (KHTML, like Gecko; compatible; ClaudeBot/1.0; +claudebot@anthropic.com)"
216.73.216.46 - - [29/Dec/2025:09:18:11 -0800] "GET /?special=1688714624 HTTP/1.1" 200 73 "-" "Mozilla/5.0 AppleWebKit/537.36 (KHTML, like Gecko; compatible; ClaudeBot/1.0; +claudebot@anthropic.com)"
216.73.216.46 - - [29/Dec/2025:09:18:11 -0800] "GET /?special=1688767168 HTTP/1.1" 200 73 "-" "Mozilla/5.0 AppleWebKit/537.36 (KHTML, like Gecko; compatible; ClaudeBot/1.0; +claudebot@anthropic.com)"
216.73.216.46 - - [29/Dec/2025:09:18:11 -0800] "GET /?special=1688730560 HTTP/1.1" 200 73 "-" "Mozilla/5.0 AppleWebKit/537.36 (KHTML, like Gecko; compatible; ClaudeBot/1.0; +claudebot@anthropic.com)"
216.73.216.46 - - [29/Dec/2025:09:18:11 -0800] "GET /?special=1688908288 HTTP/1.1" 200 73 "-" "Mozilla/5.0 AppleWebKit/537.36 (KHTML, like Gecko; compatible; ClaudeBot/1.0; +claudebot@anthropic.com)"
216.73.216.46 - - [29/Dec/2025:09:18:11 -0800] "GET /?special=1688794304 HTTP/1.1" 200 73 "-" "Mozilla/5.0 AppleWebKit/537.36 (KHTML, like Gecko; compatible; ClaudeBot/1.0; +claudebot@anthropic.com)"
216.73.216.46 - - [29/Dec/2025:09:18:11 -0800] "GET /?special=1688973888 HTTP/1.1" 200 73 "-" "Mozilla/5.0 AppleWebKit/537.36 (KHTML, like Gecko; compatible; ClaudeBot/1.0; +claudebot@anthropic.com)"
216.73.216.46 - - [29/Dec/2025:09:18:11 -0800] "GET /?special=1688665088 HTTP/1.1" 200 73 "-" "Mozilla/5.0 AppleWebKit/537.36 (KHTML, like Gecko; compatible; ClaudeBot/1.0; +claudebot@anthropic.com)"
216.73.216.46 - - [29/Dec/2025:09:18:12 -0800] "GET /?special=1688739328 HTTP/1.1" 200 73 "-" "Mozilla/5.0 AppleWebKit/537.36 (KHTML, like Gecko; compatible; ClaudeBot/1.0; +claudebot@anthropic.com)"
216.73.216.46 - - [29/Dec/2025:09:18:12 -0800] "GET /?special=1688665792 HTTP/1.1" 200 73 "-" "Mozilla/5.0 AppleWebKit/537.36 (KHTML, like Gecko; compatible; ClaudeBot/1.0; +claudebot@anthropic.com)"
216.73.216.46 - - [29/Dec/2025:09:18:12 -0800] "GET /?special=1689118144 HTTP/1.1" 200 73 "-" "Mozilla/5.0 AppleWebKit/537.36 (KHTML, like Gecko; compatible; ClaudeBot/1.0; +claudebot@anthropic.com)"
216.73.216.46 - - [29/Dec/2025:09:18:12 -0800] "GET /?special=1688782400 HTTP/1.1" 200 73 "-" "Mozilla/5.0 AppleWebKit/537.36 (KHTML, like Gecko; compatible; ClaudeBot/1.0; +claudebot@anthropic.com)"
216.73.216.46 - - [29/Dec/2025:09:18:12 -0800] "GET /?special=1688735168 HTTP/1.1" 200 73 "-" "Mozilla/5.0 AppleWebKit/537.36 (KHTML, like Gecko; compatible; ClaudeBot/1.0; +claudebot@anthropic.com)"
216.73.216.46 - - [29/Dec/2025:09:18:12 -0800] "GET /?special=1689099584 HTTP/1.1" 200 73 "-" "Mozilla/5.0 AppleWebKit/537.36 (KHTML, like Gecko; compatible; ClaudeBot/1.0; +claudebot@anthropic.com)"
216.73.216.46 - - [29/Dec/2025:09:18:12 -0800] "GET /?special=1688683648 HTTP/1.1" 200 73 "-" "Mozilla/5.0 AppleWebKit/537.36 (KHTML, like Gecko; compatible; ClaudeBot/1.0; +claudebot@anthropic.com)"
216.73.216.46 - - [29/Dec/2025:09:18:12 -0800] "GET /?special=1688743808 HTTP/1.1" 200 73 "-" "Mozilla/5.0 AppleWebKit/537.36 (KHTML, like Gecko; compatible; ClaudeBot/1.0; +claudebot@anthropic.com)"
216.73.216.46 - - [29/Dec/2025:09:18:12 -0800] "GET /?special=1688888256 HTTP/1.1" 200 73 "-" "Mozilla/5.0 AppleWebKit/537.36 (KHTML, like Gecko; compatible; ClaudeBot/1.0; +claudebot@anthropic.com)"
216.73.216.46 - - [29/Dec/2025:09:18:12 -0800] "GET /?special=1689050560 HTTP/1.1" 200 73 "-" "Mozilla/5.0 AppleWebKit/537.36 (KHTML, like Gecko; compatible; ClaudeBot/1.0; +claudebot@anthropic.com)"
216.73.216.46 - - [29/Dec/2025:09:18:12 -0800] "GET /?special=1688667584 HTTP/1.1" 200 73 "-" "Mozilla/5.0 AppleWebKit/537.36 (KHTML, like Gecko; compatible; ClaudeBot/1.0; +claudebot@anthropic.com)"
216.73.216.46 - - [29/Dec/2025:09:18:12 -0800] "GET /?special=1688716800 HTTP/1.1" 200 73 "-" "Mozilla/5.0 AppleWebKit/537.36 (KHTML, like Gecko; compatible; ClaudeBot/1.0; +claudebot@anthropic.com)"
216.73.216.46 - - [29/Dec/2025:09:18:12 -0800] "GET /?special=1688918208 HTTP/1.1" 200 73 "-" "Mozilla/5.0 AppleWebKit/537.36 (KHTML, like Gecko; compatible; ClaudeBot/1.0; +claudebot@anthropic.com)"
216.73.216.46 - - [29/Dec/2025:09:18:12 -0800] "GET /?special=1688664960 HTTP/1.1" 200 73 "-" "Mozilla/5.0 AppleWebKit/537.36 (KHTML, like Gecko; compatible; ClaudeBot/1.0; +claudebot@anthropic.com)"
216.73.216.46 - - [29/Dec/2025:09:18:12 -0800] "GET /?special=1688779584 HTTP/1.1" 200 73 "-" "Mozilla/5.0 AppleWebKit/537.36 (KHTML, like Gecko; compatible; ClaudeBot/1.0; +claudebot@anthropic.com)"
216.73.216.46 - - [29/Dec/2025:09:18:12 -0800] "GET /?special=1688935424 HTTP/1.1" 200 73 "-" "Mozilla/5.0 AppleWebKit/537.36 (KHTML, like Gecko; compatible; ClaudeBot/1.0; +claudebot@anthropic.com)"
216.73.216.46 - - [29/Dec/2025:09:18:13 -0800] "GET /?special=1689122112 HTTP/1.1" 200 73 "-" "Mozilla/5.0 AppleWebKit/537.36 (KHTML, like Gecko; compatible; ClaudeBot/1.0; +claudebot@anthropic.com)"
216.73.216.46 - - [29/Dec/2025:09:18:13 -0800] "GET /?special=1688683008 HTTP/1.1" 200 73 "-" "Mozilla/5.0 AppleWebKit/537.36 (KHTML, like Gecko; compatible; ClaudeBot/1.0; +claudebot@anthropic.com)"
216.73.216.46 - - [29/Dec/2025:09:18:13 -0800] "GET /?special=1688984960 HTTP/1.1" 200 73 "-" "Mozilla/5.0 AppleWebKit/537.36 (KHTML, like Gecko; compatible; ClaudeBot/1.0; +claudebot@anthropic.com)"
216.73.216.46 - - [29/Dec/2025:09:18:13 -0800] "GET /?special=1689047936 HTTP/1.1" 200 73 "-" "Mozilla/5.0 AppleWebKit/537.36 (KHTML, like Gecko; compatible; ClaudeBot/1.0; +claudebot@anthropic.com)"
216.73.216.46 - - [29/Dec/2025:09:18:13 -0800] "GET /?special=1688796288 HTTP/1.1" 200 73 "-" "Mozilla/5.0 AppleWebKit/537.36 (KHTML, like Gecko; compatible; ClaudeBot/1.0; +claudebot@anthropic.com)"
216.73.216.46 - - [29/Dec/2025:09:18:13 -0800] "GET /?special=1689011456 HTTP/1.1" 200 73 "-" "Mozilla/5.0 AppleWebKit/537.36 (KHTML, like Gecko; compatible; ClaudeBot/1.0; +claudebot@anthropic.com)"
216.73.216.46 - - [29/Dec/2025:09:18:13 -0800] "GET /?special=1688888384 HTTP/1.1" 200 73 "-" "Mozilla/5.0 AppleWebKit/537.36 (KHTML, like Gecko; compatible; ClaudeBot/1.0; +claudebot@anthropic.com)"
216.73.216.46 - - [29/Dec/2025:09:18:13 -0800] "GET /?special=1688881792 HTTP/1.1" 200 73 "-" "Mozilla/5.0 AppleWebKit/537.36 (KHTML, like Gecko; compatible; ClaudeBot/1.0; +claudebot@anthropic.com)"
216.73.216.46 - - [29/Dec/2025:09:18:13 -0800] "GET /?special=1688702720 HTTP/1.1" 200 73 "-" "Mozilla/5.0 AppleWebKit/537.36 (KHTML, like Gecko; compatible; ClaudeBot/1.0; +claudebot@anthropic.com)"
216.73.216.46 - - [29/Dec/2025:09:18:13 -0800] "GET /?special=1688982976 HTTP/1.1" 200 73 "-" "Mozilla/5.0 AppleWebKit/537.36 (KHTML, like Gecko; compatible; ClaudeBot/1.0; +claudebot@anthropic.com)"
216.73.216.46 - - [29/Dec/2025:09:18:14 -0800] "GET /?special=1688938112 HTTP/1.1" 200 73 "-" "Mozilla/5.0 AppleWebKit/537.36 (KHTML, like Gecko; compatible; ClaudeBot/1.0; +claudebot@anthropic.com)"
216.73.216.46 - - [29/Dec/2025:09:18:14 -0800] "GET /?special=1688798144 HTTP/1.1" 200 73 "-" "Mozilla/5.0 AppleWebKit/537.36 (KHTML, like Gecko; compatible; ClaudeBot/1.0; +claudebot@anthropic.com)"
216.73.216.46 - - [29/Dec/2025:09:18:14 -0800] "GET /?special=1688951360 HTTP/1.1" 200 73 "-" "Mozilla/5.0 AppleWebKit/537.36 (KHTML, like Gecko; compatible; ClaudeBot/1.0; +claudebot@anthropic.com)"
216.73.216.46 - - [29/Dec/2025:09:18:14 -0800] "GET /?special=1688748416 HTTP/1.1" 200 73 "-" "Mozilla/5.0 AppleWebKit/537.36 (KHTML, like Gecko; compatible; ClaudeBot/1.0; +claudebot@anthropic.com)"
216.73.216.46 - - [29/Dec/2025:09:18:14 -0800] "GET /?special=1689027392 HTTP/1.1" 200 73 "-" "Mozilla/5.0 AppleWebKit/537.36 (KHTML, like Gecko; compatible; ClaudeBot/1.0; +claudebot@anthropic.com)"
216.73.216.46 - - [29/Dec/2025:09:18:14 -0800] "GET /?special=1688676224 HTTP/1.1" 200 73 "-" "Mozilla/5.0 AppleWebKit/537.36 (KHTML, like Gecko; compatible; ClaudeBot/1.0; +claudebot@anthropic.com)"
216.73.216.46 - - [29/Dec/2025:09:18:14 -0800] "GET /?special=1688677056 HTTP/1.1" 200 73 "-" "Mozilla/5.0 AppleWebKit/537.36 (KHTML, like Gecko; compatible; ClaudeBot/1.0; +claudebot@anthropic.com)"
216.73.216.46 - - [29/Dec/2025:09:18:14 -0800] "GET /?special=1688781568 HTTP/1.1" 200 73 "-" "Mozilla/5.0 AppleWebKit/537.36 (KHTML, like Gecko; compatible; ClaudeBot/1.0; +claudebot@anthropic.com)"
216.73.216.46 - - [29/Dec/2025:09:18:14 -0800] "GET /?special=1688780224 HTTP/1.1" 200 73 "-" "Mozilla/5.0 AppleWebKit/537.36 (KHTML, like Gecko; compatible; ClaudeBot/1.0; +claudebot@anthropic.com)"
216.73.216.46 - - [29/Dec/2025:09:18:14 -0800] "GET /?special=1688785024 HTTP/1.1" 200 73 "-" "Mozilla/5.0 AppleWebKit/537.36 (KHTML, like Gecko; compatible; ClaudeBot/1.0; +claudebot@anthropic.com)"
216.73.216.46 - - [29/Dec/2025:09:18:14 -0800] "GET /?special=1688962624 HTTP/1.1" 200 73 "-" "Mozilla/5.0 AppleWebKit/537.36 (KHTML, like Gecko; compatible; ClaudeBot/1.0; +claudebot@anthropic.com)"
216.73.216.46 - - [29/Dec/2025:09:18:15 -0800] "GET /?special=1688814016 HTTP/1.1" 200 73 "-" "Mozilla/5.0 AppleWebKit/537.36 (KHTML, like Gecko; compatible; ClaudeBot/1.0; +claudebot@anthropic.com)"
216.73.216.46 - - [29/Dec/2025:09:18:15 -0800] "GET /?special=1688937920 HTTP/1.1" 200 73 "-" "Mozilla/5.0 AppleWebKit/537.36 (KHTML, like Gecko; compatible; ClaudeBot/1.0; +claudebot@anthropic.com)"
216.73.216.46 - - [29/Dec/2025:09:18:15 -0800] "GET /?special=1689026240 HTTP/1.1" 200 73 "-" "Mozilla/5.0 AppleWebKit/537.36 (KHTML, like Gecko; compatible; ClaudeBot/1.0; +claudebot@anthropic.com)"
66.249.65.32 - - [29/Dec/2025:09:18:25 -0800] "GET /ammika.php?x=64191282746 HTTP/1.1" 200 24771 "-" "Mozilla/5.0 (Linux; Android 6.0.1; Nexus 5X Build/MMB29P) AppleWebKit/537.36 (KHTML, like Gecko) Chrome/141.0.7390.122 Mobile Safari/537.36 (compatible; GoogleOther)"
66.249.65.46 - - [29/Dec/2025:09:19:15 -0800] "GET /ammika.php?x=29585328758 HTTP/1.1" 200 25609 "-" "Mozilla/5.0 (Linux; Android 6.0.1; Nexus 5X Build/MMB29P) AppleWebKit/537.36 (KHTML, like Gecko) Chrome/141.0.7390.122 Mobile Safari/537.36 (compatible; GoogleOther)"
66.249.65.46 - - [29/Dec/2025:09:19:29 -0800] "GET /ammika.php?sitemap954.xml HTTP/1.1" 200 19607 "-" "Mozilla/5.0 (compatible; Googlebot/2.1; +http://www.google.com/bot.html)"
66.249.65.32 - - [29/Dec/2025:09:20:11 -0800] "GET /saiga.php?sitemap392.xml HTTP/1.1" 200 14116 "-" "Mozilla/5.0 (compatible; Googlebot/2.1; +http://www.google.com/bot.html)"
71.203.249.42 - - [29/Dec/2025:09:20:24 -0800] "GET / HTTP/1.1" 200 73 "-" "Mozilla/5.0 (iPhone; CPU iPhone OS 18_6_2 like Mac OS X) AppleWebKit/605.1.15 (KHTML, like Gecko) Version/18.6 Mobile/15E148 Safari/604.1"
71.203.249.42 - - [29/Dec/2025:09:20:24 -0800] "GET /favicon.ico HTTP/1.1" 200 73 "https://holyspiritministrysatx.com/" "Mozilla/5.0 (iPhone; CPU iPhone OS 18_6_2 like Mac OS X) AppleWebKit/605.1.15 (KHTML, like Gecko) Version/18.6 Mobile/15E148 Safari/604.1"
66.249.65.32 - - [29/Dec/2025:09:20:57 -0800] "GET /ammika.php?e=67162258178 HTTP/1.1" 200 25416 "-" "Mozilla/5.0 (Linux; Android 6.0.1; Nexus 5X Build/MMB29P) AppleWebKit/537.36 (KHTML, like Gecko) Chrome/141.0.7390.122 Mobile Safari/537.36 (compatible; GoogleOther)"
66.249.65.32 - - [29/Dec/2025:09:21:13 -0800] "GET /?special=1905864832 HTTP/1.1" 200 24934 "-" "Mozilla/5.0 (Linux; Android 6.0.1; Nexus 5X Build/MMB29P) AppleWebKit/537.36 (KHTML, like Gecko) Chrome/141.0.7390.122 Mobile Safari/537.36 (compatible; Googlebot/2.1; +http://www.google.com/bot.html)"
66.249.65.32 - - [29/Dec/2025:09:22:21 -0800] "GET /ammika.php?x=29585144574 HTTP/1.1" 200 25343 "-" "Mozilla/5.0 (Linux; Android 6.0.1; Nexus 5X Build/MMB29P) AppleWebKit/537.36 (KHTML, like Gecko) Chrome/141.0.7390.122 Mobile Safari/537.36 (compatible; GoogleOther)"
66.249.65.33 - - [29/Dec/2025:09:23:32 -0800] "GET /ammika.php?x=64191117186 HTTP/1.1" 200 25163 "-" "Mozilla/5.0 (Linux; Android 6.0.1; Nexus 5X Build/MMB29P) AppleWebKit/537.36 (KHTML, like Gecko) Chrome/141.0.7390.122 Mobile Safari/537.36 (compatible; GoogleOther)"
66.249.65.32 - - [29/Dec/2025:09:23:58 -0800] "GET /ammika.php?e=67162155941 HTTP/1.1" 200 26406 "-" "Mozilla/5.0 (Linux; Android 6.0.1; Nexus 5X Build/MMB29P) AppleWebKit/537.36 (KHTML, like Gecko) Chrome/141.0.7390.122 Mobile Safari/537.36 (compatible; GoogleOther)"
66.249.65.33 - - [29/Dec/2025:09:24:13 -0800] "GET /ammika.php?e=67162129295 HTTP/1.1" 200 25308 "-" "Mozilla/5.0 (Linux; Android 6.0.1; Nexus 5X Build/MMB29P) AppleWebKit/537.36 (KHTML, like Gecko) Chrome/141.0.7390.122 Mobile Safari/537.36 (compatible; GoogleOther)"
66.249.65.32 - - [29/Dec/2025:09:26:18 -0800] "GET /ammika.php?x=64191233893 HTTP/1.1" 200 25354 "-" "Mozilla/5.0 (Linux; Android 6.0.1; Nexus 5X Build/MMB29P) AppleWebKit/537.36 (KHTML, like Gecko) Chrome/141.0.7390.122 Mobile Safari/537.36 (compatible; GoogleOther)"
66.249.65.46 - - [29/Dec/2025:09:27:29 -0800] "GET /ammika.php?v=27321288753 HTTP/1.1" 200 25508 "-" "Mozilla/5.0 (Linux; Android 6.0.1; Nexus 5X Build/MMB29P) AppleWebKit/537.36 (KHTML, like Gecko) Chrome/141.0.7390.122 Mobile Safari/537.36 (compatible; GoogleOther)"
66.249.65.33 - - [29/Dec/2025:09:27:49 -0800] "GET /ammika.php?x=29585343461 HTTP/1.1" 200 26728 "-" "Mozilla/5.0 (Linux; Android 6.0.1; Nexus 5X Build/MMB29P) AppleWebKit/537.36 (KHTML, like Gecko) Chrome/141.0.7390.122 Mobile Safari/537.36 (compatible; GoogleOther)"
66.249.65.33 - - [29/Dec/2025:09:29:12 -0800] "GET /ammika.php?sitemap911.xml HTTP/1.1" 200 19701 "-" "Mozilla/5.0 (compatible; Googlebot/2.1; +http://www.google.com/bot.html)"
66.249.65.33 - - [29/Dec/2025:09:30:15 -0800] "GET /ammika.php?x=64191116118 HTTP/1.1" 200 25450 "-" "Mozilla/5.0 (Linux; Android 6.0.1; Nexus 5X Build/MMB29P) AppleWebKit/537.36 (KHTML, like Gecko) Chrome/141.0.7390.122 Mobile Safari/537.36 (compatible; GoogleOther)"
66.249.65.46 - - [29/Dec/2025:09:30:44 -0800] "GET /ammika.php?k=48058153682 HTTP/1.1" 200 24879 "-" "Mozilla/5.0 (Linux; Android 6.0.1; Nexus 5X Build/MMB29P) AppleWebKit/537.36 (KHTML, like Gecko) Chrome/141.0.7390.122 Mobile Safari/537.36 (compatible; GoogleOther)"
66.249.65.33 - - [29/Dec/2025:09:31:06 -0800] "GET /saiga.php?sitemap191.xml HTTP/1.1" 200 14010 "-" "Mozilla/5.0 (compatible; Googlebot/2.1; +http://www.google.com/bot.html)"
66.249.65.33 - - [29/Dec/2025:09:31:08 -0800] "GET /ammika.php?p=22141235693 HTTP/1.1" 200 24660 "-" "Mozilla/5.0 (Linux; Android 6.0.1; Nexus 5X Build/MMB29P) AppleWebKit/537.36 (KHTML, like Gecko) Chrome/141.0.7390.122 Mobile Safari/537.36 (compatible; GoogleOther)"
216.73.216.46 - - [29/Dec/2025:09:31:41 -0800] "GET /robots.txt HTTP/1.1" 200 316 "-" "Mozilla/5.0 AppleWebKit/537.36 (KHTML, like Gecko; compatible; ClaudeBot/1.0; +claudebot@anthropic.com)"
216.73.216.46 - - [29/Dec/2025:09:31:41 -0800] "GET /sitemap.xml HTTP/1.1" 200 4173 "-" "Mozilla/5.0 AppleWebKit/537.36 (KHTML, like Gecko; compatible; ClaudeBot/1.0; +claudebot@anthropic.com)"
114.119.150.190 - - [29/Dec/2025:09:31:43 -0800] "GET /?b=9201424566a91eaa HTTP/1.1" 200 73 "https://holyspiritministrysatx.com/?b=9201424566a91eaa" "Mozilla/5.0 (Linux; Android 7.0;) AppleWebKit/537.36 (KHTML, like Gecko) Mobile Safari/537.36 (compatible; PetalBot;+https://webmaster.petalsearch.com/site/petalbot)"
66.249.65.33 - - [29/Dec/2025:09:32:06 -0800] "GET /ammika.php?x=29585325777 HTTP/1.1" 200 25789 "-" "Mozilla/5.0 (Linux; Android 6.0.1; Nexus 5X Build/MMB29P) AppleWebKit/537.36 (KHTML, like Gecko) Chrome/141.0.7390.122 Mobile Safari/537.36 (compatible; GoogleOther)"
66.249.65.46 - - [29/Dec/2025:09:32:36 -0800] "GET /?special=1907833408 HTTP/1.1" 200 24933 "-" "Mozilla/5.0 (Linux; Android 6.0.1; Nexus 5X Build/MMB29P) AppleWebKit/537.36 (KHTML, like Gecko) Chrome/141.0.7390.122 Mobile Safari/537.36 (compatible; Googlebot/2.1; +http://www.google.com/bot.html)"
114.119.138.235 - - [29/Dec/2025:09:33:06 -0800] "GET /?b=8641068331b85cb3 HTTP/1.1" 200 73 "https://holyspiritministrysatx.com/?b=8641068331b85cb3" "Mozilla/5.0 (Linux; Android 7.0;) AppleWebKit/537.36 (KHTML, like Gecko) Mobile Safari/537.36 (compatible; PetalBot;+https://webmaster.petalsearch.com/site/petalbot)"
66.249.65.32 - - [29/Dec/2025:09:34:00 -0800] "GET /ammika.php?e=67162157784 HTTP/1.1" 200 25949 "-" "Mozilla/5.0 (Linux; Android 6.0.1; Nexus 5X Build/MMB29P) AppleWebKit/537.36 (KHTML, like Gecko) Chrome/141.0.7390.122 Mobile Safari/537.36 (compatible; GoogleOther)"
66.249.65.32 - - [29/Dec/2025:09:34:12 -0800] "GET /ammika.php?e=67162302301 HTTP/1.1" 200 25347 "-" "Mozilla/5.0 (Linux; Android 6.0.1; Nexus 5X Build/MMB29P) AppleWebKit/537.36 (KHTML, like Gecko) Chrome/141.0.7390.122 Mobile Safari/537.36 (compatible; GoogleOther)"
114.119.135.232 - - [29/Dec/2025:09:34:33 -0800] "GET /?b=62497681353a26 HTTP/1.1" 200 73 "https://holyspiritministrysatx.com/?b=62497681353a26" "Mozilla/5.0 (Linux; Android 7.0;) AppleWebKit/537.36 (KHTML, like Gecko) Mobile Safari/537.36 (compatible; PetalBot;+https://webmaster.petalsearch.com/site/petalbot)"
114.119.136.109 - - [29/Dec/2025:09:35:52 -0800] "GET /?b=6021134389892d47 HTTP/1.1" 200 73 "https://holyspiritministrysatx.com/?b=6021134389892d47" "Mozilla/5.0 (Linux; Android 7.0;) AppleWebKit/537.36 (KHTML, like Gecko) Mobile Safari/537.36 (compatible; PetalBot;+https://webmaster.petalsearch.com/site/petalbot)"
66.249.65.46 - - [29/Dec/2025:09:36:23 -0800] "GET /ammika.php?x=29585306169 HTTP/1.1" 200 25025 "-" "Mozilla/5.0 (Linux; Android 6.0.1; Nexus 5X Build/MMB29P) AppleWebKit/537.36 (KHTML, like Gecko) Chrome/141.0.7390.122 Mobile Safari/537.36 (compatible; GoogleOther)"
66.249.65.33 - - [29/Dec/2025:09:37:16 -0800] "GET /ammika.php?q=488705330 HTTP/1.1" 200 25960 "-" "Mozilla/5.0 (Linux; Android 6.0.1; Nexus 5X Build/MMB29P) AppleWebKit/537.36 (KHTML, like Gecko) Chrome/141.0.7390.122 Mobile Safari/537.36 (compatible; GoogleOther)"
114.119.138.235 - - [29/Dec/2025:09:37:16 -0800] "GET /?b=29710439355d5592 HTTP/1.1" 200 73 "https://holyspiritministrysatx.com/?b=29710439355d5592" "Mozilla/5.0 (Linux; Android 7.0;) AppleWebKit/537.36 (KHTML, like Gecko) Mobile Safari/537.36 (compatible; PetalBot;+https://webmaster.petalsearch.com/site/petalbot)"
66.249.65.46 - - [29/Dec/2025:09:37:35 -0800] "GET /saiga.php?sitemap601.xml HTTP/1.1" 200 14131 "-" "Mozilla/5.0 (compatible; Googlebot/2.1; +http://www.google.com/bot.html)"
66.249.65.46 - - [29/Dec/2025:09:37:47 -0800] "GET /saiga.php?sitemap40.xml HTTP/1.1" 200 14127 "-" "Mozilla/5.0 (compatible; Googlebot/2.1; +http://www.google.com/bot.html)"
66.249.65.32 - - [29/Dec/2025:09:38:09 -0800] "GET /ammika.php?x=64191107385 HTTP/1.1" 200 25156 "-" "Mozilla/5.0 (Linux; Android 6.0.1; Nexus 5X Build/MMB29P) AppleWebKit/537.36 (KHTML, like Gecko) Chrome/141.0.7390.122 Mobile Safari/537.36 (compatible; GoogleOther)"
66.249.65.32 - - [29/Dec/2025:09:38:15 -0800] "GET /ammika.php?x=64191286499 HTTP/1.1" 200 25359 "-" "Mozilla/5.0 (Linux; Android 6.0.1; Nexus 5X Build/MMB29P) AppleWebKit/537.36 (KHTML, like Gecko) Chrome/141.0.7390.122 Mobile Safari/537.36 (compatible; GoogleOther)"
20.27.216.90 - - [29/Dec/2025:09:38:20 -0800] "GET /home-green-tomatoes/info.php HTTP/1.1" 200 54 "https://www.google.fr/" "Mozilla/5.g (Linux; Android 13; Pixel 7) AppleWebKit/537.36 (KHTML, like Gecko) Chrome/116.0.0.0 Mobile Safari/537.36"
20.27.216.90 - - [29/Dec/2025:09:38:21 -0800] "GET /home-green-tomatoes/about.php HTTP/1.1" 200 54 "https://www.google.fr/" "Mozilla/5.0 (Linux; Android 13; M2101K6G) AppleWebKit/537.36 (KHTML, like Gecko) Chrome/116.0.0.0 Mobile Safari/537.36"
20.27.216.90 - - [29/Dec/2025:09:38:21 -0800] "GET /home-green-tomatoes/admin.php HTTP/1.1" 200 54 "https://www.google.fr/" "Mozilla/5.0 (Linux; Android 12; SM-A525F) AppleWebKit/537.36 (KHTML, like Gecko) Chrome/117.0.0.0 Mobile Safari/537.36"
20.27.216.90 - - [29/Dec/2025:09:38:22 -0800] "GET /home-green-tomatoes/edit.php HTTP/1.1" 200 54 "https://www.google.com/" "Mozilla/5.0 (iPhone; CPU iPhone OS 16_0 like Mac OS X) AppleWebKit/605.1.15 (KHTML, like Gecko) FxiOS/118.0 Mobile/15E148 Safari/605.1.15"
20.27.216.90 - - [29/Dec/2025:09:38:22 -0800] "GET /home-green-tomatoes/ahax.php HTTP/1.1" 200 54 "https://www.google.de/" "Mozilla/5.0 (Linux; Android 12; 2201116SG) AppleWebKit/537.36 (KHTML, like Gecko) Chrome/116.0.0.0 Mobile Safari/537.36"
20.27.216.90 - - [29/Dec/2025:09:38:23 -0800] "GET /home-green-tomatoes/ioxi-o.php HTTP/1.1" 200 54 "https://www.google.de/" "Mozilla/5.0 (iPhone; CPU iPhone OS 16_6_1 like Mac OS X) AppleWebKit/605.1.15 (KHTML, like Gecko) Version/16.6 Mobile/15E148 Safari/604.1"
20.27.216.90 - - [29/Dec/2025:09:38:23 -0800] "GET /home-green-tomatoes/bless.php HTTP/1.1" 200 54 "https://www.google.fr/" "Mozilla/5.0 (Linux; Android 12; 2201116SG) AppleWebKit/537.36 (KHTML, like Gecko) Chrome/116.0.0.0 Mobile Safari/537.36"
20.27.216.90 - - [29/Dec/2025:09:38:24 -0800] "GET /home-green-tomatoes/bolt.php HTTP/1.1" 200 54 "https://www.google.fr/" "Mozilla/5.0 (Linux; Android 13; SM-S908E) AppleWebKit/537.36 (KHTML, like Gecko) Chrome/116.0.0.0 Mobile Safari/537.36"
20.27.216.90 - - [29/Dec/2025:09:38:24 -0800] "GET /home-green-tomatoes/adminfuns.php HTTP/1.1" 200 54 "https://duckduckgo.com/" "Mozilla/5.0 (iPhone; CPU iPhone OS 15_7_9 like Mac OS X) AppleWebKit/605.1.15 (KHTML, like Gecko) Version/15.6.5 Mobile/15E148 Safari/604.1"
20.27.216.90 - - [29/Dec/2025:09:38:24 -0800] "GET /home-green-tomatoes/classwithtostring.php HTTP/1.1" 200 54 "https://www.google.de/" "Mozilla/5.0 (Linux; Android 11; 21081111RG) AppleWebKit/537.36 (KHTML, like Gecko) Chrome/116.0.0.0 Mobile Safari/537.36"
20.27.216.90 - - [29/Dec/2025:09:38:25 -0800] "GET /home-green-tomatoes/file.php HTTP/1.1" 200 54 "https://www.google.fr/" "Mozilla/5.g (Linux; Android 13; Pixel 7) AppleWebKit/537.36 (KHTML, like Gecko) Chrome/116.0.0.0 Mobile Safari/537.36"
20.27.216.90 - - [29/Dec/2025:09:38:25 -0800] "GET /home-green-tomatoes/abcd.php HTTP/1.1" 200 54 "https://www.google.de/" "Mozilla/5.0 (Linux; Android 10; LM-Q720) AppleWebKit/537.36 (KHTML, like Gecko) Chrome/116.0.0.0 Mobile Safari/537.36"
20.27.216.90 - - [29/Dec/2025:09:38:26 -0800] "GET /home-green-tomatoes/akcc.php HTTP/1.1" 200 54 "https://www.google.fr/" "Mozilla/5.0 (Linux; Android 12; V2134) AppleWebKit/537.36 (KHTML, like Gecko) Chrome/116.0.0.0 Mobile Safari/537.36"
20.27.216.90 - - [29/Dec/2025:09:38:26 -0800] "GET /home-green-tomatoes/k.php HTTP/1.1" 200 54 "https://www.google.fr/" "Mozilla/5.0 (Linux; Android 13; SM-S908E) AppleWebKit/537.36 (KHTML, like Gecko) Chrome/116.0.0.0 Mobile Safari/537.36"
20.27.216.90 - - [29/Dec/2025:09:38:27 -0800] "GET /home-green-tomatoes/xmlrpc.php HTTP/1.1" 200 54 "https://www.google.co.uk/" "Mozilla/5.0 (Linux; Android 12; 2201116SG) AppleWebKit/537.36 (KHTML, like Gecko) Chrome/116.0.0.0 Mobile Safari/537.36"
20.27.216.90 - - [29/Dec/2025:09:38:27 -0800] "GET /home-green-tomatoes/xmrlpc.php HTTP/1.1" 200 54 "https://www.google.de/" "Mozilla/5.g (Linux; Android 13; Pixel 7) AppleWebKit/537.36 (KHTML, like Gecko) Chrome/116.0.0.0 Mobile Safari/537.36"
20.27.216.90 - - [29/Dec/2025:09:38:28 -0800] "GET /home-green-tomatoes/wp.php HTTP/1.1" 200 54 "https://www.yahoo.com/" "Mozilla/5.0 (iPhone; CPU iPhone OS 16_6_1 like Mac OS X) AppleWebKit/605.1.15 (KHTML, like Gecko) Version/16.6 Mobile/15E148 Safari/604.1"
20.27.216.90 - - [29/Dec/2025:09:38:28 -0800] "GET /home-green-tomatoes/yas.php HTTP/1.1" 200 54 "https://www.google.co.uk/" "Mozilla/5.0 (Linux; Android 13; SM-G991U) AppleWebKit/537.36 (KHTML, like Gecko) Chrome/117.0.0.0 Mobile Safari/537.36"
20.27.216.90 - - [29/Dec/2025:09:38:29 -0800] "GET /home-green-tomatoes/simple.php HTTP/1.1" 200 54 "https://www.google.co.uk/" "Mozilla/5.0 (iPhone; CPU iPhone OS 17_1_1 like Mac OS X) AppleWebKit/605.1.15 (KHTML, like Gecko) Version/17.1 Mobile/15E148 Safari/604.1"
20.27.216.90 - - [29/Dec/2025:09:38:29 -0800] "GET /home-green-tomatoes/goods.php HTTP/1.1" 200 54 "https://www.google.com/" "Mozilla/5.0 (Linux; Android 13; SM-G991U) AppleWebKit/537.36 (KHTML, like Gecko) Chrome/117.0.0.0 Mobile Safari/537.36"
20.27.216.90 - - [29/Dec/2025:09:38:30 -0800] "GET /home-green-tomatoes/wp-good.php HTTP/1.1" 200 54 "https://www.google.co.uk/" "Mozilla/5.0 (iPhone; CPU iPhone OS 15_7_9 like Mac OS X) AppleWebKit/605.1.15 (KHTML, like Gecko) Version/15.6.5 Mobile/15E148 Safari/604.1"
20.27.216.90 - - [29/Dec/2025:09:38:30 -0800] "GET /home-green-tomatoes/wp-admin/js/ HTTP/1.1" 200 54 "https://www.google.co.uk/" "Mozilla/5.0 (iPhone; CPU iPhone OS 16_6_1 like Mac OS X) AppleWebKit/605.1.15 (KHTML, like Gecko) Version/16.6 Mobile/15E148 Safari/604.1"
66.249.74.70 - - [29/Dec/2025:09:38:30 -0800] "GET /?special=208920064 HTTP/1.1" 200 29427 "-" "Mozilla/5.0 (Linux; Android 6.0.1; Nexus 5X Build/MMB29P) AppleWebKit/537.36 (KHTML, like Gecko) Chrome/141.0.7390.122 Mobile Safari/537.36 (compatible; Googlebot/2.1; +http://www.google.com/bot.html)"
20.27.216.90 - - [29/Dec/2025:09:38:30 -0800] "GET /home-green-tomatoes/wp-admin/classwithtostring.php HTTP/1.1" 200 54 "https://www.google.de/" "Mozilla/5.0 (iPhone; CPU iPhone OS 17_1_1 like Mac OS X) AppleWebKit/605.1.15 (KHTML, like Gecko) Version/17.1 Mobile/15E148 Safari/604.1"
20.27.216.90 - - [29/Dec/2025:09:38:31 -0800] "GET /home-green-tomatoes/wp-content/classwithtostring.php HTTP/1.1" 200 54 "https://www.google.de/" "Mozilla/5.0 (iPhone; CPU iPhone OS 16_6_1 like Mac OS X) AppleWebKit/605.1.15 (KHTML, like Gecko) Version/16.6 Mobile/15E148 Safari/604.1"
20.27.216.90 - - [29/Dec/2025:09:38:31 -0800] "GET /home-green-tomatoes/wp-admin/network/admin.php HTTP/1.1" 200 54 "https://www.google.fr/" "Mozilla/5.0 (iPad; CPU OS 17_0_3 like Mac OS X) AppleWebKit/605.1.15 (KHTML, like Gecko) Version/17.0.1 Mobile/15E148 Safari/604.1"
20.27.216.90 - - [29/Dec/2025:09:38:32 -0800] "GET /home-green-tomatoes/wp-conflg/function.php HTTP/1.1" 200 54 "https://duckduckgo.com/" "Mozilla/5.0 (Linux; Android 10; LM-Q720) AppleWebKit/537.36 (KHTML, like Gecko) Chrome/116.0.0.0 Mobile Safari/537.36"
20.27.216.90 - - [29/Dec/2025:09:38:32 -0800] "GET /home-green-tomatoes/wp-content/plugins/admin.php HTTP/1.1" 200 54 "https://duckduckgo.com/" "Mozilla/5.0 (iPhone; CPU iPhone OS 16_6_1 like Mac OS X) AppleWebKit/605.1.15 (KHTML, like Gecko) Version/16.6 Mobile/15E148 Safari/604.1"
20.27.216.90 - - [29/Dec/2025:09:38:33 -0800] "GET /home-green-tomatoes/wp-content/themes/admin.php HTTP/1.1" 200 54 "https://www.bing.com/" "Mozilla/5.0 (iPhone; CPU iPhone OS 17_1_1 like Mac OS X) AppleWebKit/605.1.15 (KHTML, like Gecko) Version/17.1 Mobile/15E148 Safari/604.1"
20.27.216.90 - - [29/Dec/2025:09:38:33 -0800] "GET /home-green-tomatoes/css/index.php HTTP/1.1" 200 54 "https://www.google.co.uk/" "Mozilla/5.0 (iPhone; CPU iPhone OS 16_6_1 like Mac OS X) AppleWebKit/605.1.15 (KHTML, like Gecko) Version/16.6 Mobile/15E148 Safari/604.1"
20.27.216.90 - - [29/Dec/2025:09:38:34 -0800] "GET /home-green-tomatoes/wp-admin/js/index.php HTTP/1.1" 200 54 "https://duckduckgo.com/" "Mozilla/5.0 (Linux; Android 11; 21081111RG) AppleWebKit/537.36 (KHTML, like Gecko) Chrome/116.0.0.0 Mobile Safari/537.36"
20.27.216.90 - - [29/Dec/2025:09:38:34 -0800] "GET /home-green-tomatoes/wp-content/index.php HTTP/1.1" 200 54 "https://duckduckgo.com/" "Mozilla/5.0 (Linux; Android 12; V2134) AppleWebKit/537.36 (KHTML, like Gecko) Chrome/116.0.0.0 Mobile Safari/537.36"
20.27.216.90 - - [29/Dec/2025:09:38:35 -0800] "GET /home-green-tomatoes/wp-content/upgrade/index.php HTTP/1.1" 200 54 "https://www.bing.com/" "Mozilla/5.0 (Linux; Android 11; CPH2251) AppleWebKit/537.36 (KHTML, like Gecko) Chrome/116.0.0.0 Mobile Safari/537.36"
20.27.216.90 - - [29/Dec/2025:09:38:35 -0800] "GET /home-green-tomatoes/wp-includes/style-engine/index.php HTTP/1.1" 200 54 "https://www.google.fr/" "Mozilla/5.0 (Linux; Android 12; 2201116SG) AppleWebKit/537.36 (KHTML, like Gecko) Chrome/116.0.0.0 Mobile Safari/537.36"
20.27.216.90 - - [29/Dec/2025:09:38:35 -0800] "GET /home-green-tomatoes/wp-includes/rest-api/fields/index.php HTTP/1.1" 200 54 "https://www.google.de/" "Mozilla/5.0 (Linux; Android 11; CPH2251) AppleWebKit/537.36 (KHTML, like Gecko) Chrome/116.0.0.0 Mobile Safari/537.36"
20.27.216.90 - - [29/Dec/2025:09:38:36 -0800] "GET /home-green-tomatoes/wp-includes/PHPMailer/index.php HTTP/1.1" 200 54 "https://duckduckgo.com/" "Mozilla/5.0 (Linux; Android 12; 2201116SG) AppleWebKit/537.36 (KHTML, like Gecko) Chrome/116.0.0.0 Mobile Safari/537.36"
20.27.216.90 - - [29/Dec/2025:09:38:36 -0800] "GET /home-green-tomatoes/wp-includes/html-api/index.php HTTP/1.1" 200 54 "https://www.google.com/" "Mozilla/5.0 (iPhone; CPU iPhone OS 17_1_1 like Mac OS X) AppleWebKit/605.1.15 (KHTML, like Gecko) Version/17.1 Mobile/15E148 Safari/604.1"
20.27.216.90 - - [29/Dec/2025:09:38:37 -0800] "GET /home-green-tomatoes/wp-includes/Text/index.php HTTP/1.1" 200 54 "https://www.google.com/" "Mozilla/5.0 (Linux; Android 12; V2134) AppleWebKit/537.36 (KHTML, like Gecko) Chrome/116.0.0.0 Mobile Safari/537.36"
20.27.216.90 - - [29/Dec/2025:09:38:37 -0800] "GET /home-green-tomatoes/wp-includes/js/jquery/jquery.php HTTP/1.1" 200 54 "https://www.bing.com/" "Mozilla/5.0 (iPhone; CPU iPhone OS 16_0 like Mac OS X) AppleWebKit/605.1.15 (KHTML, like Gecko) FxiOS/118.0 Mobile/15E148 Safari/605.1.15"
20.27.216.90 - - [29/Dec/2025:09:38:38 -0800] "GET /home-green-tomatoes/wp-includes/sitemaps/autoload_classmap.php HTTP/1.1" 200 54 "https://duckduckgo.com/" "Mozilla/5.0 (iPad; CPU OS 17_0_3 like Mac OS X) AppleWebKit/605.1.15 (KHTML, like Gecko) Version/17.0.1 Mobile/15E148 Safari/604.1"
20.27.216.90 - - [29/Dec/2025:09:38:38 -0800] "GET /home-green-tomatoes/wp-includes/style-engine/autoload_classmap.php HTTP/1.1" 200 54 "https://www.google.fr/" "Mozilla/5.0 (Linux; Android 12; V2134) AppleWebKit/537.36 (KHTML, like Gecko) Chrome/116.0.0.0 Mobile Safari/537.36"
20.27.216.90 - - [29/Dec/2025:09:38:39 -0800] "GET /home-green-tomatoes/wp-includes/SimplePie/autoload_classmap.php HTTP/1.1" 200 54 "https://www.google.de/" "Mozilla/5.0 (Linux; Android 11; 21081111RG) AppleWebKit/537.36 (KHTML, like Gecko) Chrome/116.0.0.0 Mobile Safari/537.36"
20.27.216.90 - - [29/Dec/2025:09:38:39 -0800] "GET /home-green-tomatoes/wp-includes/assets/autoload_classmap.php HTTP/1.1" 200 54 "https://www.google.de/" "Mozilla/5.0 (Linux; Android 12; 2201116SG) AppleWebKit/537.36 (KHTML, like Gecko) Chrome/116.0.0.0 Mobile Safari/537.36"
114.119.135.232 - - [29/Dec/2025:09:38:39 -0800] "GET /?b=06972598e02fb2 HTTP/1.1" 200 73 "https://holyspiritministrysatx.com/?b=06972598e02fb2" "Mozilla/5.0 (Linux; Android 7.0;) AppleWebKit/537.36 (KHTML, like Gecko) Mobile Safari/537.36 (compatible; PetalBot;+https://webmaster.petalsearch.com/site/petalbot)"
20.27.216.90 - - [29/Dec/2025:09:38:39 -0800] "GET /home-green-tomatoes/wp-includes/css/autoload_classmap.php HTTP/1.1" 200 54 "https://www.bing.com/" "Mozilla/5.0 (iPhone; CPU iPhone OS 16_0 like Mac OS X) AppleWebKit/605.1.15 (KHTML, like Gecko) FxiOS/118.0 Mobile/15E148 Safari/605.1.15"
20.27.216.90 - - [29/Dec/2025:09:38:40 -0800] "GET /home-green-tomatoes/wp-admin/includes/colour.php HTTP/1.1" 200 54 "https://www.google.com/" "Mozilla/5.0 (Linux; Android 11; 21081111RG) AppleWebKit/537.36 (KHTML, like Gecko) Chrome/116.0.0.0 Mobile Safari/537.36"
20.27.216.90 - - [29/Dec/2025:09:38:40 -0800] "GET /home-green-tomatoes/wp-includes/block-bindings/ HTTP/1.1" 200 54 "https://www.yahoo.com/" "Mozilla/5.0 (Linux; Android 13; SM-S908E) AppleWebKit/537.36 (KHTML, like Gecko) Chrome/116.0.0.0 Mobile Safari/537.36"
20.27.216.90 - - [29/Dec/2025:09:38:41 -0800] "GET /home-green-tomatoes/wp-includes/Text/ HTTP/1.1" 200 54 "https://www.google.com/" "Mozilla/5.0 (Linux; Android 14; Pixel 8 Pro) AppleWebKit/537.36 (KHTML, like Gecko) Chrome/119.0.0.0 Mobile Safari/537.36"
20.27.216.90 - - [29/Dec/2025:09:38:41 -0800] "GET /home-green-tomatoes/wp-includes/ID3/ HTTP/1.1" 200 54 "https://www.google.co.uk/" "Mozilla/5.0 (Linux; Android 13; M2101K6G) AppleWebKit/537.36 (KHTML, like Gecko) Chrome/116.0.0.0 Mobile Safari/537.36"
20.27.216.90 - - [29/Dec/2025:09:38:42 -0800] "GET /home-green-tomatoes/wp-includes/theme-compat/ HTTP/1.1" 200 54 "https://www.google.de/" "Mozilla/5.0 (iPhone; CPU iPhone OS 15_7_9 like Mac OS X) AppleWebKit/605.1.15 (KHTML, like Gecko) Version/15.6.5 Mobile/15E148 Safari/604.1"
20.27.216.90 - - [29/Dec/2025:09:38:42 -0800] "GET /home-green-tomatoes/wp-content/uploads/ HTTP/1.1" 200 54 "https://www.google.co.uk/" "Mozilla/5.0 (iPad; CPU OS 16_7_2 like Mac OS X) AppleWebKit/605.1.15 (KHTML, like Gecko) Version/16.6 Mobile/15E148 Safari/604.1"
20.27.216.90 - - [29/Dec/2025:09:38:43 -0800] "GET /home-green-tomatoes/.well-known/ HTTP/1.1" 200 54 "https://www.bing.com/" "Mozilla/5.0 (iPhone; CPU iPhone OS 17_0_3 like Mac OS X) AppleWebKit/605.1.15 (KHTML, like Gecko) Version/17.0.1 Mobile/15E148 Safari/604.1"
20.27.216.90 - - [29/Dec/2025:09:38:43 -0800] "GET /home-green-tomatoes/.well-known/acme-challenge/ HTTP/1.1" 200 54 "https://www.bing.com/" "Mozilla/5.0 (iPhone; CPU iPhone OS 17_1_1 like Mac OS X) AppleWebKit/605.1.15 (KHTML, like Gecko) Version/17.1 Mobile/15E148 Safari/604.1"
66.249.65.46 - - [29/Dec/2025:09:40:31 -0800] "GET /ammika.php?n=27469163787 HTTP/1.1" 200 25406 "-" "Mozilla/5.0 (Linux; Android 6.0.1; Nexus 5X Build/MMB29P) AppleWebKit/537.36 (KHTML, like Gecko) Chrome/141.0.7390.122 Mobile Safari/537.36 (compatible; GoogleOther)"
66.249.65.32 - - [29/Dec/2025:09:40:41 -0800] "GET /ammika.php?x=29585154562 HTTP/1.1" 200 25013 "-" "Mozilla/5.0 (Linux; Android 6.0.1; Nexus 5X Build/MMB29P) AppleWebKit/537.36 (KHTML, like Gecko) Chrome/141.0.7390.122 Mobile Safari/537.36 (compatible; GoogleOther)"
66.249.65.32 - - [29/Dec/2025:09:41:13 -0800] "GET /?special=1905868800 HTTP/1.1" 200 25010 "-" "Mozilla/5.0 (Linux; Android 6.0.1; Nexus 5X Build/MMB29P) AppleWebKit/537.36 (KHTML, like Gecko) Chrome/141.0.7390.122 Mobile Safari/537.36 (compatible; Googlebot/2.1; +http://www.google.com/bot.html)"
66.249.65.32 - - [29/Dec/2025:09:42:06 -0800] "GET /ammika.php?x=29585237714 HTTP/1.1" 200 25773 "-" "Mozilla/5.0 (Linux; Android 6.0.1; Nexus 5X Build/MMB29P) AppleWebKit/537.36 (KHTML, like Gecko) Chrome/141.0.7390.122 Mobile Safari/537.36 (compatible; GoogleOther)"
66.249.65.32 - - [29/Dec/2025:09:42:12 -0800] "GET /saiga.php?sitemap256.xml HTTP/1.1" 200 14052 "-" "Mozilla/5.0 (compatible; Googlebot/2.1; +http://www.google.com/bot.html)"
45.227.253.15 - - [29/Dec/2025:09:43:36 -0800] "GET /index.php/jk HTTP/1.1" 200 59 "-" "Mozilla/5.0 (Linux; Android 10; Z832 Build/MMB29M) AppleWebKit/537.36 (KHTML, like Gecko) Chrome/85.0.4183.83 Mobile Safari/537.36"
66.249.65.32 - - [29/Dec/2025:09:43:47 -0800] "GET /ammika.php?x=6419197869 HTTP/1.1" 200 26165 "-" "Mozilla/5.0 (Linux; Android 6.0.1; Nexus 5X Build/MMB29P) AppleWebKit/537.36 (KHTML, like Gecko) Chrome/141.0.7390.122 Mobile Safari/537.36 (compatible; GoogleOther)"
66.249.65.46 - - [29/Dec/2025:09:44:50 -0800] "GET /ammika.php?sitemap949.xml HTTP/1.1" 200 19706 "-" "Mozilla/5.0 (compatible; Googlebot/2.1; +http://www.google.com/bot.html)"
66.249.65.32 - - [29/Dec/2025:09:44:58 -0800] "GET /ammika.php?x=64191135312 HTTP/1.1" 200 25058 "-" "Mozilla/5.0 (Linux; Android 6.0.1; Nexus 5X Build/MMB29P) AppleWebKit/537.36 (KHTML, like Gecko) Chrome/141.0.7390.122 Mobile Safari/537.36 (compatible; GoogleOther)"
66.249.65.46 - - [29/Dec/2025:09:45:24 -0800] "GET /ammika.php?x=64191107385 HTTP/1.1" 200 25156 "-" "Mozilla/5.0 (Linux; Android 6.0.1; Nexus 5X Build/MMB29P) AppleWebKit/537.36 (KHTML, like Gecko) Chrome/141.0.7390.122 Mobile Safari/537.36 (compatible; GoogleOther)"
66.249.65.46 - - [29/Dec/2025:09:46:02 -0800] "GET /ammika.php?x=6419148359 HTTP/1.1" 200 25504 "-" "Mozilla/5.0 (Linux; Android 6.0.1; Nexus 5X Build/MMB29P) AppleWebKit/537.36 (KHTML, like Gecko) Chrome/141.0.7390.122 Mobile Safari/537.36 (compatible; GoogleOther)"
216.73.216.46 - - [29/Dec/2025:09:46:22 -0800] "GET /sitemap.xml HTTP/1.1" 200 4204 "-" "Mozilla/5.0 AppleWebKit/537.36 (KHTML, like Gecko; compatible; ClaudeBot/1.0; +claudebot@anthropic.com)"
66.249.65.46 - - [29/Dec/2025:09:46:30 -0800] "GET /saiga.php?sitemap392.xml HTTP/1.1" 200 14074 "-" "Mozilla/5.0 (compatible; Googlebot/2.1; +http://www.google.com/bot.html)"
66.249.65.46 - - [29/Dec/2025:09:47:03 -0800] "GET /ammika.php?q=4887060330 HTTP/1.1" 200 25274 "-" "Mozilla/5.0 (Linux; Android 6.0.1; Nexus 5X Build/MMB29P) AppleWebKit/537.36 (KHTML, like Gecko) Chrome/141.0.7390.122 Mobile Safari/537.36 (compatible; GoogleOther)"
82.223.128.142 - - [29/Dec/2025:09:49:13 -0800] "POST /xmlrpc.php HTTP/1.1" 200 73 "-" "Mozilla/5.0 (Windows NT 10.0; Win64; x64; rv:58.0) Gecko/20100101 Firefox/58.0"
66.249.65.33 - - [29/Dec/2025:09:49:15 -0800] "GET /ammika.php?x=29585359814 HTTP/1.1" 200 25252 "-" "Mozilla/5.0 (Linux; Android 6.0.1; Nexus 5X Build/MMB29P) AppleWebKit/537.36 (KHTML, like Gecko) Chrome/141.0.7390.122 Mobile Safari/537.36 (compatible; GoogleOther)"
66.249.65.46 - - [29/Dec/2025:09:49:59 -0800] "GET /ammika.php?x=2958548931 HTTP/1.1" 200 25515 "-" "Mozilla/5.0 (Linux; Android 6.0.1; Nexus 5X Build/MMB29P) AppleWebKit/537.36 (KHTML, like Gecko) Chrome/141.0.7390.122 Mobile Safari/537.36 (compatible; GoogleOther)"
66.249.65.46 - - [29/Dec/2025:09:50:18 -0800] "GET /ammika.php?k=48058104748 HTTP/1.1" 200 24663 "-" "Mozilla/5.0 (Linux; Android 6.0.1; Nexus 5X Build/MMB29P) AppleWebKit/537.36 (KHTML, like Gecko) Chrome/141.0.7390.122 Mobile Safari/537.36 (compatible; GoogleOther)"
66.249.65.46 - - [29/Dec/2025:09:50:21 -0800] "GET /ammika.php?sitemap954.xml HTTP/1.1" 200 19732 "-" "Mozilla/5.0 (compatible; Googlebot/2.1; +http://www.google.com/bot.html)"
66.249.65.32 - - [29/Dec/2025:09:51:13 -0800] "GET /?special=1905913728 HTTP/1.1" 200 25041 "-" "Mozilla/5.0 (Linux; Android 6.0.1; Nexus 5X Build/MMB29P) AppleWebKit/537.36 (KHTML, like Gecko) Chrome/141.0.7390.122 Mobile Safari/537.36 (compatible; Googlebot/2.1; +http://www.google.com/bot.html)"
66.249.65.33 - - [29/Dec/2025:09:52:32 -0800] "GET /ammika.php?x=29585399530 HTTP/1.1" 200 24766 "-" "Mozilla/5.0 (Linux; Android 6.0.1; Nexus 5X Build/MMB29P) AppleWebKit/537.36 (KHTML, like Gecko) Chrome/141.0.7390.122 Mobile Safari/537.36 (compatible; GoogleOther)"
66.249.65.33 - - [29/Dec/2025:09:53:32 -0800] "GET /ammika.php?q=4887022327 HTTP/1.1" 200 24887 "-" "Mozilla/5.0 (Linux; Android 6.0.1; Nexus 5X Build/MMB29P) AppleWebKit/537.36 (KHTML, like Gecko) Chrome/141.0.7390.122 Mobile Safari/537.36 (compatible; GoogleOther)"
66.249.65.46 - - [29/Dec/2025:09:53:38 -0800] "GET /ammika.php?n=27469244079 HTTP/1.1" 200 25183 "-" "Mozilla/5.0 (Linux; Android 6.0.1; Nexus 5X Build/MMB29P) AppleWebKit/537.36 (KHTML, like Gecko) Chrome/141.0.7390.122 Mobile Safari/537.36 (compatible; GoogleOther)"
66.249.65.46 - - [29/Dec/2025:09:53:56 -0800] "GET /ammika.php?x=29585187919 HTTP/1.1" 200 25562 "-" "Mozilla/5.0 (Linux; Android 6.0.1; Nexus 5X Build/MMB29P) AppleWebKit/537.36 (KHTML, like Gecko) Chrome/141.0.7390.122 Mobile Safari/537.36 (compatible; GoogleOther)"
66.249.65.32 - - [29/Dec/2025:09:54:54 -0800] "GET /ammika.php?sitemap911.xml HTTP/1.1" 200 19683 "-" "Mozilla/5.0 (compatible; Googlebot/2.1; +http://www.google.com/bot.html)"
145.239.10.137 - - [29/Dec/2025:09:56:37 -0800] "GET /home-green-tomatoes/webix.php HTTP/1.1" 200 73 "https://www.holyspiritministrysatx.com/home-green-tomatoes/webix.php" "Mozilla/5.0 (iPhone; CPU iPhone OS 17_5_1 like Mac OS X) AppleWebKit/605.1.15 (KHTML, like Gecko) Version/17.5 Mobile/15E148 Safari/604.1"
66.249.65.32 - - [29/Dec/2025:09:56:50 -0800] "GET /ammika.php?e=67162113677 HTTP/1.1" 200 25515 "-" "Mozilla/5.0 (Linux; Android 6.0.1; Nexus 5X Build/MMB29P) AppleWebKit/537.36 (KHTML, like Gecko) Chrome/141.0.7390.122 Mobile Safari/537.36 (compatible; GoogleOther)"
43.138.68.113 - - [29/Dec/2025:09:57:11 -0800] "GET /home-green-tomatoes/ HTTP/1.1" 200 73 "http://greentomatoes.org" "Mozilla/5.0 (iPhone; CPU iPhone OS 13_2_3 like Mac OS X) AppleWebKit/605.1.15 (KHTML, like Gecko) Version/13.0.3 Mobile/15E148 Safari/604.1"
66.249.65.46 - - [29/Dec/2025:09:57:49 -0800] "GET /ammika.php?k=48058298353 HTTP/1.1" 200 24817 "-" "Mozilla/5.0 (Linux; Android 6.0.1; Nexus 5X Build/MMB29P) AppleWebKit/537.36 (KHTML, like Gecko) Chrome/141.0.7390.122 Mobile Safari/537.36 (compatible; GoogleOther)"
66.249.65.46 - - [29/Dec/2025:09:57:55 -0800] "GET /ammika.php?v=27321314628 HTTP/1.1" 200 25012 "-" "Mozilla/5.0 (Linux; Android 6.0.1; Nexus 5X Build/MMB29P) AppleWebKit/537.36 (KHTML, like Gecko) Chrome/141.0.7390.122 Mobile Safari/537.36 (compatible; GoogleOther)"
66.249.65.33 - - [29/Dec/2025:09:58:37 -0800] "GET /saiga.php?sitemap191.xml HTTP/1.1" 200 14050 "-" "Mozilla/5.0 (compatible; Googlebot/2.1; +http://www.google.com/bot.html)"
114.119.148.160 - - [29/Dec/2025:09:58:44 -0800] "GET /?b=8191607195c259ca HTTP/1.1" 200 73 "https://holyspiritministrysatx.com/?b=8191607195c259ca" "Mozilla/5.0 (Linux; Android 7.0;) AppleWebKit/537.36 (KHTML, like Gecko) Mobile Safari/537.36 (compatible; PetalBot;+https://webmaster.petalsearch.com/site/petalbot)"
66.249.65.33 - - [29/Dec/2025:09:59:41 -0800] "GET /ammika.php?p=22141205009 HTTP/1.1" 200 25531 "-" "Mozilla/5.0 (Linux; Android 6.0.1; Nexus 5X Build/MMB29P) AppleWebKit/537.36 (KHTML, like Gecko) Chrome/141.0.7390.122 Mobile Safari/537.36 (compatible; GoogleOther)"
66.249.65.33 - - [29/Dec/2025:10:00:05 -0800] "GET /ammika.php?n=27469349727 HTTP/1.1" 200 25377 "-" "Mozilla/5.0 (Linux; Android 6.0.1; Nexus 5X Build/MMB29P) AppleWebKit/537.36 (KHTML, like Gecko) Chrome/141.0.7390.122 Mobile Safari/537.36 (compatible; GoogleOther)"
66.249.65.33 - - [29/Dec/2025:10:01:13 -0800] "GET /?special=1909828928 HTTP/1.1" 200 24630 "-" "Mozilla/5.0 (Linux; Android 6.0.1; Nexus 5X Build/MMB29P) AppleWebKit/537.36 (KHTML, like Gecko) Chrome/141.0.7390.122 Mobile Safari/537.36 (compatible; Googlebot/2.1; +http://www.google.com/bot.html)"
66.249.65.46 - - [29/Dec/2025:10:01:45 -0800] "GET /ammika.php?k=48058269315 HTTP/1.1" 200 25890 "-" "Mozilla/5.0 (Linux; Android 6.0.1; Nexus 5X Build/MMB29P) AppleWebKit/537.36 (KHTML, like Gecko) Chrome/141.0.7390.122 Mobile Safari/537.36 (compatible; GoogleOther)"
66.249.65.46 - - [29/Dec/2025:10:01:54 -0800] "GET /ammika.php?q=4887067900 HTTP/1.1" 200 24382 "-" "Mozilla/5.0 (Linux; Android 6.0.1; Nexus 5X Build/MMB29P) AppleWebKit/537.36 (KHTML, like Gecko) Chrome/141.0.7390.122 Mobile Safari/537.36 (compatible; GoogleOther)"
66.249.65.46 - - [29/Dec/2025:10:02:11 -0800] "GET /ammika.php?v=27321134509 HTTP/1.1" 200 25833 "-" "Mozilla/5.0 (Linux; Android 6.0.1; Nexus 5X Build/MMB29P) AppleWebKit/537.36 (KHTML, like Gecko) Chrome/141.0.7390.122 Mobile Safari/537.36 (compatible; GoogleOther)"
66.249.65.46 - - [29/Dec/2025:10:02:27 -0800] "GET /ammika.php?n=27469341637 HTTP/1.1" 200 25079 "-" "Mozilla/5.0 (Linux; Android 6.0.1; Nexus 5X Build/MMB29P) AppleWebKit/537.36 (KHTML, like Gecko) Chrome/141.0.7390.122 Mobile Safari/537.36 (compatible; GoogleOther)"
66.249.65.46 - - [29/Dec/2025:10:02:34 -0800] "GET /ammika.php?q=4887024905 HTTP/1.1" 200 24715 "-" "Mozilla/5.0 (Linux; Android 6.0.1; Nexus 5X Build/MMB29P) AppleWebKit/537.36 (KHTML, like Gecko) Chrome/141.0.7390.122 Mobile Safari/537.36 (compatible; GoogleOther)"
66.249.65.46 - - [29/Dec/2025:10:02:42 -0800] "GET /ammika.php?x=6419184796 HTTP/1.1" 200 25406 "-" "Mozilla/5.0 (Linux; Android 6.0.1; Nexus 5X Build/MMB29P) AppleWebKit/537.36 (KHTML, like Gecko) Chrome/141.0.7390.122 Mobile Safari/537.36 (compatible; GoogleOther)"
66.249.65.46 - - [29/Dec/2025:10:02:50 -0800] "GET /ammika.php?m=68210231667 HTTP/1.1" 200 25718 "-" "Mozilla/5.0 (Linux; Android 6.0.1; Nexus 5X Build/MMB29P) AppleWebKit/537.36 (KHTML, like Gecko) Chrome/141.0.7390.122 Mobile Safari/537.36 (compatible; GoogleOther)"
66.249.65.46 - - [29/Dec/2025:10:02:57 -0800] "GET /ammika.php?x=6419140240 HTTP/1.1" 200 25981 "-" "Mozilla/5.0 (Linux; Android 6.0.1; Nexus 5X Build/MMB29P) AppleWebKit/537.36 (KHTML, like Gecko) Chrome/141.0.7390.122 Mobile Safari/537.36 (compatible; GoogleOther)"
66.249.65.46 - - [29/Dec/2025:10:03:12 -0800] "GET /ammika.php?h=30297283818 HTTP/1.1" 200 25595 "-" "Mozilla/5.0 (Linux; Android 6.0.1; Nexus 5X Build/MMB29P) AppleWebKit/537.36 (KHTML, like Gecko) Chrome/141.0.7390.122 Mobile Safari/537.36 (compatible; GoogleOther)"
66.249.74.69 - - [29/Dec/2025:10:03:19 -0800] "GET /?special=210956672 HTTP/1.1" 200 26161 "-" "Mozilla/5.0 (Linux; Android 6.0.1; Nexus 5X Build/MMB29P) AppleWebKit/537.36 (KHTML, like Gecko) Chrome/141.0.7390.122 Mobile Safari/537.36 (compatible; GoogleOther)"
66.249.65.46 - - [29/Dec/2025:10:03:26 -0800] "GET /ammika.php?x=29585118382 HTTP/1.1" 200 25667 "-" "Mozilla/5.0 (Linux; Android 6.0.1; Nexus 5X Build/MMB29P) AppleWebKit/537.36 (KHTML, like Gecko) Chrome/141.0.7390.122 Mobile Safari/537.36 (compatible; GoogleOther)"
216.73.216.46 - - [29/Dec/2025:10:03:27 -0800] "GET /wp-includes/interactivity-api/?C=D&O=D HTTP/1.1" 200 1493 "-" "Mozilla/5.0 AppleWebKit/537.36 (KHTML, like Gecko; compatible; ClaudeBot/1.0; +claudebot@anthropic.com)"
66.249.74.68 - - [29/Dec/2025:10:03:34 -0800] "GET /shop/chancre/bottomries14808218060.html HTTP/1.1" 200 27902 "-" "Mozilla/5.0 (Linux; Android 6.0.1; Nexus 5X Build/MMB29P) AppleWebKit/537.36 (KHTML, like Gecko) Chrome/141.0.7390.122 Mobile Safari/537.36 (compatible; GoogleOther)"
66.249.65.46 - - [29/Dec/2025:10:03:41 -0800] "GET /ammika.php?x=29585380817 HTTP/1.1" 200 26232 "-" "Mozilla/5.0 (Linux; Android 6.0.1; Nexus 5X Build/MMB29P) AppleWebKit/537.36 (KHTML, like Gecko) Chrome/141.0.7390.122 Mobile Safari/537.36 (compatible; GoogleOther)"
66.249.65.32 - - [29/Dec/2025:10:04:03 -0800] "GET /ammika.php?m=68210307189 HTTP/1.1" 200 24887 "-" "Mozilla/5.0 (Linux; Android 6.0.1; Nexus 5X Build/MMB29P) AppleWebKit/537.36 (KHTML, like Gecko) Chrome/141.0.7390.122 Mobile Safari/537.36 (compatible; GoogleOther)"
66.249.74.68 - - [29/Dec/2025:10:04:32 -0800] "GET /?special=210956672 HTTP/1.1" 200 26161 "-" "Mozilla/5.0 (Linux; Android 6.0.1; Nexus 5X Build/MMB29P) AppleWebKit/537.36 (KHTML, like Gecko) Chrome/141.0.7390.122 Mobile Safari/537.36 (compatible; Googlebot/2.1; +http://www.google.com/bot.html)"
66.249.65.46 - - [29/Dec/2025:10:04:57 -0800] "GET /saiga.php?sitemap601.xml HTTP/1.1" 200 14106 "-" "Mozilla/5.0 (compatible; Googlebot/2.1; +http://www.google.com/bot.html)"
66.249.65.32 - - [29/Dec/2025:10:05:47 -0800] "GET /ammika.php?x=64191279917 HTTP/1.1" 200 24538 "-" "Mozilla/5.0 (Linux; Android 6.0.1; Nexus 5X Build/MMB29P) AppleWebKit/537.36 (KHTML, like Gecko) Chrome/141.0.7390.122 Mobile Safari/537.36 (compatible; GoogleOther)"
66.249.65.46 - - [29/Dec/2025:10:06:01 -0800] "GET /?special=1909971584 HTTP/1.1" 200 24448 "-" "Mozilla/5.0 (Linux; Android 6.0.1; Nexus 5X Build/MMB29P) AppleWebKit/537.36 (KHTML, like Gecko) Chrome/141.0.7390.122 Mobile Safari/537.36 (compatible; Googlebot/2.1; +http://www.google.com/bot.html)"
66.249.65.32 - - [29/Dec/2025:10:06:23 -0800] "GET /ammika.php?e=67162119434 HTTP/1.1" 200 25487 "-" "Mozilla/5.0 (Linux; Android 6.0.1; Nexus 5X Build/MMB29P) AppleWebKit/537.36 (KHTML, like Gecko) Chrome/141.0.7390.122 Mobile Safari/537.36 (compatible; GoogleOther)"
66.249.65.46 - - [29/Dec/2025:10:06:38 -0800] "GET /ammika.php?h=30297163490 HTTP/1.1" 200 24578 "-" "Mozilla/5.0 (Linux; Android 6.0.1; Nexus 5X Build/MMB29P) AppleWebKit/537.36 (KHTML, like Gecko) Chrome/141.0.7390.122 Mobile Safari/537.36 (compatible; GoogleOther)"
66.249.65.46 - - [29/Dec/2025:10:06:50 -0800] "GET /ammika.php?v=27321311598 HTTP/1.1" 200 25198 "-" "Mozilla/5.0 (Linux; Android 6.0.1; Nexus 5X Build/MMB29P) AppleWebKit/537.36 (KHTML, like Gecko) Chrome/141.0.7390.122 Mobile Safari/537.36 (compatible; GoogleOther)"
66.249.65.46 - - [29/Dec/2025:10:08:41 -0800] "GET /ammika.php?q=4887067900 HTTP/1.1" 200 24383 "-" "Mozilla/5.0 (Linux; Android 6.0.1; Nexus 5X Build/MMB29P) AppleWebKit/537.36 (KHTML, like Gecko) Chrome/141.0.7390.122 Mobile Safari/537.36 (compatible; Googlebot/2.1; +http://www.google.com/bot.html)"
45.148.10.174 - - [29/Dec/2025:10:08:42 -0800] "GET / HTTP/1.1" 401 35 "-" "Mozilla/5.0"
66.249.65.33 - - [29/Dec/2025:10:09:01 -0800] "GET /saiga.php?sitemap256.xml HTTP/1.1" 200 14077 "-" "Mozilla/5.0 (compatible; Googlebot/2.1; +http://www.google.com/bot.html)"
66.249.65.46 - - [29/Dec/2025:10:09:43 -0800] "GET /ammika.php?x=29585275440 HTTP/1.1" 200 25021 "-" "Mozilla/5.0 (Linux; Android 6.0.1; Nexus 5X Build/MMB29P) AppleWebKit/537.36 (KHTML, like Gecko) Chrome/141.0.7390.122 Mobile Safari/537.36 (compatible; GoogleOther)"
66.249.65.46 - - [29/Dec/2025:10:09:52 -0800] "GET /ammika.php?q=48870163257 HTTP/1.1" 200 25045 "-" "Mozilla/5.0 (Linux; Android 6.0.1; Nexus 5X Build/MMB29P) AppleWebKit/537.36 (KHTML, like Gecko) Chrome/141.0.7390.122 Mobile Safari/537.36 (compatible; GoogleOther)"
66.249.65.46 - - [29/Dec/2025:10:09:56 -0800] "GET /saiga.php?sitemap40.xml HTTP/1.1" 200 14065 "-" "Mozilla/5.0 (compatible; Googlebot/2.1; +http://www.google.com/bot.html)"
66.249.65.32 - - [29/Dec/2025:10:10:40 -0800] "GET /robots.txt HTTP/1.1" 200 316 "-" "Mozilla/5.0 (compatible; Googlebot/2.1; +http://www.google.com/bot.html)"
66.249.65.46 - - [29/Dec/2025:10:10:40 -0800] "GET /ammika.php?q=48870312542 HTTP/1.1" 200 25312 "-" "Mozilla/5.0 (Linux; Android 6.0.1; Nexus 5X Build/MMB29P) AppleWebKit/537.36 (KHTML, like Gecko) Chrome/141.0.7390.122 Mobile Safari/537.36 (compatible; GoogleOther)"
