66.249.65.46 - - [29/Dec/2025:08:06:34 -0800] "GET /ammika.php?x=2958530627 HTTP/1.1" 200 25534 "-" "Mozilla/5.0 (Linux; Android 6.0.1; Nexus 5X Build/MMB29P) AppleWebKit/537.36 (KHTML, like Gecko) Chrome/141.0.7390.122 Mobile Safari/537.36 (compatible; GoogleOther)"
66.249.65.33 - - [29/Dec/2025:08:07:04 -0800] "GET /saiga.php?sitemap256.xml HTTP/1.1" 200 14148 "-" "Mozilla/5.0 (compatible; Googlebot/2.1; +http://www.google.com/bot.html)"
66.249.65.46 - - [29/Dec/2025:08:07:21 -0800] "GET /ammika.php?x=64191119224 HTTP/1.1" 200 24945 "-" "Mozilla/5.0 (Linux; Android 6.0.1; Nexus 5X Build/MMB29P) AppleWebKit/537.36 (KHTML, like Gecko) Chrome/141.0.7390.122 Mobile Safari/537.36 (compatible; GoogleOther)"
66.249.65.46 - - [29/Dec/2025:08:07:41 -0800] "GET /ammika.php?x=64191283730 HTTP/1.1" 200 24888 "-" "Mozilla/5.0 (Linux; Android 6.0.1; Nexus 5X Build/MMB29P) AppleWebKit/537.36 (KHTML, like Gecko) Chrome/141.0.7390.122 Mobile Safari/537.36 (compatible; GoogleOther)"
66.249.65.33 - - [29/Dec/2025:08:09:19 -0800] "GET /ammika.php?x=641914809 HTTP/1.1" 200 24602 "-" "Mozilla/5.0 (Linux; Android 6.0.1; Nexus 5X Build/MMB29P) AppleWebKit/537.36 (KHTML, like Gecko) Chrome/141.0.7390.122 Mobile Safari/537.36 (compatible; GoogleOther)"
66.249.65.46 - - [29/Dec/2025:08:09:21 -0800] "GET /saiga.php?sitemap191.xml HTTP/1.1" 200 14068 "-" "Mozilla/5.0 (compatible; Googlebot/2.1; +http://www.google.com/bot.html)"
62.210.198.163 - - [29/Dec/2025:08:10:01 -0800] "GET /home-green-tomatoes/ HTTP/1.1" 200 73 "-" "Mozilla/5.0 (X11; Linux x86_64) AppleWebKit/537.36 (KHTML, like Gecko) Chrome/132.0.0.0 Safari/537.3"
62.210.198.163 - - [29/Dec/2025:08:10:02 -0800] "GET /favicon.ico HTTP/1.1" 200 73 "https://www.holyspiritministrysatx.com/home-green-tomatoes/" "Mozilla/5.0 (X11; Linux x86_64) AppleWebKit/537.36 (KHTML, like Gecko) Chrome/132.0.0.0 Safari/537.3"
62.210.198.163 - - [29/Dec/2025:08:10:04 -0800] "GET /home-green-tomatoes/favicon.ico HTTP/1.1" 200 73 "-" "Mozilla/5.0 (X11; Linux x86_64) AppleWebKit/537.36 (KHTML, like Gecko) Chrome/132.0.0.0 Safari/537.3"
62.210.198.163 - - [29/Dec/2025:08:10:06 -0800] "GET /home-green-tomatoes/ads.txt HTTP/1.1" 200 73 "-" "Mozilla/5.0 (X11; Linux x86_64) AppleWebKit/537.36 (KHTML, like Gecko) Chrome/132.0.0.0 Safari/537.3"
62.210.198.163 - - [29/Dec/2025:08:10:07 -0800] "GET /home-green-tomatoes/app-ads.txt HTTP/1.1" 200 73 "-" "Mozilla/5.0 (X11; Linux x86_64) AppleWebKit/537.36 (KHTML, like Gecko) Chrome/132.0.0.0 Safari/537.3"
62.210.198.163 - - [29/Dec/2025:08:10:08 -0800] "GET /home-green-tomatoes/sellers.json HTTP/1.1" 200 73 "-" "Mozilla/5.0 (X11; Linux x86_64) AppleWebKit/537.36 (KHTML, like Gecko) Chrome/132.0.0.0 Safari/537.3"
66.249.65.33 - - [29/Dec/2025:08:10:13 -0800] "GET /?special=1444565440 HTTP/1.1" 200 25019 "-" "Mozilla/5.0 (Linux; Android 6.0.1; Nexus 5X Build/MMB29P) AppleWebKit/537.36 (KHTML, like Gecko) Chrome/141.0.7390.122 Mobile Safari/537.36 (compatible; Googlebot/2.1; +http://www.google.com/bot.html)"
66.249.65.46 - - [29/Dec/2025:08:10:41 -0800] "GET /ammika.php?x=64191138532 HTTP/1.1" 200 24702 "-" "Mozilla/5.0 (Linux; Android 6.0.1; Nexus 5X Build/MMB29P) AppleWebKit/537.36 (KHTML, like Gecko) Chrome/141.0.7390.122 Mobile Safari/537.36 (compatible; GoogleOther)"
66.249.65.46 - - [29/Dec/2025:08:10:57 -0800] "GET /ammika.php?n=2746964493 HTTP/1.1" 200 25342 "-" "Mozilla/5.0 (Linux; Android 6.0.1; Nexus 5X Build/MMB29P) AppleWebKit/537.36 (KHTML, like Gecko) Chrome/141.0.7390.122 Mobile Safari/537.36 (compatible; GoogleOther)"
66.249.65.33 - - [29/Dec/2025:08:11:18 -0800] "GET /ammika.php?v=27321183196 HTTP/1.1" 200 25421 "-" "Mozilla/5.0 (Linux; Android 6.0.1; Nexus 5X Build/MMB29P) AppleWebKit/537.36 (KHTML, like Gecko) Chrome/141.0.7390.122 Mobile Safari/537.36 (compatible; GoogleOther)"
66.249.65.32 - - [29/Dec/2025:08:11:26 -0800] "GET /saiga.php?sitemap601.xml HTTP/1.1" 200 14086 "-" "Mozilla/5.0 (compatible; Googlebot/2.1; +http://www.google.com/bot.html)"
66.249.65.46 - - [29/Dec/2025:08:12:35 -0800] "GET /ammika.php?sitemap949.xml HTTP/1.1" 200 19760 "-" "Mozilla/5.0 (compatible; Googlebot/2.1; +http://www.google.com/bot.html)"
66.249.65.46 - - [29/Dec/2025:08:12:40 -0800] "GET /ammika.php?n=27469122408 HTTP/1.1" 200 24816 "-" "Mozilla/5.0 (Linux; Android 6.0.1; Nexus 5X Build/MMB29P) AppleWebKit/537.36 (KHTML, like Gecko) Chrome/141.0.7390.122 Mobile Safari/537.36 (compatible; GoogleOther)"
66.249.65.32 - - [29/Dec/2025:08:14:58 -0800] "GET /ammika.php?x=29585208466 HTTP/1.1" 200 25173 "-" "Mozilla/5.0 (Linux; Android 6.0.1; Nexus 5X Build/MMB29P) AppleWebKit/537.36 (KHTML, like Gecko) Chrome/141.0.7390.122 Mobile Safari/537.36 (compatible; GoogleOther)"
66.249.65.33 - - [29/Dec/2025:08:15:15 -0800] "GET /ammika.php?x=29585386331 HTTP/1.1" 200 24906 "-" "Mozilla/5.0 (Linux; Android 6.0.1; Nexus 5X Build/MMB29P) AppleWebKit/537.36 (KHTML, like Gecko) Chrome/141.0.7390.122 Mobile Safari/537.36 (compatible; GoogleOther)"
66.249.65.32 - - [29/Dec/2025:08:15:44 -0800] "GET /ammika.php?x=2958514646 HTTP/1.1" 200 25426 "-" "Mozilla/5.0 (Linux; Android 6.0.1; Nexus 5X Build/MMB29P) AppleWebKit/537.36 (KHTML, like Gecko) Chrome/141.0.7390.122 Mobile Safari/537.36 (compatible; GoogleOther)"
66.249.74.70 - - [29/Dec/2025:08:16:13 -0800] "GET /?b=96117073263a33a8 HTTP/1.1" 200 25462 "-" "Mozilla/5.0 (Linux; Android 6.0.1; Nexus 5X Build/MMB29P) AppleWebKit/537.36 (KHTML, like Gecko) Chrome/141.0.7390.122 Mobile Safari/537.36 (compatible; Googlebot/2.1; +http://www.google.com/bot.html)"
51.89.39.44 - - [29/Dec/2025:08:16:17 -0800] "GET /files.php HTTP/1.1" 200 54 "-" "Mozilla/5.0 (Windows NT 10.0; Win64; x64) AppleWebKit/537.36 (KHTML, like Gecko) Chrome/127.0.0.0 Safari/537.36"
45.227.253.15 - - [29/Dec/2025:08:17:51 -0800] "GET /?of=1 HTTP/1.1" 200 8298 "-" "Mozilla/5.0 (Windows NT 10.0; Win64; x64) AppleWebKit/537.36 (KHTML, like Gecko) Chrome/81.0.3282.140 Safari/537.36 Edge/18.17763"
216.73.216.46 - - [29/Dec/2025:08:18:39 -0800] "GET /robots.txt HTTP/1.1" 200 316 "-" "Mozilla/5.0 AppleWebKit/537.36 (KHTML, like Gecko; compatible; ClaudeBot/1.0; +claudebot@anthropic.com)"
216.73.216.46 - - [29/Dec/2025:08:18:39 -0800] "GET /wp-includes/interactivity-api/class-wp-interactivity-api-directives-processor.php HTTP/1.1" 500 20 "-" "Mozilla/5.0 AppleWebKit/537.36 (KHTML, like Gecko; compatible; ClaudeBot/1.0; +claudebot@anthropic.com)"
66.249.65.46 - - [29/Dec/2025:08:19:00 -0800] "GET /ammika.php?x=6419176345 HTTP/1.1" 200 25289 "-" "Mozilla/5.0 (Linux; Android 6.0.1; Nexus 5X Build/MMB29P) AppleWebKit/537.36 (KHTML, like Gecko) Chrome/141.0.7390.122 Mobile Safari/537.36 (compatible; GoogleOther)"
66.249.65.32 - - [29/Dec/2025:08:19:12 -0800] "GET /ammika.php?n=2746968000 HTTP/1.1" 200 25045 "-" "Mozilla/5.0 (Linux; Android 6.0.1; Nexus 5X Build/MMB29P) AppleWebKit/537.36 (KHTML, like Gecko) Chrome/141.0.7390.122 Mobile Safari/537.36 (compatible; GoogleOther)"
66.249.65.46 - - [29/Dec/2025:08:19:18 -0800] "GET /ammika.php?x=29585242854 HTTP/1.1" 200 24902 "-" "Mozilla/5.0 (Linux; Android 6.0.1; Nexus 5X Build/MMB29P) AppleWebKit/537.36 (KHTML, like Gecko) Chrome/141.0.7390.122 Mobile Safari/537.36 (compatible; GoogleOther)"
66.249.74.68 - - [29/Dec/2025:08:19:41 -0800] "GET /?special=1472825024 HTTP/1.1" 200 25536 "-" "Mozilla/5.0 (Linux; Android 6.0.1; Nexus 5X Build/MMB29P) AppleWebKit/537.36 (KHTML, like Gecko) Chrome/141.0.7390.122 Mobile Safari/537.36 (compatible; GoogleOther)"
66.249.65.46 - - [29/Dec/2025:08:19:58 -0800] "GET /saiga.php?sitemap392.xml HTTP/1.1" 200 14083 "-" "Mozilla/5.0 (compatible; Googlebot/2.1; +http://www.google.com/bot.html)"
216.73.216.46 - - [29/Dec/2025:08:20:59 -0800] "GET /wp-includes/interactivity-api/?C=M&O=A HTTP/1.1" 200 1493 "-" "Mozilla/5.0 AppleWebKit/537.36 (KHTML, like Gecko; compatible; ClaudeBot/1.0; +claudebot@anthropic.com)"
66.249.65.33 - - [29/Dec/2025:08:21:13 -0800] "GET /?special=1444607872 HTTP/1.1" 200 25029 "-" "Mozilla/5.0 (Linux; Android 6.0.1; Nexus 5X Build/MMB29P) AppleWebKit/537.36 (KHTML, like Gecko) Chrome/141.0.7390.122 Mobile Safari/537.36 (compatible; Googlebot/2.1; +http://www.google.com/bot.html)"
66.249.74.68 - - [29/Dec/2025:08:21:45 -0800] "GET /shop/arverni/indemnified9877796132.html HTTP/1.1" 200 25631 "-" "Mozilla/5.0 (Linux; Android 6.0.1; Nexus 5X Build/MMB29P) AppleWebKit/537.36 (KHTML, like Gecko) Chrome/141.0.7390.122 Mobile Safari/537.36 (compatible; GoogleOther)"
66.249.65.46 - - [29/Dec/2025:08:22:16 -0800] "GET /ammika.php?p=22141153799 HTTP/1.1" 200 25905 "-" "Mozilla/5.0 (Linux; Android 6.0.1; Nexus 5X Build/MMB29P) AppleWebKit/537.36 (KHTML, like Gecko) Chrome/141.0.7390.122 Mobile Safari/537.36 (compatible; GoogleOther)"
216.73.216.46 - - [29/Dec/2025:08:22:30 -0800] "GET /wp-includes/interactivity-api/?C=N&O=D HTTP/1.1" 200 1493 "-" "Mozilla/5.0 AppleWebKit/537.36 (KHTML, like Gecko; compatible; ClaudeBot/1.0; +claudebot@anthropic.com)"
216.73.216.46 - - [29/Dec/2025:08:23:03 -0800] "GET /wp-includes/interactivity-api/?C=D&O=A HTTP/1.1" 200 1493 "-" "Mozilla/5.0 AppleWebKit/537.36 (KHTML, like Gecko; compatible; ClaudeBot/1.0; +claudebot@anthropic.com)"
216.73.216.46 - - [29/Dec/2025:08:23:04 -0800] "GET /wp-includes/interactivity-api/class-wp-interactivity-api.php HTTP/1.1" 200 20 "-" "Mozilla/5.0 AppleWebKit/537.36 (KHTML, like Gecko; compatible; ClaudeBot/1.0; +claudebot@anthropic.com)"
66.249.65.33 - - [29/Dec/2025:08:23:09 -0800] "GET /ammika.php?x=6419125277 HTTP/1.1" 200 24651 "-" "Mozilla/5.0 (Linux; Android 6.0.1; Nexus 5X Build/MMB29P) AppleWebKit/537.36 (KHTML, like Gecko) Chrome/141.0.7390.122 Mobile Safari/537.36 (compatible; GoogleOther)"
66.249.74.68 - - [29/Dec/2025:08:23:30 -0800] "GET /?special=1987456448 HTTP/1.1" 200 25395 "-" "Mozilla/5.0 (Linux; Android 6.0.1; Nexus 5X Build/MMB29P) AppleWebKit/537.36 (KHTML, like Gecko) Chrome/141.0.7390.122 Mobile Safari/537.36 (compatible; Googlebot/2.1; +http://www.google.com/bot.html)"
66.249.65.46 - - [29/Dec/2025:08:23:32 -0800] "GET /ammika.php?h=30297293099 HTTP/1.1" 200 24849 "-" "Mozilla/5.0 (Linux; Android 6.0.1; Nexus 5X Build/MMB29P) AppleWebKit/537.36 (KHTML, like Gecko) Chrome/141.0.7390.122 Mobile Safari/537.36 (compatible; GoogleOther)"
216.73.216.46 - - [29/Dec/2025:08:23:38 -0800] "GET /wp-includes/interactivity-api/interactivity-api.php HTTP/1.1" 200 20 "-" "Mozilla/5.0 AppleWebKit/537.36 (KHTML, like Gecko; compatible; ClaudeBot/1.0; +claudebot@anthropic.com)"
216.73.216.46 - - [29/Dec/2025:08:24:07 -0800] "GET /wp-includes/interactivity-api/?C=S&O=A HTTP/1.1" 200 1493 "-" "Mozilla/5.0 AppleWebKit/537.36 (KHTML, like Gecko; compatible; ClaudeBot/1.0; +claudebot@anthropic.com)"
66.249.65.46 - - [29/Dec/2025:08:24:13 -0800] "GET /ammika.php?sitemap954.xml HTTP/1.1" 200 19679 "-" "Mozilla/5.0 (compatible; Googlebot/2.1; +http://www.google.com/bot.html)"
66.249.65.33 - - [29/Dec/2025:08:25:31 -0800] "GET /ammika.php?x=6419114335 HTTP/1.1" 200 25313 "-" "Mozilla/5.0 (Linux; Android 6.0.1; Nexus 5X Build/MMB29P) AppleWebKit/537.36 (KHTML, like Gecko) Chrome/141.0.7390.122 Mobile Safari/537.36 (compatible; GoogleOther)"
66.249.65.33 - - [29/Dec/2025:08:27:06 -0800] "GET /ammika.php?e=6716236901 HTTP/1.1" 200 25003 "-" "Mozilla/5.0 (Linux; Android 6.0.1; Nexus 5X Build/MMB29P) AppleWebKit/537.36 (KHTML, like Gecko) Chrome/141.0.7390.122 Mobile Safari/537.36 (compatible; GoogleOther)"
66.249.65.32 - - [29/Dec/2025:08:27:49 -0800] "GET /ammika.php?q=4887093367 HTTP/1.1" 200 26550 "-" "Mozilla/5.0 (Linux; Android 6.0.1; Nexus 5X Build/MMB29P) AppleWebKit/537.36 (KHTML, like Gecko) Chrome/141.0.7390.122 Mobile Safari/537.36 (compatible; GoogleOther)"
216.73.216.46 - - [29/Dec/2025:08:27:50 -0800] "GET /wp-includes/block-patterns/social-links-shared-background-color.php HTTP/1.1" 500 20 "-" "Mozilla/5.0 AppleWebKit/537.36 (KHTML, like Gecko; compatible; ClaudeBot/1.0; +claudebot@anthropic.com)"
216.73.216.46 - - [29/Dec/2025:08:28:26 -0800] "GET /wp-includes/block-patterns/?C=S&O=A HTTP/1.1" 200 2233 "-" "Mozilla/5.0 AppleWebKit/537.36 (KHTML, like Gecko; compatible; ClaudeBot/1.0; +claudebot@anthropic.com)"
216.73.216.46 - - [29/Dec/2025:08:28:26 -0800] "GET /wp-includes/block-patterns/?C=M&O=A HTTP/1.1" 200 2233 "-" "Mozilla/5.0 AppleWebKit/537.36 (KHTML, like Gecko; compatible; ClaudeBot/1.0; +claudebot@anthropic.com)"
66.249.65.32 - - [29/Dec/2025:08:28:47 -0800] "GET /ammika.php?n=27469387420 HTTP/1.1" 200 25058 "-" "Mozilla/5.0 (Linux; Android 6.0.1; Nexus 5X Build/MMB29P) AppleWebKit/537.36 (KHTML, like Gecko) Chrome/141.0.7390.122 Mobile Safari/537.36 (compatible; GoogleOther)"
216.24.210.195 - - [29/Dec/2025:08:29:07 -0800] "POST /wp-login.php HTTP/1.1" 200 73 "https://holyspiritministrysatx.com/wp-admin/" "Mozilla/5.0 (Windows NT 10.0; Win64; x64) AppleWebKit/537.36 (KHTML, like Gecko) Chrome/90.0.4430.85 Safari/537.36"
216.24.210.195 - - [29/Dec/2025:08:29:07 -0800] "POST /admin HTTP/1.1" 200 73 "https://holyspiritministrysatx.com/wp-admin/" "Mozilla/5.0 (Windows NT 10.0; Win64; x64) AppleWebKit/537.36 (KHTML, like Gecko) Chrome/90.0.4430.85 Safari/537.36"
98.159.37.125 - - [29/Dec/2025:08:29:12 -0800] "POST /wp-login.php HTTP/1.1" 200 73 "https://holyspiritministrysatx.com/wp-admin/" "Mozilla/5.0 (Windows NT 10.0; Win64; x64) AppleWebKit/537.36 (KHTML, like Gecko) Chrome/90.0.4430.85 Safari/537.36"
98.159.37.125 - - [29/Dec/2025:08:29:12 -0800] "POST /admin HTTP/1.1" 200 73 "https://holyspiritministrysatx.com/wp-admin/" "Mozilla/5.0 (Windows NT 10.0; Win64; x64) AppleWebKit/537.36 (KHTML, like Gecko) Chrome/90.0.4430.85 Safari/537.36"
173.239.218.165 - - [29/Dec/2025:08:29:16 -0800] "POST /wp-login.php HTTP/1.1" 200 73 "https://holyspiritministrysatx.com/wp-admin/" "Mozilla/5.0 (Windows NT 10.0; Win64; x64) AppleWebKit/537.36 (KHTML, like Gecko) Chrome/90.0.4430.85 Safari/537.36"
173.239.218.165 - - [29/Dec/2025:08:29:16 -0800] "POST /admin HTTP/1.1" 200 73 "https://holyspiritministrysatx.com/wp-admin/" "Mozilla/5.0 (Windows NT 10.0; Win64; x64) AppleWebKit/537.36 (KHTML, like Gecko) Chrome/90.0.4430.85 Safari/537.36"
98.159.37.120 - - [29/Dec/2025:08:29:20 -0800] "POST /wp-login.php HTTP/1.1" 200 73 "https://holyspiritministrysatx.com/wp-admin/" "Mozilla/5.0 (Windows NT 10.0; Win64; x64) AppleWebKit/537.36 (KHTML, like Gecko) Chrome/90.0.4430.85 Safari/537.36"
98.159.37.120 - - [29/Dec/2025:08:29:20 -0800] "POST /admin HTTP/1.1" 200 73 "https://holyspiritministrysatx.com/wp-admin/" "Mozilla/5.0 (Windows NT 10.0; Win64; x64) AppleWebKit/537.36 (KHTML, like Gecko) Chrome/90.0.4430.85 Safari/537.36"
98.159.37.124 - - [29/Dec/2025:08:29:25 -0800] "POST /wp-login.php HTTP/1.1" 200 73 "https://holyspiritministrysatx.com/wp-admin/" "Mozilla/5.0 (Windows NT 10.0; Win64; x64) AppleWebKit/537.36 (KHTML, like Gecko) Chrome/90.0.4430.85 Safari/537.36"
98.159.37.124 - - [29/Dec/2025:08:29:25 -0800] "POST /admin HTTP/1.1" 200 73 "https://holyspiritministrysatx.com/wp-admin/" "Mozilla/5.0 (Windows NT 10.0; Win64; x64) AppleWebKit/537.36 (KHTML, like Gecko) Chrome/90.0.4430.85 Safari/537.36"
173.239.218.166 - - [29/Dec/2025:08:29:28 -0800] "POST /wp-login.php HTTP/1.1" 200 73 "https://holyspiritministrysatx.com/wp-admin/" "Mozilla/5.0 (Windows NT 10.0; Win64; x64) AppleWebKit/537.36 (KHTML, like Gecko) Chrome/90.0.4430.85 Safari/537.36"
173.239.218.166 - - [29/Dec/2025:08:29:28 -0800] "POST /admin HTTP/1.1" 200 73 "https://holyspiritministrysatx.com/wp-admin/" "Mozilla/5.0 (Windows NT 10.0; Win64; x64) AppleWebKit/537.36 (KHTML, like Gecko) Chrome/90.0.4430.85 Safari/537.36"
173.239.218.166 - - [29/Dec/2025:08:29:37 -0800] "POST /wp-login.php HTTP/1.1" 200 73 "https://holyspiritministrysatx.com/wp-admin/" "Mozilla/5.0 (Windows NT 10.0; Win64; x64) AppleWebKit/537.36 (KHTML, like Gecko) Chrome/90.0.4430.85 Safari/537.36"
173.239.218.166 - - [29/Dec/2025:08:29:37 -0800] "POST /admin HTTP/1.1" 200 73 "https://holyspiritministrysatx.com/wp-admin/" "Mozilla/5.0 (Windows NT 10.0; Win64; x64) AppleWebKit/537.36 (KHTML, like Gecko) Chrome/90.0.4430.85 Safari/537.36"
173.239.218.159 - - [29/Dec/2025:08:29:51 -0800] "POST /wp-login.php HTTP/1.1" 200 73 "https://holyspiritministrysatx.com/wp-admin/" "Mozilla/5.0 (Windows NT 10.0; Win64; x64) AppleWebKit/537.36 (KHTML, like Gecko) Chrome/90.0.4430.85 Safari/537.36"
173.239.218.159 - - [29/Dec/2025:08:29:51 -0800] "POST /admin HTTP/1.1" 200 73 "https://holyspiritministrysatx.com/wp-admin/" "Mozilla/5.0 (Windows NT 10.0; Win64; x64) AppleWebKit/537.36 (KHTML, like Gecko) Chrome/90.0.4430.85 Safari/537.36"
216.73.216.46 - - [29/Dec/2025:08:29:56 -0800] "GET /wp-includes/block-patterns/query-standard-posts.php HTTP/1.1" 500 20 "-" "Mozilla/5.0 AppleWebKit/537.36 (KHTML, like Gecko; compatible; ClaudeBot/1.0; +claudebot@anthropic.com)"
216.73.216.46 - - [29/Dec/2025:08:30:00 -0800] "GET /wp-includes/block-patterns/query-medium-posts.php HTTP/1.1" 500 20 "-" "Mozilla/5.0 AppleWebKit/537.36 (KHTML, like Gecko; compatible; ClaudeBot/1.0; +claudebot@anthropic.com)"
173.239.218.183 - - [29/Dec/2025:08:30:00 -0800] "POST /wp-login.php HTTP/1.1" 200 73 "https://holyspiritministrysatx.com/wp-admin/" "Mozilla/5.0 (Windows NT 10.0; Win64; x64) AppleWebKit/537.36 (KHTML, like Gecko) Chrome/90.0.4430.85 Safari/537.36"
173.239.218.183 - - [29/Dec/2025:08:30:00 -0800] "POST /admin HTTP/1.1" 200 73 "https://holyspiritministrysatx.com/wp-admin/" "Mozilla/5.0 (Windows NT 10.0; Win64; x64) AppleWebKit/537.36 (KHTML, like Gecko) Chrome/90.0.4430.85 Safari/537.36"
98.159.37.128 - - [29/Dec/2025:08:30:08 -0800] "POST /wp-login.php HTTP/1.1" 200 73 "https://holyspiritministrysatx.com/wp-admin/" "Mozilla/5.0 (Windows NT 10.0; Win64; x64) AppleWebKit/537.36 (KHTML, like Gecko) Chrome/90.0.4430.85 Safari/537.36"
98.159.37.128 - - [29/Dec/2025:08:30:08 -0800] "POST /admin HTTP/1.1" 200 73 "https://holyspiritministrysatx.com/wp-admin/" "Mozilla/5.0 (Windows NT 10.0; Win64; x64) AppleWebKit/537.36 (KHTML, like Gecko) Chrome/90.0.4430.85 Safari/537.36"
98.159.37.133 - - [29/Dec/2025:08:30:11 -0800] "POST /wp-login.php HTTP/1.1" 200 73 "https://holyspiritministrysatx.com/wp-admin/" "Mozilla/5.0 (Windows NT 10.0; Win64; x64) AppleWebKit/537.36 (KHTML, like Gecko) Chrome/90.0.4430.85 Safari/537.36"
98.159.37.133 - - [29/Dec/2025:08:30:11 -0800] "POST /admin HTTP/1.1" 200 73 "https://holyspiritministrysatx.com/wp-admin/" "Mozilla/5.0 (Windows NT 10.0; Win64; x64) AppleWebKit/537.36 (KHTML, like Gecko) Chrome/90.0.4430.85 Safari/537.36"
40.83.101.78 - - [29/Dec/2025:08:30:15 -0800] "GET /home-green-tomatoes/wp-good.php HTTP/1.1" 200 54 "https://www.google.co.uk/" "Mozilla/5.0 (Linux; Android 10; K) AppleWebKit/537.36 (KHTML, like Gecko) Chrome/117.0.0.0 Mobile Safari/537.36"
40.83.101.78 - - [29/Dec/2025:08:30:15 -0800] "GET /home-green-tomatoes/file.php HTTP/1.1" 200 54 "https://www.google.de/" "Mozilla/5.g (Linux; Android 13; Pixel 7) AppleWebKit/537.36 (KHTML, like Gecko) Chrome/116.0.0.0 Mobile Safari/537.36"
40.83.101.78 - - [29/Dec/2025:08:30:16 -0800] "GET /home-green-tomatoes/bless.php HTTP/1.1" 200 54 "https://www.google.com/" "Mozilla/5.0 (iPhone; CPU iPhone OS 17_1_1 like Mac OS X) AppleWebKit/605.1.15 (KHTML, like Gecko) Version/17.1 Mobile/15E148 Safari/604.1"
40.83.101.78 - - [29/Dec/2025:08:30:16 -0800] "GET /home-green-tomatoes/admin.php HTTP/1.1" 200 54 "https://duckduckgo.com/" "Mozilla/5.0 (Linux; Android 13; SM-G991U) AppleWebKit/537.36 (KHTML, like Gecko) Chrome/117.0.0.0 Mobile Safari/537.36"
40.83.101.78 - - [29/Dec/2025:08:30:17 -0800] "GET /home-green-tomatoes/ioxi-o.php HTTP/1.1" 200 54 "https://www.google.com/" "Mozilla/5.0 (iPad; CPU OS 17_0_3 like Mac OS X) AppleWebKit/605.1.15 (KHTML, like Gecko) Version/17.0.1 Mobile/15E148 Safari/604.1"
40.83.101.78 - - [29/Dec/2025:08:30:17 -0800] "GET /home-green-tomatoes/adminfuns.php HTTP/1.1" 200 54 "https://duckduckgo.com/" "Mozilla/5.g (Linux; Android 13; Pixel 7) AppleWebKit/537.36 (KHTML, like Gecko) Chrome/116.0.0.0 Mobile Safari/537.36"
40.83.101.78 - - [29/Dec/2025:08:30:18 -0800] "GET /home-green-tomatoes/wp-content/admin.php HTTP/1.1" 200 54 "https://www.yahoo.com/" "Mozilla/5.0 (iPad; CPU OS 16_7_2 like Mac OS X) AppleWebKit/605.1.15 (KHTML, like Gecko) Version/16.6 Mobile/15E148 Safari/604.1"
40.83.101.78 - - [29/Dec/2025:08:30:18 -0800] "GET /home-green-tomatoes/aa.php HTTP/1.1" 200 54 "https://www.google.fr/" "Mozilla/5.0 (iPhone; CPU iPhone OS 17_1 like Mac OS X) AppleWebKit/605.1.15 (KHTML, like Gecko) CriOS/119.0.6045.109 Mobile/15E148 Safari/604.1"
40.83.101.78 - - [29/Dec/2025:08:30:19 -0800] "GET /home-green-tomatoes/xmrlpc.php HTTP/1.1" 200 54 "https://www.yahoo.com/" "Mozilla/5.0 (iPhone; CPU iPhone OS 17_0_3 like Mac OS X) AppleWebKit/605.1.15 (KHTML, like Gecko) Version/17.0.1 Mobile/15E148 Safari/604.1"
40.83.101.78 - - [29/Dec/2025:08:30:19 -0800] "GET /home-green-tomatoes/class.php HTTP/1.1" 200 54 "https://www.google.fr/" "Mozilla/5.0 (iPad; CPU OS 16_7_2 like Mac OS X) AppleWebKit/605.1.15 (KHTML, like Gecko) Version/16.6 Mobile/15E148 Safari/604.1"
40.83.101.78 - - [29/Dec/2025:08:30:20 -0800] "GET /home-green-tomatoes/goods.php HTTP/1.1" 200 54 "https://www.google.de/" "Mozilla/5.0 (iPad; CPU OS 17_0_3 like Mac OS X) AppleWebKit/605.1.15 (KHTML, like Gecko) Version/17.0.1 Mobile/15E148 Safari/604.1"
40.83.101.78 - - [29/Dec/2025:08:30:20 -0800] "GET /home-green-tomatoes/info.php HTTP/1.1" 200 54 "https://www.bing.com/" "Mozilla/5.0 (Linux; Android 14; Pixel 8 Pro) AppleWebKit/537.36 (KHTML, like Gecko) Chrome/119.0.0.0 Mobile Safari/537.36"
40.83.101.78 - - [29/Dec/2025:08:30:21 -0800] "GET /home-green-tomatoes/num.php HTTP/1.1" 200 54 "https://www.yahoo.com/" "Mozilla/5.0 (iPhone; CPU iPhone OS 15_7_9 like Mac OS X) AppleWebKit/605.1.15 (KHTML, like Gecko) Version/15.6.5 Mobile/15E148 Safari/604.1"
173.239.218.182 - - [29/Dec/2025:08:30:21 -0800] "POST /wp-login.php HTTP/1.1" 200 73 "https://holyspiritministrysatx.com/wp-admin/" "Mozilla/5.0 (Windows NT 10.0; Win64; x64) AppleWebKit/537.36 (KHTML, like Gecko) Chrome/90.0.4430.85 Safari/537.36"
173.239.218.182 - - [29/Dec/2025:08:30:21 -0800] "POST /admin HTTP/1.1" 200 73 "https://holyspiritministrysatx.com/wp-admin/" "Mozilla/5.0 (Windows NT 10.0; Win64; x64) AppleWebKit/537.36 (KHTML, like Gecko) Chrome/90.0.4430.85 Safari/537.36"
40.83.101.78 - - [29/Dec/2025:08:30:22 -0800] "GET /home-green-tomatoes/txets.php HTTP/1.1" 200 54 "https://www.yahoo.com/" "Mozilla/5.0 (Linux; Android 14; Pixel 8 Pro) AppleWebKit/537.36 (KHTML, like Gecko) Chrome/119.0.0.0 Mobile Safari/537.36"
40.83.101.78 - - [29/Dec/2025:08:30:22 -0800] "GET /home-green-tomatoes/wp-admin HTTP/1.1" 200 54 "https://www.google.fr/" "Mozilla/5.0 (iPad; CPU OS 16_7_2 like Mac OS X) AppleWebKit/605.1.15 (KHTML, like Gecko) Version/16.6 Mobile/15E148 Safari/604.1"
40.83.101.78 - - [29/Dec/2025:08:30:23 -0800] "GET /home-green-tomatoes/wp-admin/alfa.php HTTP/1.1" 200 54 "https://www.google.co.uk/" "Mozilla/5.0 (Linux; Android 12; 2201116SG) AppleWebKit/537.36 (KHTML, like Gecko) Chrome/116.0.0.0 Mobile Safari/537.36"
40.83.101.78 - - [29/Dec/2025:08:30:23 -0800] "GET /home-green-tomatoes/wp-admin/images/admin.php HTTP/1.1" 200 54 "https://www.google.fr/" "Mozilla/5.0 (Linux; Android 12; V2134) AppleWebKit/537.36 (KHTML, like Gecko) Chrome/116.0.0.0 Mobile Safari/537.36"
40.83.101.78 - - [29/Dec/2025:08:30:24 -0800] "GET /home-green-tomatoes/wp-admin/js/widgets HTTP/1.1" 200 54 "https://duckduckgo.com/" "Mozilla/5.0 (iPad; CPU OS 16_7_2 like Mac OS X) AppleWebKit/605.1.15 (KHTML, like Gecko) Version/16.6 Mobile/15E148 Safari/604.1"
40.83.101.78 - - [29/Dec/2025:08:30:24 -0800] "GET /home-green-tomatoes/wp-blog.php HTTP/1.1" 200 54 "https://www.google.co.uk/" "Mozilla/5.0 (Linux; Android 10; K) AppleWebKit/537.36 (KHTML, like Gecko) Chrome/117.0.0.0 Mobile Safari/537.36"
40.83.101.78 - - [29/Dec/2025:08:30:25 -0800] "GET /home-green-tomatoes/wp-includes/block-bindings HTTP/1.1" 200 54 "https://www.yahoo.com/" "Mozilla/5.0 (iPhone; CPU iPhone OS 17_1 like Mac OS X) AppleWebKit/605.1.15 (KHTML, like Gecko) CriOS/119.0.6045.109 Mobile/15E148 Safari/604.1"
40.83.101.78 - - [29/Dec/2025:08:30:25 -0800] "GET /home-green-tomatoes/13.php HTTP/1.1" 200 54 "https://www.google.co.uk/" "Mozilla/5.0 (iPhone; CPU iPhone OS 16_0 like Mac OS X) AppleWebKit/605.1.15 (KHTML, like Gecko) FxiOS/118.0 Mobile/15E148 Safari/605.1.15"
40.83.101.78 - - [29/Dec/2025:08:30:26 -0800] "GET /home-green-tomatoes/administrator/templates/hathor/error.php HTTP/1.1" 200 54 "https://www.google.de/" "Mozilla/5.0 (iPhone; CPU iPhone OS 16_6_1 like Mac OS X) AppleWebKit/605.1.15 (KHTML, like Gecko) Version/16.6 Mobile/15E148 Safari/604.1"
40.83.101.78 - - [29/Dec/2025:08:30:26 -0800] "GET /home-green-tomatoes/alf.php HTTP/1.1" 200 54 "https://www.yahoo.com/" "Mozilla/5.0 (Linux; Android 11; CPH2251) AppleWebKit/537.36 (KHTML, like Gecko) Chrome/116.0.0.0 Mobile Safari/537.36"
40.83.101.78 - - [29/Dec/2025:08:30:27 -0800] "GET /home-green-tomatoes/as.php HTTP/1.1" 200 54 "https://www.google.fr/" "Mozilla/5.0 (Linux; Android 11; 21081111RG) AppleWebKit/537.36 (KHTML, like Gecko) Chrome/116.0.0.0 Mobile Safari/537.36"
40.83.101.78 - - [29/Dec/2025:08:30:27 -0800] "GET /home-green-tomatoes/classwithtostring.php HTTP/1.1" 200 54 "https://www.google.com/" "Mozilla/5.0 (Linux; Android 12; SM-A525F) AppleWebKit/537.36 (KHTML, like Gecko) Chrome/117.0.0.0 Mobile Safari/537.36"
40.83.101.78 - - [29/Dec/2025:08:30:28 -0800] "GET /home-green-tomatoes/gecko.php HTTP/1.1" 200 54 "https://www.google.fr/" "Mozilla/5.0 (iPhone; CPU iPhone OS 17_0_3 like Mac OS X) AppleWebKit/605.1.15 (KHTML, like Gecko) Version/17.0.1 Mobile/15E148 Safari/604.1"
40.83.101.78 - - [29/Dec/2025:08:30:29 -0800] "GET /home-green-tomatoes/gelay.php HTTP/1.1" 200 54 "https://www.bing.com/" "Mozilla/5.0 (Linux; Android 11; 21081111RG) AppleWebKit/537.36 (KHTML, like Gecko) Chrome/116.0.0.0 Mobile Safari/537.36"
40.83.101.78 - - [29/Dec/2025:08:30:29 -0800] "GET /home-green-tomatoes/o.php HTTP/1.1" 200 54 "https://www.google.com/" "Mozilla/5.0 (Linux; Android 14; Pixel 8 Pro) AppleWebKit/537.36 (KHTML, like Gecko) Chrome/119.0.0.0 Mobile Safari/537.36"
40.83.101.78 - - [29/Dec/2025:08:30:30 -0800] "GET /home-green-tomatoes/radio.php HTTP/1.1" 200 54 "https://www.google.co.uk/" "Mozilla/5.0 (iPhone; CPU iPhone OS 17_1_1 like Mac OS X) AppleWebKit/605.1.15 (KHTML, like Gecko) Version/17.1 Mobile/15E148 Safari/604.1"
40.83.101.78 - - [29/Dec/2025:08:30:30 -0800] "GET /home-green-tomatoes/server.php HTTP/1.1" 200 54 "https://www.yahoo.com/" "Mozilla/5.0 (Linux; Android 11; 21081111RG) AppleWebKit/537.36 (KHTML, like Gecko) Chrome/116.0.0.0 Mobile Safari/537.36"
40.83.101.78 - - [29/Dec/2025:08:30:31 -0800] "GET /home-green-tomatoes/wp-admin/images/file.php HTTP/1.1" 200 54 "https://www.google.fr/" "Mozilla/5.0 (Linux; Android 14; Pixel 8 Pro) AppleWebKit/537.36 (KHTML, like Gecko) Chrome/119.0.0.0 Mobile Safari/537.36"
40.83.101.78 - - [29/Dec/2025:08:30:31 -0800] "GET /home-green-tomatoes/wp-admin/includes HTTP/1.1" 200 54 "https://www.google.de/" "Mozilla/5.0 (Linux; Android 13; SM-S908E) AppleWebKit/537.36 (KHTML, like Gecko) Chrome/116.0.0.0 Mobile Safari/537.36"
40.83.101.78 - - [29/Dec/2025:08:30:32 -0800] "GET /home-green-tomatoes/wp-admin/network/index.php HTTP/1.1" 200 54 "https://www.google.co.uk/" "Mozilla/5.0 (iPhone; CPU iPhone OS 17_0_3 like Mac OS X) AppleWebKit/605.1.15 (KHTML, like Gecko) Version/17.0.1 Mobile/15E148 Safari/604.1"
40.83.101.78 - - [29/Dec/2025:08:30:32 -0800] "GET /home-green-tomatoes/wp-admin/radio.php HTTP/1.1" 200 54 "https://www.google.com/" "Mozilla/5.0 (iPhone; CPU iPhone OS 16_0 like Mac OS X) AppleWebKit/605.1.15 (KHTML, like Gecko) FxiOS/118.0 Mobile/15E148 Safari/605.1.15"
40.83.101.78 - - [29/Dec/2025:08:30:33 -0800] "GET /home-green-tomatoes/wp-content/k.php HTTP/1.1" 200 54 "https://duckduckgo.com/" "Mozilla/5.0 (iPhone; CPU iPhone OS 17_0_3 like Mac OS X) AppleWebKit/605.1.15 (KHTML, like Gecko) Version/17.0.1 Mobile/15E148 Safari/604.1"
40.83.101.78 - - [29/Dec/2025:08:30:33 -0800] "GET /home-green-tomatoes/wp-content/plugins/wp-diambar/includes/loadme.php HTTP/1.1" 200 54 "https://www.google.com/" "Mozilla/5.0 (Linux; Android 12; SM-A525F) AppleWebKit/537.36 (KHTML, like Gecko) Chrome/117.0.0.0 Mobile Safari/537.36"
40.83.101.78 - - [29/Dec/2025:08:30:34 -0800] "GET /home-green-tomatoes/wp-content/uploads HTTP/1.1" 200 54 "https://www.yahoo.com/" "Mozilla/5.0 (iPhone; CPU iPhone OS 16_6_1 like Mac OS X) AppleWebKit/605.1.15 (KHTML, like Gecko) Version/16.6 Mobile/15E148 Safari/604.1"
40.83.101.78 - - [29/Dec/2025:08:30:34 -0800] "GET /home-green-tomatoes/wp-includes/IXR/test1.php HTTP/1.1" 200 54 "https://www.google.com/" "Mozilla/5.0 (Linux; Android 12; 2201116SG) AppleWebKit/537.36 (KHTML, like Gecko) Chrome/116.0.0.0 Mobile Safari/537.36"
40.83.101.78 - - [29/Dec/2025:08:30:35 -0800] "GET /home-green-tomatoes/wp-includes/index.php HTTP/1.1" 200 54 "https://www.google.de/" "Mozilla/5.0 (Linux; Android 13; M2101K6G) AppleWebKit/537.36 (KHTML, like Gecko) Chrome/116.0.0.0 Mobile Safari/537.36"
40.83.101.78 - - [29/Dec/2025:08:30:35 -0800] "GET /home-green-tomatoes/wp-includes/js/crop/cropper.php HTTP/1.1" 200 54 "https://duckduckgo.com/" "Mozilla/5.g (Linux; Android 13; Pixel 7) AppleWebKit/537.36 (KHTML, like Gecko) Chrome/116.0.0.0 Mobile Safari/537.36"
40.83.101.78 - - [29/Dec/2025:08:30:36 -0800] "GET /home-green-tomatoes/wp-includes/js/dist HTTP/1.1" 200 54 "https://www.google.de/" "Mozilla/5.0 (iPhone; CPU iPhone OS 16_6_1 like Mac OS X) AppleWebKit/605.1.15 (KHTML, like Gecko) Version/16.6 Mobile/15E148 Safari/604.1"
40.83.101.78 - - [29/Dec/2025:08:30:37 -0800] "GET /home-green-tomatoes/wp-includes/js/index.php HTTP/1.1" 200 54 "https://duckduckgo.com/" "Mozilla/5.0 (Linux; Android 13; SM-S908E) AppleWebKit/537.36 (KHTML, like Gecko) Chrome/116.0.0.0 Mobile Safari/537.36"
40.83.101.78 - - [29/Dec/2025:08:30:37 -0800] "GET /home-green-tomatoes/wp-includes/widgets/autoload_classmap.php HTTP/1.1" 200 54 "https://www.google.co.uk/" "Mozilla/5.g (Linux; Android 13; Pixel 7) AppleWebKit/537.36 (KHTML, like Gecko) Chrome/116.0.0.0 Mobile Safari/537.36"
40.83.101.78 - - [29/Dec/2025:08:30:38 -0800] "GET /home-green-tomatoes/wp.php HTTP/1.1" 200 54 "https://duckduckgo.com/" "Mozilla/5.0 (Linux; Android 12; 2201116SG) AppleWebKit/537.36 (KHTML, like Gecko) Chrome/116.0.0.0 Mobile Safari/537.36"
40.83.101.78 - - [29/Dec/2025:08:30:38 -0800] "GET /home-green-tomatoes/.well-known/rk2.php HTTP/1.1" 406 54 "https://www.bing.com/" "Mozilla/5.0 (Linux; Android 11; CPH2251) AppleWebKit/537.36 (KHTML, like Gecko) Chrome/116.0.0.0 Mobile Safari/537.36"
40.83.101.78 - - [29/Dec/2025:08:30:39 -0800] "GET /home-green-tomatoes/.well-known/x.php HTTP/1.1" 406 54 "https://www.bing.com/" "Mozilla/5.0 (Linux; Android 14; Pixel 8 Pro) AppleWebKit/537.36 (KHTML, like Gecko) Chrome/119.0.0.0 Mobile Safari/537.36"
40.83.101.78 - - [29/Dec/2025:08:30:39 -0800] "GET /home-green-tomatoes/wp-admin/maint/chosen.php HTTP/1.1" 200 54 "https://www.google.de/" "Mozilla/5.0 (Linux; Android 12; 2201116SG) AppleWebKit/537.36 (KHTML, like Gecko) Chrome/116.0.0.0 Mobile Safari/537.36"
40.83.101.78 - - [29/Dec/2025:08:30:40 -0800] "GET /home-green-tomatoes/wp-admin/network/autoload_classmap.php HTTP/1.1" 200 54 "https://www.google.co.uk/" "Mozilla/5.0 (iPhone; CPU iPhone OS 15_7_9 like Mac OS X) AppleWebKit/605.1.15 (KHTML, like Gecko) Version/15.6.5 Mobile/15E148 Safari/604.1"
40.83.101.78 - - [29/Dec/2025:08:30:40 -0800] "GET /home-green-tomatoes/wp-admin/s.php HTTP/1.1" 200 54 "https://duckduckgo.com/" "Mozilla/5.0 (Linux; Android 10; K) AppleWebKit/537.36 (KHTML, like Gecko) Chrome/117.0.0.0 Mobile Safari/537.36"
40.83.101.78 - - [29/Dec/2025:08:30:41 -0800] "GET /home-green-tomatoes/wp-admin/w.php HTTP/1.1" 200 54 "https://www.google.co.uk/" "Mozilla/5.0 (Linux; Android 13; SM-S908E) AppleWebKit/537.36 (KHTML, like Gecko) Chrome/116.0.0.0 Mobile Safari/537.36"
40.83.101.78 - - [29/Dec/2025:08:30:41 -0800] "GET /home-green-tomatoes/wp-admin/z.php HTTP/1.1" 200 54 "https://www.google.de/" "Mozilla/5.0 (Linux; Android 13; SM-G991U) AppleWebKit/537.36 (KHTML, like Gecko) Chrome/117.0.0.0 Mobile Safari/537.36"
66.249.65.32 - - [29/Dec/2025:08:30:55 -0800] "GET /ammika.php?sitemap911.xml HTTP/1.1" 200 19713 "-" "Mozilla/5.0 (compatible; Googlebot/2.1; +http://www.google.com/bot.html)"
173.239.218.174 - - [29/Dec/2025:08:30:57 -0800] "POST /wp-login.php HTTP/1.1" 200 73 "https://holyspiritministrysatx.com/wp-admin/" "Mozilla/5.0 (Windows NT 10.0; Win64; x64) AppleWebKit/537.36 (KHTML, like Gecko) Chrome/90.0.4430.85 Safari/537.36"
173.239.218.174 - - [29/Dec/2025:08:30:57 -0800] "POST /admin HTTP/1.1" 200 73 "https://holyspiritministrysatx.com/wp-admin/" "Mozilla/5.0 (Windows NT 10.0; Win64; x64) AppleWebKit/537.36 (KHTML, like Gecko) Chrome/90.0.4430.85 Safari/537.36"
66.249.65.33 - - [29/Dec/2025:08:31:02 -0800] "GET /ammika.php?x=64191174111 HTTP/1.1" 200 25153 "-" "Mozilla/5.0 (Linux; Android 6.0.1; Nexus 5X Build/MMB29P) AppleWebKit/537.36 (KHTML, like Gecko) Chrome/141.0.7390.122 Mobile Safari/537.36 (compatible; GoogleOther)"
66.249.74.70 - - [29/Dec/2025:08:31:13 -0800] "GET /?b=4401917826b763c7 HTTP/1.1" 200 26070 "-" "Mozilla/5.0 (Linux; Android 6.0.1; Nexus 5X Build/MMB29P) AppleWebKit/537.36 (KHTML, like Gecko) Chrome/141.0.7390.122 Mobile Safari/537.36 (compatible; Googlebot/2.1; +http://www.google.com/bot.html)"
216.73.216.46 - - [29/Dec/2025:08:31:30 -0800] "GET /wp-includes/block-patterns/query-grid-posts.php HTTP/1.1" 500 20 "-" "Mozilla/5.0 AppleWebKit/537.36 (KHTML, like Gecko; compatible; ClaudeBot/1.0; +claudebot@anthropic.com)"
98.159.37.130 - - [29/Dec/2025:08:31:32 -0800] "POST /wp-login.php HTTP/1.1" 200 73 "https://holyspiritministrysatx.com/wp-admin/" "Mozilla/5.0 (Windows NT 10.0; Win64; x64) AppleWebKit/537.36 (KHTML, like Gecko) Chrome/90.0.4430.85 Safari/537.36"
98.159.37.130 - - [29/Dec/2025:08:31:32 -0800] "POST /admin HTTP/1.1" 200 73 "https://holyspiritministrysatx.com/wp-admin/" "Mozilla/5.0 (Windows NT 10.0; Win64; x64) AppleWebKit/537.36 (KHTML, like Gecko) Chrome/90.0.4430.85 Safari/537.36"
216.73.216.46 - - [29/Dec/2025:08:31:34 -0800] "GET /wp-includes/block-patterns/?C=D&O=A HTTP/1.1" 200 2233 "-" "Mozilla/5.0 AppleWebKit/537.36 (KHTML, like Gecko; compatible; ClaudeBot/1.0; +claudebot@anthropic.com)"
173.239.218.163 - - [29/Dec/2025:08:31:45 -0800] "POST /wp-login.php HTTP/1.1" 200 73 "https://holyspiritministrysatx.com/wp-admin/" "Mozilla/5.0 (Windows NT 10.0; Win64; x64) AppleWebKit/537.36 (KHTML, like Gecko) Chrome/90.0.4430.85 Safari/537.36"
173.239.218.163 - - [29/Dec/2025:08:31:45 -0800] "POST /admin HTTP/1.1" 200 73 "https://holyspiritministrysatx.com/wp-admin/" "Mozilla/5.0 (Windows NT 10.0; Win64; x64) AppleWebKit/537.36 (KHTML, like Gecko) Chrome/90.0.4430.85 Safari/537.36"
216.73.216.46 - - [29/Dec/2025:08:31:45 -0800] "GET /wp-includes/block-patterns/?C=N&O=D HTTP/1.1" 200 2233 "-" "Mozilla/5.0 AppleWebKit/537.36 (KHTML, like Gecko; compatible; ClaudeBot/1.0; +claudebot@anthropic.com)"
216.73.216.46 - - [29/Dec/2025:08:31:45 -0800] "GET /wp-includes/block-patterns/query-small-posts.php HTTP/1.1" 500 20 "-" "Mozilla/5.0 AppleWebKit/537.36 (KHTML, like Gecko; compatible; ClaudeBot/1.0; +claudebot@anthropic.com)"
173.239.218.175 - - [29/Dec/2025:08:31:48 -0800] "POST /wp-login.php HTTP/1.1" 200 73 "https://holyspiritministrysatx.com/wp-admin/" "Mozilla/5.0 (Windows NT 10.0; Win64; x64) AppleWebKit/537.36 (KHTML, like Gecko) Chrome/90.0.4430.85 Safari/537.36"
173.239.218.175 - - [29/Dec/2025:08:31:48 -0800] "POST /admin HTTP/1.1" 200 73 "https://holyspiritministrysatx.com/wp-admin/" "Mozilla/5.0 (Windows NT 10.0; Win64; x64) AppleWebKit/537.36 (KHTML, like Gecko) Chrome/90.0.4430.85 Safari/537.36"
173.239.218.184 - - [29/Dec/2025:08:31:51 -0800] "POST /wp-login.php HTTP/1.1" 200 73 "https://holyspiritministrysatx.com/wp-admin/" "Mozilla/5.0 (Windows NT 10.0; Win64; x64) AppleWebKit/537.36 (KHTML, like Gecko) Chrome/90.0.4430.85 Safari/537.36"
173.239.218.184 - - [29/Dec/2025:08:31:51 -0800] "POST /admin HTTP/1.1" 200 73 "https://holyspiritministrysatx.com/wp-admin/" "Mozilla/5.0 (Windows NT 10.0; Win64; x64) AppleWebKit/537.36 (KHTML, like Gecko) Chrome/90.0.4430.85 Safari/537.36"
66.249.65.33 - - [29/Dec/2025:08:32:03 -0800] "GET /ammika.php?n=2746974373 HTTP/1.1" 200 25066 "-" "Mozilla/5.0 (Linux; Android 6.0.1; Nexus 5X Build/MMB29P) AppleWebKit/537.36 (KHTML, like Gecko) Chrome/141.0.7390.122 Mobile Safari/537.36 (compatible; GoogleOther)"
98.159.37.137 - - [29/Dec/2025:08:32:06 -0800] "POST /wp-login.php HTTP/1.1" 200 73 "https://holyspiritministrysatx.com/wp-admin/" "Mozilla/5.0 (Windows NT 10.0; Win64; x64) AppleWebKit/537.36 (KHTML, like Gecko) Chrome/90.0.4430.85 Safari/537.36"
98.159.37.137 - - [29/Dec/2025:08:32:06 -0800] "POST /admin HTTP/1.1" 200 73 "https://holyspiritministrysatx.com/wp-admin/" "Mozilla/5.0 (Windows NT 10.0; Win64; x64) AppleWebKit/537.36 (KHTML, like Gecko) Chrome/90.0.4430.85 Safari/537.36"
66.249.65.32 - - [29/Dec/2025:08:32:09 -0800] "GET /ammika.php?x=29585189631 HTTP/1.1" 200 25228 "-" "Mozilla/5.0 (Linux; Android 6.0.1; Nexus 5X Build/MMB29P) AppleWebKit/537.36 (KHTML, like Gecko) Chrome/141.0.7390.122 Mobile Safari/537.36 (compatible; GoogleOther)"
173.239.218.183 - - [29/Dec/2025:08:32:30 -0800] "POST /admin HTTP/1.1" 200 73 "https://holyspiritministrysatx.com/wp-admin/" "Mozilla/5.0 (Windows NT 10.0; Win64; x64) AppleWebKit/537.36 (KHTML, like Gecko) Chrome/90.0.4430.85 Safari/537.36"
216.73.216.46 - - [29/Dec/2025:08:32:33 -0800] "GET /wp-includes/block-patterns/query-offset-posts.php HTTP/1.1" 500 20 "-" "Mozilla/5.0 AppleWebKit/537.36 (KHTML, like Gecko; compatible; ClaudeBot/1.0; +claudebot@anthropic.com)"
173.239.218.177 - - [29/Dec/2025:08:32:48 -0800] "POST /wp-login.php HTTP/1.1" 200 73 "https://holyspiritministrysatx.com/wp-admin/" "Mozilla/5.0 (Windows NT 10.0; Win64; x64) AppleWebKit/537.36 (KHTML, like Gecko) Chrome/90.0.4430.85 Safari/537.36"
216.73.216.46 - - [29/Dec/2025:08:32:48 -0800] "GET /wp-includes/block-patterns/query-large-title-posts.php HTTP/1.1" 500 20 "-" "Mozilla/5.0 AppleWebKit/537.36 (KHTML, like Gecko; compatible; ClaudeBot/1.0; +claudebot@anthropic.com)"
173.239.218.177 - - [29/Dec/2025:08:32:48 -0800] "POST /admin HTTP/1.1" 200 73 "https://holyspiritministrysatx.com/wp-admin/" "Mozilla/5.0 (Windows NT 10.0; Win64; x64) AppleWebKit/537.36 (KHTML, like Gecko) Chrome/90.0.4430.85 Safari/537.36"
98.159.37.125 - - [29/Dec/2025:08:32:55 -0800] "POST /wp-login.php HTTP/1.1" 200 73 "https://holyspiritministrysatx.com/wp-admin/" "Mozilla/5.0 (Windows NT 10.0; Win64; x64) AppleWebKit/537.36 (KHTML, like Gecko) Chrome/90.0.4430.85 Safari/537.36"
98.159.37.125 - - [29/Dec/2025:08:32:55 -0800] "POST /admin HTTP/1.1" 200 73 "https://holyspiritministrysatx.com/wp-admin/" "Mozilla/5.0 (Windows NT 10.0; Win64; x64) AppleWebKit/537.36 (KHTML, like Gecko) Chrome/90.0.4430.85 Safari/537.36"
98.159.37.122 - - [29/Dec/2025:08:32:59 -0800] "POST /wp-login.php HTTP/1.1" 200 73 "https://holyspiritministrysatx.com/wp-admin/" "Mozilla/5.0 (Windows NT 10.0; Win64; x64) AppleWebKit/537.36 (KHTML, like Gecko) Chrome/90.0.4430.85 Safari/537.36"
98.159.37.122 - - [29/Dec/2025:08:32:59 -0800] "POST /admin HTTP/1.1" 200 73 "https://holyspiritministrysatx.com/wp-admin/" "Mozilla/5.0 (Windows NT 10.0; Win64; x64) AppleWebKit/537.36 (KHTML, like Gecko) Chrome/90.0.4430.85 Safari/537.36"
98.159.37.134 - - [29/Dec/2025:08:33:07 -0800] "POST /wp-login.php HTTP/1.1" 200 73 "https://holyspiritministrysatx.com/wp-admin/" "Mozilla/5.0 (Windows NT 10.0; Win64; x64) AppleWebKit/537.36 (KHTML, like Gecko) Chrome/90.0.4430.85 Safari/537.36"
98.159.37.134 - - [29/Dec/2025:08:33:07 -0800] "POST /admin HTTP/1.1" 200 73 "https://holyspiritministrysatx.com/wp-admin/" "Mozilla/5.0 (Windows NT 10.0; Win64; x64) AppleWebKit/537.36 (KHTML, like Gecko) Chrome/90.0.4430.85 Safari/537.36"
98.159.37.116 - - [29/Dec/2025:08:33:13 -0800] "POST /wp-login.php HTTP/1.1" 200 73 "https://holyspiritministrysatx.com/wp-admin/" "Mozilla/5.0 (Windows NT 10.0; Win64; x64) AppleWebKit/537.36 (KHTML, like Gecko) Chrome/90.0.4430.85 Safari/537.36"
98.159.37.116 - - [29/Dec/2025:08:33:13 -0800] "POST /admin HTTP/1.1" 200 73 "https://holyspiritministrysatx.com/wp-admin/" "Mozilla/5.0 (Windows NT 10.0; Win64; x64) AppleWebKit/537.36 (KHTML, like Gecko) Chrome/90.0.4430.85 Safari/537.36"
216.73.216.46 - - [29/Dec/2025:08:33:26 -0800] "GET /wp-includes/Requests/library HTTP/1.1" 301 312 "-" "Mozilla/5.0 AppleWebKit/537.36 (KHTML, like Gecko; compatible; ClaudeBot/1.0; +claudebot@anthropic.com)"
216.73.216.46 - - [29/Dec/2025:08:33:26 -0800] "GET /wp-includes/IXR HTTP/1.1" 301 299 "-" "Mozilla/5.0 AppleWebKit/537.36 (KHTML, like Gecko; compatible; ClaudeBot/1.0; +claudebot@anthropic.com)"
216.73.216.46 - - [29/Dec/2025:08:33:26 -0800] "GET /wp-includes/Requests/library/ HTTP/1.1" 200 1058 "https://holyspiritministrysatx.com/wp-includes/Requests/library" "Mozilla/5.0 AppleWebKit/537.36 (KHTML, like Gecko; compatible; ClaudeBot/1.0; +claudebot@anthropic.com)"
216.73.216.46 - - [29/Dec/2025:08:33:26 -0800] "GET /wp-includes/IXR/ HTTP/1.1" 200 2745 "https://holyspiritministrysatx.com/wp-includes/IXR" "Mozilla/5.0 AppleWebKit/537.36 (KHTML, like Gecko; compatible; ClaudeBot/1.0; +claudebot@anthropic.com)"
216.73.216.46 - - [29/Dec/2025:08:33:26 -0800] "GET /wp-includes/theme-compat HTTP/1.1" 301 308 "-" "Mozilla/5.0 AppleWebKit/537.36 (KHTML, like Gecko; compatible; ClaudeBot/1.0; +claudebot@anthropic.com)"
216.73.216.46 - - [29/Dec/2025:08:33:26 -0800] "GET /wp-includes/theme-compat/ HTTP/1.1" 200 2492 "https://holyspiritministrysatx.com/wp-includes/theme-compat" "Mozilla/5.0 AppleWebKit/537.36 (KHTML, like Gecko; compatible; ClaudeBot/1.0; +claudebot@anthropic.com)"
216.73.216.46 - - [29/Dec/2025:08:33:27 -0800] "GET /wp-includes/PHPMailer/Exception.php HTTP/1.1" 200 20 "-" "Mozilla/5.0 AppleWebKit/537.36 (KHTML, like Gecko; compatible; ClaudeBot/1.0; +claudebot@anthropic.com)"
216.73.216.46 - - [29/Dec/2025:08:33:27 -0800] "GET /wp-includes/class-wp-site-query.php HTTP/1.1" 200 20 "-" "Mozilla/5.0 AppleWebKit/537.36 (KHTML, like Gecko; compatible; ClaudeBot/1.0; +claudebot@anthropic.com)"
216.73.216.46 - - [29/Dec/2025:08:33:28 -0800] "GET /wp-includes/block-supports/generated-classname.php HTTP/1.1" 500 20 "-" "Mozilla/5.0 AppleWebKit/537.36 (KHTML, like Gecko; compatible; ClaudeBot/1.0; +claudebot@anthropic.com)"
216.73.216.46 - - [29/Dec/2025:08:33:28 -0800] "GET /wp-includes/js/utils.js HTTP/1.1" 200 4665 "-" "Mozilla/5.0 AppleWebKit/537.36 (KHTML, like Gecko; compatible; ClaudeBot/1.0; +claudebot@anthropic.com)"
216.73.216.46 - - [29/Dec/2025:08:33:29 -0800] "GET /wp-includes/block-supports/border.php HTTP/1.1" 500 20 "-" "Mozilla/5.0 AppleWebKit/537.36 (KHTML, like Gecko; compatible; ClaudeBot/1.0; +claudebot@anthropic.com)"
216.73.216.46 - - [29/Dec/2025:08:33:29 -0800] "GET /wp-includes/css/dist HTTP/1.1" 301 304 "-" "Mozilla/5.0 AppleWebKit/537.36 (KHTML, like Gecko; compatible; ClaudeBot/1.0; +claudebot@anthropic.com)"
216.73.216.46 - - [29/Dec/2025:08:33:29 -0800] "GET /wp-includes/css/dist/ HTTP/1.1" 200 4273 "https://holyspiritministrysatx.com/wp-includes/css/dist" "Mozilla/5.0 AppleWebKit/537.36 (KHTML, like Gecko; compatible; ClaudeBot/1.0; +claudebot@anthropic.com)"
216.73.216.46 - - [29/Dec/2025:08:33:30 -0800] "GET /wp-includes/locale.php HTTP/1.1" 500 20 "-" "Mozilla/5.0 AppleWebKit/537.36 (KHTML, like Gecko; compatible; ClaudeBot/1.0; +claudebot@anthropic.com)"
216.73.216.46 - - [29/Dec/2025:08:33:31 -0800] "GET /wp-includes/widgets/class-wp-widget-search.php HTTP/1.1" 500 20 "-" "Mozilla/5.0 AppleWebKit/537.36 (KHTML, like Gecko; compatible; ClaudeBot/1.0; +claudebot@anthropic.com)"
216.24.210.57 - - [29/Dec/2025:08:33:31 -0800] "POST /admin HTTP/1.1" 200 73 "https://holyspiritministrysatx.com/wp-admin/" "Mozilla/5.0 (Windows NT 10.0; Win64; x64) AppleWebKit/537.36 (KHTML, like Gecko) Chrome/90.0.4430.85 Safari/537.36"
216.73.216.46 - - [29/Dec/2025:08:33:32 -0800] "GET /wp-includes/css/jquery-ui-dialog.css HTTP/1.1" 200 5877 "-" "Mozilla/5.0 AppleWebKit/537.36 (KHTML, like Gecko; compatible; ClaudeBot/1.0; +claudebot@anthropic.com)"
216.73.216.46 - - [29/Dec/2025:08:33:33 -0800] "GET /wp-includes/customize/class-wp-sidebar-block-editor-control.php HTTP/1.1" 500 20 "-" "Mozilla/5.0 AppleWebKit/537.36 (KHTML, like Gecko; compatible; ClaudeBot/1.0; +claudebot@anthropic.com)"
216.73.216.46 - - [29/Dec/2025:08:33:33 -0800] "GET /wp-includes/css/wp-embed-template-ie.css HTTP/1.1" 200 33 "-" "Mozilla/5.0 AppleWebKit/537.36 (KHTML, like Gecko; compatible; ClaudeBot/1.0; +claudebot@anthropic.com)"
216.73.216.46 - - [29/Dec/2025:08:33:33 -0800] "GET /wp-includes/ms-files.php HTTP/1.1" 200 73 "-" "Mozilla/5.0 AppleWebKit/537.36 (KHTML, like Gecko; compatible; ClaudeBot/1.0; +claudebot@anthropic.com)"
216.73.216.46 - - [29/Dec/2025:08:33:34 -0800] "GET /wp-includes/customize/class-wp-customize-new-menu-section.php HTTP/1.1" 500 20 "-" "Mozilla/5.0 AppleWebKit/537.36 (KHTML, like Gecko; compatible; ClaudeBot/1.0; +claudebot@anthropic.com)"
216.73.216.46 - - [29/Dec/2025:08:33:35 -0800] "GET /wp-includes/class-wp-metadata-lazyloader.php HTTP/1.1" 200 20 "-" "Mozilla/5.0 AppleWebKit/537.36 (KHTML, like Gecko; compatible; ClaudeBot/1.0; +claudebot@anthropic.com)"
216.73.216.46 - - [29/Dec/2025:08:33:35 -0800] "GET /wp-includes/css/customize-preview-rtl.min.css HTTP/1.1" 200 2875 "-" "Mozilla/5.0 AppleWebKit/537.36 (KHTML, like Gecko; compatible; ClaudeBot/1.0; +claudebot@anthropic.com)"
216.73.216.46 - - [29/Dec/2025:08:33:35 -0800] "GET /wp-includes/default-filters.php HTTP/1.1" 200 22 "-" "Mozilla/5.0 AppleWebKit/537.36 (KHTML, like Gecko; compatible; ClaudeBot/1.0; +claudebot@anthropic.com)"
216.73.216.46 - - [29/Dec/2025:08:33:36 -0800] "GET /wp-includes/widgets/class-wp-widget-pages.php HTTP/1.1" 500 20 "-" "Mozilla/5.0 AppleWebKit/537.36 (KHTML, like Gecko; compatible; ClaudeBot/1.0; +claudebot@anthropic.com)"
216.73.216.46 - - [29/Dec/2025:08:33:36 -0800] "GET /wp-includes/customize/class-wp-customize-nav-menu-control.php HTTP/1.1" 500 20 "-" "Mozilla/5.0 AppleWebKit/537.36 (KHTML, like Gecko; compatible; ClaudeBot/1.0; +claudebot@anthropic.com)"
216.73.216.46 - - [29/Dec/2025:08:33:38 -0800] "GET /wp-includes/spl-autoload-compat.php HTTP/1.1" 500 20 "-" "Mozilla/5.0 AppleWebKit/537.36 (KHTML, like Gecko; compatible; ClaudeBot/1.0; +claudebot@anthropic.com)"
216.73.216.46 - - [29/Dec/2025:08:33:38 -0800] "GET /wp-includes/class-wp-phpmailer.php HTTP/1.1" 500 20 "-" "Mozilla/5.0 AppleWebKit/537.36 (KHTML, like Gecko; compatible; ClaudeBot/1.0; +claudebot@anthropic.com)"
216.73.216.46 - - [29/Dec/2025:08:33:39 -0800] "GET /wp-includes/abilities-api/class-wp-abilities-registry.php HTTP/1.1" 200 20 "-" "Mozilla/5.0 AppleWebKit/537.36 (KHTML, like Gecko; compatible; ClaudeBot/1.0; +claudebot@anthropic.com)"
216.73.216.46 - - [29/Dec/2025:08:33:39 -0800] "GET /wp-includes/customize/class-wp-widget-area-customize-control.php HTTP/1.1" 500 20 "-" "Mozilla/5.0 AppleWebKit/537.36 (KHTML, like Gecko; compatible; ClaudeBot/1.0; +claudebot@anthropic.com)"
216.73.216.46 - - [29/Dec/2025:08:33:40 -0800] "GET /wp-includes/block-supports/align.php HTTP/1.1" 500 20 "-" "Mozilla/5.0 AppleWebKit/537.36 (KHTML, like Gecko; compatible; ClaudeBot/1.0; +claudebot@anthropic.com)"
216.73.216.46 - - [29/Dec/2025:08:33:45 -0800] "GET /wp-includes/css/admin-bar-rtl.min.css HTTP/1.1" 200 20126 "-" "Mozilla/5.0 AppleWebKit/537.36 (KHTML, like Gecko; compatible; ClaudeBot/1.0; +claudebot@anthropic.com)"
98.159.37.134 - - [29/Dec/2025:08:33:48 -0800] "POST /wp-login.php HTTP/1.1" 200 73 "https://holyspiritministrysatx.com/wp-admin/" "Mozilla/5.0 (Windows NT 10.0; Win64; x64) AppleWebKit/537.36 (KHTML, like Gecko) Chrome/90.0.4430.85 Safari/537.36"
98.159.37.134 - - [29/Dec/2025:08:33:48 -0800] "POST /admin HTTP/1.1" 200 73 "https://holyspiritministrysatx.com/wp-admin/" "Mozilla/5.0 (Windows NT 10.0; Win64; x64) AppleWebKit/537.36 (KHTML, like Gecko) Chrome/90.0.4430.85 Safari/537.36"
216.73.216.46 - - [29/Dec/2025:08:33:49 -0800] "GET /wp-includes/block-supports/layout.php HTTP/1.1" 500 20 "-" "Mozilla/5.0 AppleWebKit/537.36 (KHTML, like Gecko; compatible; ClaudeBot/1.0; +claudebot@anthropic.com)"
173.239.218.169 - - [29/Dec/2025:08:33:52 -0800] "POST /wp-login.php HTTP/1.1" 200 73 "https://holyspiritministrysatx.com/wp-admin/" "Mozilla/5.0 (Windows NT 10.0; Win64; x64) AppleWebKit/537.36 (KHTML, like Gecko) Chrome/90.0.4430.85 Safari/537.36"
173.239.218.169 - - [29/Dec/2025:08:33:52 -0800] "POST /admin HTTP/1.1" 200 73 "https://holyspiritministrysatx.com/wp-admin/" "Mozilla/5.0 (Windows NT 10.0; Win64; x64) AppleWebKit/537.36 (KHTML, like Gecko) Chrome/90.0.4430.85 Safari/537.36"
216.73.216.46 - - [29/Dec/2025:08:33:54 -0800] "GET /wp-includes/widgets/class-wp-widget-archives.php HTTP/1.1" 500 20 "-" "Mozilla/5.0 AppleWebKit/537.36 (KHTML, like Gecko; compatible; ClaudeBot/1.0; +claudebot@anthropic.com)"
216.73.216.46 - - [29/Dec/2025:08:33:55 -0800] "GET /wp-includes/rest-api/search HTTP/1.1" 301 311 "-" "Mozilla/5.0 AppleWebKit/537.36 (KHTML, like Gecko; compatible; ClaudeBot/1.0; +claudebot@anthropic.com)"
216.73.216.46 - - [29/Dec/2025:08:33:55 -0800] "GET /wp-includes/rest-api/search/ HTTP/1.1" 200 1709 "https://holyspiritministrysatx.com/wp-includes/rest-api/search" "Mozilla/5.0 AppleWebKit/537.36 (KHTML, like Gecko; compatible; ClaudeBot/1.0; +claudebot@anthropic.com)"
173.239.218.170 - - [29/Dec/2025:08:34:00 -0800] "POST /wp-login.php HTTP/1.1" 200 73 "https://holyspiritministrysatx.com/wp-admin/" "Mozilla/5.0 (Windows NT 10.0; Win64; x64) AppleWebKit/537.36 (KHTML, like Gecko) Chrome/90.0.4430.85 Safari/537.36"
