216.73.216.46 - - [29/Dec/2025:06:22:09 -0800] "GET /sitemap15.xml HTTP/1.1" 200 4179 "-" "Mozilla/5.0 AppleWebKit/537.36 (KHTML, like Gecko; compatible; ClaudeBot/1.0; +claudebot@anthropic.com)"
216.73.216.46 - - [29/Dec/2025:06:22:10 -0800] "GET /sitemap877.xml HTTP/1.1" 200 4159 "-" "Mozilla/5.0 AppleWebKit/537.36 (KHTML, like Gecko; compatible; ClaudeBot/1.0; +claudebot@anthropic.com)"
216.73.216.46 - - [29/Dec/2025:06:22:20 -0800] "GET /sitemap206.xml HTTP/1.1" 200 4190 "-" "Mozilla/5.0 AppleWebKit/537.36 (KHTML, like Gecko; compatible; ClaudeBot/1.0; +claudebot@anthropic.com)"
216.73.216.46 - - [29/Dec/2025:06:22:21 -0800] "GET /sitemap351.xml HTTP/1.1" 200 4194 "-" "Mozilla/5.0 AppleWebKit/537.36 (KHTML, like Gecko; compatible; ClaudeBot/1.0; +claudebot@anthropic.com)"
216.73.216.46 - - [29/Dec/2025:06:22:21 -0800] "GET /sitemap991.xml HTTP/1.1" 200 4157 "-" "Mozilla/5.0 AppleWebKit/537.36 (KHTML, like Gecko; compatible; ClaudeBot/1.0; +claudebot@anthropic.com)"
216.73.216.46 - - [29/Dec/2025:06:22:22 -0800] "GET /sitemap576.xml HTTP/1.1" 200 4188 "-" "Mozilla/5.0 AppleWebKit/537.36 (KHTML, like Gecko; compatible; ClaudeBot/1.0; +claudebot@anthropic.com)"
66.249.65.32 - - [29/Dec/2025:06:22:22 -0800] "GET /?special=1444525184 HTTP/1.1" 200 24546 "-" "Mozilla/5.0 (Linux; Android 6.0.1; Nexus 5X Build/MMB29P) AppleWebKit/537.36 (KHTML, like Gecko) Chrome/141.0.7390.122 Mobile Safari/537.36 (compatible; Googlebot/2.1; +http://www.google.com/bot.html)"
216.73.216.46 - - [29/Dec/2025:06:22:22 -0800] "GET /sitemap227.xml HTTP/1.1" 200 4193 "-" "Mozilla/5.0 AppleWebKit/537.36 (KHTML, like Gecko; compatible; ClaudeBot/1.0; +claudebot@anthropic.com)"
216.73.216.46 - - [29/Dec/2025:06:22:52 -0800] "GET /sitemap200.xml HTTP/1.1" 200 4188 "-" "Mozilla/5.0 AppleWebKit/537.36 (KHTML, like Gecko; compatible; ClaudeBot/1.0; +claudebot@anthropic.com)"
216.73.216.46 - - [29/Dec/2025:06:22:53 -0800] "GET /sitemap436.xml HTTP/1.1" 200 4190 "-" "Mozilla/5.0 AppleWebKit/537.36 (KHTML, like Gecko; compatible; ClaudeBot/1.0; +claudebot@anthropic.com)"
216.73.216.46 - - [29/Dec/2025:06:22:56 -0800] "GET /sitemap113.xml HTTP/1.1" 200 4193 "-" "Mozilla/5.0 AppleWebKit/537.36 (KHTML, like Gecko; compatible; ClaudeBot/1.0; +claudebot@anthropic.com)"
216.73.216.46 - - [29/Dec/2025:06:22:56 -0800] "GET /sitemap516.xml HTTP/1.1" 200 4200 "-" "Mozilla/5.0 AppleWebKit/537.36 (KHTML, like Gecko; compatible; ClaudeBot/1.0; +claudebot@anthropic.com)"
216.73.216.46 - - [29/Dec/2025:06:22:58 -0800] "GET /sitemap734.xml HTTP/1.1" 200 4174 "-" "Mozilla/5.0 AppleWebKit/537.36 (KHTML, like Gecko; compatible; ClaudeBot/1.0; +claudebot@anthropic.com)"
66.249.74.70 - - [29/Dec/2025:06:24:02 -0800] "GET /robots.txt HTTP/1.1" 200 316 "-" "Mozilla/5.0 (compatible; Googlebot/2.1; +http://www.google.com/bot.html)"
66.249.74.69 - - [29/Dec/2025:06:24:02 -0800] "GET /shop/trigonometria/delinquency9877750948.html HTTP/1.1" 200 24469 "-" "Mozilla/5.0 (Linux; Android 6.0.1; Nexus 5X Build/MMB29P) AppleWebKit/537.36 (KHTML, like Gecko) Chrome/141.0.7390.122 Mobile Safari/537.36 (compatible; GoogleOther)"
66.249.65.33 - - [29/Dec/2025:06:26:09 -0800] "GET /ammika.php?n=27469178643 HTTP/1.1" 200 26196 "-" "Mozilla/5.0 (Linux; Android 6.0.1; Nexus 5X Build/MMB29P) AppleWebKit/537.36 (KHTML, like Gecko) Chrome/141.0.7390.122 Mobile Safari/537.36 (compatible; GoogleOther)"
66.249.65.32 - - [29/Dec/2025:06:26:31 -0800] "GET /saiga.php?sitemap392.xml HTTP/1.1" 200 14109 "-" "Mozilla/5.0 (compatible; Googlebot/2.1; +http://www.google.com/bot.html)"
66.249.65.46 - - [29/Dec/2025:06:26:36 -0800] "GET /ammika.php?k=48058213689 HTTP/1.1" 200 25649 "-" "Mozilla/5.0 (Linux; Android 6.0.1; Nexus 5X Build/MMB29P) AppleWebKit/537.36 (KHTML, like Gecko) Chrome/141.0.7390.122 Mobile Safari/537.36 (compatible; GoogleOther)"
66.249.65.32 - - [29/Dec/2025:06:27:25 -0800] "GET /ammika.php?sitemap954.xml HTTP/1.1" 200 19786 "-" "Mozilla/5.0 (compatible; Googlebot/2.1; +http://www.google.com/bot.html)"
66.249.65.33 - - [29/Dec/2025:06:28:40 -0800] "GET /ammika.php?x=6419141590 HTTP/1.1" 200 26390 "-" "Mozilla/5.0 (Linux; Android 6.0.1; Nexus 5X Build/MMB29P) AppleWebKit/537.36 (KHTML, like Gecko) Chrome/141.0.7390.122 Mobile Safari/537.36 (compatible; GoogleOther)"
114.119.150.190 - - [29/Dec/2025:06:29:06 -0800] "GET /?b=8048958218fa7a HTTP/1.1" 200 73 "https://holyspiritministrysatx.com/?b=8048958218fa7a" "Mozilla/5.0 (Linux; Android 7.0;) AppleWebKit/537.36 (KHTML, like Gecko) Mobile Safari/537.36 (compatible; PetalBot;+https://webmaster.petalsearch.com/site/petalbot)"
66.249.65.33 - - [29/Dec/2025:06:29:06 -0800] "GET /ammika.php?h=3029739358 HTTP/1.1" 200 25026 "-" "Mozilla/5.0 (Linux; Android 6.0.1; Nexus 5X Build/MMB29P) AppleWebKit/537.36 (KHTML, like Gecko) Chrome/141.0.7390.122 Mobile Safari/537.36 (compatible; GoogleOther)"
66.249.65.33 - - [29/Dec/2025:06:30:01 -0800] "GET /ammika.php?x=64191164601 HTTP/1.1" 200 26092 "-" "Mozilla/5.0 (Linux; Android 6.0.1; Nexus 5X Build/MMB29P) AppleWebKit/537.36 (KHTML, like Gecko) Chrome/141.0.7390.122 Mobile Safari/537.36 (compatible; GoogleOther)"
114.119.134.146 - - [29/Dec/2025:06:30:21 -0800] "GET /?b=200224306114adc HTTP/1.1" 200 73 "https://holyspiritministrysatx.com/?b=200224306114adc" "Mozilla/5.0 (Linux; Android 7.0;) AppleWebKit/537.36 (KHTML, like Gecko) Mobile Safari/537.36 (compatible; PetalBot;+https://webmaster.petalsearch.com/site/petalbot)"
66.249.74.69 - - [29/Dec/2025:06:31:00 -0800] "GET /?special=1985520384 HTTP/1.1" 200 24760 "-" "Mozilla/5.0 (Linux; Android 6.0.1; Nexus 5X Build/MMB29P) AppleWebKit/537.36 (KHTML, like Gecko) Chrome/141.0.7390.122 Mobile Safari/537.36 (compatible; Googlebot/2.1; +http://www.google.com/bot.html)"
66.249.65.32 - - [29/Dec/2025:06:31:06 -0800] "GET /?special=1446371648 HTTP/1.1" 200 24549 "-" "Mozilla/5.0 (Linux; Android 6.0.1; Nexus 5X Build/MMB29P) AppleWebKit/537.36 (KHTML, like Gecko) Chrome/141.0.7390.122 Mobile Safari/537.36 (compatible; GoogleOther)"
66.249.65.46 - - [29/Dec/2025:06:31:28 -0800] "GET /ammika.php?sitemap911.xml HTTP/1.1" 200 19656 "-" "Mozilla/5.0 (compatible; Googlebot/2.1; +http://www.google.com/bot.html)"
114.119.148.160 - - [29/Dec/2025:06:31:51 -0800] "GET /?b=17854135b82b85 HTTP/1.1" 200 73 "https://holyspiritministrysatx.com/?b=17854135b82b85" "Mozilla/5.0 (Linux; Android 7.0;) AppleWebKit/537.36 (KHTML, like Gecko) Mobile Safari/537.36 (compatible; PetalBot;+https://webmaster.petalsearch.com/site/petalbot)"
123.108.251.2 - - [29/Dec/2025:06:31:52 -0800] "GET /home-green-tomatoes/ HTTP/1.1" 200 73 "-" "chrome"
66.249.65.33 - - [29/Dec/2025:06:32:04 -0800] "GET /ammika.php?sitemap949.xml HTTP/1.1" 200 19745 "-" "Mozilla/5.0 (compatible; Googlebot/2.1; +http://www.google.com/bot.html)"
216.73.216.46 - - [29/Dec/2025:06:32:05 -0800] "GET /wp-includes/script-loader.php HTTP/1.1" 500 20 "-" "Mozilla/5.0 AppleWebKit/537.36 (KHTML, like Gecko; compatible; ClaudeBot/1.0; +claudebot@anthropic.com)"
216.73.216.46 - - [29/Dec/2025:06:32:06 -0800] "GET /wp-includes/plugin.php HTTP/1.1" 200 20 "-" "Mozilla/5.0 AppleWebKit/537.36 (KHTML, like Gecko; compatible; ClaudeBot/1.0; +claudebot@anthropic.com)"
216.73.216.46 - - [29/Dec/2025:06:32:06 -0800] "GET /wp-includes/https-detection.php HTTP/1.1" 200 20 "-" "Mozilla/5.0 AppleWebKit/537.36 (KHTML, like Gecko; compatible; ClaudeBot/1.0; +claudebot@anthropic.com)"
216.73.216.46 - - [29/Dec/2025:06:32:07 -0800] "GET /wp-includes/https-migration.php HTTP/1.1" 200 20 "-" "Mozilla/5.0 AppleWebKit/537.36 (KHTML, like Gecko; compatible; ClaudeBot/1.0; +claudebot@anthropic.com)"
66.249.65.46 - - [29/Dec/2025:06:32:50 -0800] "GET /saiga.php?sitemap40.xml HTTP/1.1" 200 14099 "-" "Mozilla/5.0 (compatible; Googlebot/2.1; +http://www.google.com/bot.html)"
216.73.216.46 - - [29/Dec/2025:06:32:52 -0800] "GET /wp-includes/interactivity-api HTTP/1.1" 301 313 "-" "Mozilla/5.0 AppleWebKit/537.36 (KHTML, like Gecko; compatible; ClaudeBot/1.0; +claudebot@anthropic.com)"
216.73.216.46 - - [29/Dec/2025:06:32:52 -0800] "GET /wp-includes/http.php HTTP/1.1" 200 20 "-" "Mozilla/5.0 AppleWebKit/537.36 (KHTML, like Gecko; compatible; ClaudeBot/1.0; +claudebot@anthropic.com)"
216.73.216.46 - - [29/Dec/2025:06:32:53 -0800] "GET /wp-includes/interactivity-api/ HTTP/1.1" 200 1493 "https://holyspiritministrysatx.com/wp-includes/interactivity-api" "Mozilla/5.0 AppleWebKit/537.36 (KHTML, like Gecko; compatible; ClaudeBot/1.0; +claudebot@anthropic.com)"
216.73.216.46 - - [29/Dec/2025:06:32:53 -0800] "GET /wp-includes/wp-diff.php HTTP/1.1" 200 22 "-" "Mozilla/5.0 AppleWebKit/537.36 (KHTML, like Gecko; compatible; ClaudeBot/1.0; +claudebot@anthropic.com)"
216.73.216.46 - - [29/Dec/2025:06:32:54 -0800] "GET /wp-includes/script-modules.php HTTP/1.1" 200 20 "-" "Mozilla/5.0 AppleWebKit/537.36 (KHTML, like Gecko; compatible; ClaudeBot/1.0; +claudebot@anthropic.com)"
66.249.65.46 - - [29/Dec/2025:06:33:35 -0800] "GET /ammika.php?x=6419127799 HTTP/1.1" 200 24922 "-" "Mozilla/5.0 (Linux; Android 6.0.1; Nexus 5X Build/MMB29P) AppleWebKit/537.36 (KHTML, like Gecko) Chrome/141.0.7390.122 Mobile Safari/537.36 (compatible; GoogleOther)"
216.73.216.46 - - [29/Dec/2025:06:33:43 -0800] "GET /wp-includes/class-wp-dependency.php HTTP/1.1" 200 20 "-" "Mozilla/5.0 AppleWebKit/537.36 (KHTML, like Gecko; compatible; ClaudeBot/1.0; +claudebot@anthropic.com)"
216.73.216.46 - - [29/Dec/2025:06:33:44 -0800] "GET /wp-includes/feed.php HTTP/1.1" 200 20 "-" "Mozilla/5.0 AppleWebKit/537.36 (KHTML, like Gecko; compatible; ClaudeBot/1.0; +claudebot@anthropic.com)"
216.73.216.46 - - [29/Dec/2025:06:33:45 -0800] "GET /wp-includes/comment-template.php HTTP/1.1" 200 20 "-" "Mozilla/5.0 AppleWebKit/537.36 (KHTML, like Gecko; compatible; ClaudeBot/1.0; +claudebot@anthropic.com)"
216.73.216.46 - - [29/Dec/2025:06:33:46 -0800] "GET /wp-includes/class-wp-user-request.php HTTP/1.1" 200 20 "-" "Mozilla/5.0 AppleWebKit/537.36 (KHTML, like Gecko; compatible; ClaudeBot/1.0; +claudebot@anthropic.com)"
216.73.216.46 - - [29/Dec/2025:06:34:27 -0800] "GET /wp-includes/rest-api.php HTTP/1.1" 200 20 "-" "Mozilla/5.0 AppleWebKit/537.36 (KHTML, like Gecko; compatible; ClaudeBot/1.0; +claudebot@anthropic.com)"
216.73.216.46 - - [29/Dec/2025:06:34:28 -0800] "GET /wp-includes/class-wp-comment.php HTTP/1.1" 200 20 "-" "Mozilla/5.0 AppleWebKit/537.36 (KHTML, like Gecko; compatible; ClaudeBot/1.0; +claudebot@anthropic.com)"
216.73.216.46 - - [29/Dec/2025:06:34:29 -0800] "GET /wp-includes/class-wp-image-editor.php HTTP/1.1" 200 20 "-" "Mozilla/5.0 AppleWebKit/537.36 (KHTML, like Gecko; compatible; ClaudeBot/1.0; +claudebot@anthropic.com)"
66.249.65.33 - - [29/Dec/2025:06:34:29 -0800] "GET /ammika.php?x=64191185493 HTTP/1.1" 200 25187 "-" "Mozilla/5.0 (Linux; Android 6.0.1; Nexus 5X Build/MMB29P) AppleWebKit/537.36 (KHTML, like Gecko) Chrome/141.0.7390.122 Mobile Safari/537.36 (compatible; GoogleOther)"
216.73.216.46 - - [29/Dec/2025:06:34:30 -0800] "GET /wp-includes/class-wp-theme-json-resolver.php HTTP/1.1" 200 20 "-" "Mozilla/5.0 AppleWebKit/537.36 (KHTML, like Gecko; compatible; ClaudeBot/1.0; +claudebot@anthropic.com)"
216.73.216.46 - - [29/Dec/2025:06:35:25 -0800] "GET /wp-includes/style-engine.php HTTP/1.1" 200 20 "-" "Mozilla/5.0 AppleWebKit/537.36 (KHTML, like Gecko; compatible; ClaudeBot/1.0; +claudebot@anthropic.com)"
216.73.216.46 - - [29/Dec/2025:06:35:26 -0800] "GET /wp-includes/class-wp-post-type.php HTTP/1.1" 200 20 "-" "Mozilla/5.0 AppleWebKit/537.36 (KHTML, like Gecko; compatible; ClaudeBot/1.0; +claudebot@anthropic.com)"
216.73.216.46 - - [29/Dec/2025:06:35:28 -0800] "GET /wp-includes/class-wp-network.php HTTP/1.1" 200 20 "-" "Mozilla/5.0 AppleWebKit/537.36 (KHTML, like Gecko; compatible; ClaudeBot/1.0; +claudebot@anthropic.com)"
216.73.216.46 - - [29/Dec/2025:06:35:32 -0800] "GET /sitemap366.xml HTTP/1.1" 200 4194 "-" "Mozilla/5.0 AppleWebKit/537.36 (KHTML, like Gecko; compatible; ClaudeBot/1.0; +claudebot@anthropic.com)"
216.73.216.46 - - [29/Dec/2025:06:35:33 -0800] "GET /sitemap465.xml HTTP/1.1" 200 4196 "-" "Mozilla/5.0 AppleWebKit/537.36 (KHTML, like Gecko; compatible; ClaudeBot/1.0; +claudebot@anthropic.com)"
216.73.216.46 - - [29/Dec/2025:06:35:35 -0800] "GET /wp-includes/class-wp-block-parser-block.php HTTP/1.1" 200 20 "-" "Mozilla/5.0 AppleWebKit/537.36 (KHTML, like Gecko; compatible; ClaudeBot/1.0; +claudebot@anthropic.com)"
216.73.216.46 - - [29/Dec/2025:06:36:11 -0800] "GET /sitemap663.xml HTTP/1.1" 200 4194 "-" "Mozilla/5.0 AppleWebKit/537.36 (KHTML, like Gecko; compatible; ClaudeBot/1.0; +claudebot@anthropic.com)"
216.73.216.46 - - [29/Dec/2025:06:36:12 -0800] "GET /sitemap239.xml HTTP/1.1" 200 4192 "-" "Mozilla/5.0 AppleWebKit/537.36 (KHTML, like Gecko; compatible; ClaudeBot/1.0; +claudebot@anthropic.com)"
216.73.216.46 - - [29/Dec/2025:06:36:13 -0800] "GET /sitemap4.xml HTTP/1.1" 200 4177 "-" "Mozilla/5.0 AppleWebKit/537.36 (KHTML, like Gecko; compatible; ClaudeBot/1.0; +claudebot@anthropic.com)"
66.249.65.46 - - [29/Dec/2025:06:36:34 -0800] "GET /ammika.php?x=6419113739 HTTP/1.1" 200 24817 "-" "Mozilla/5.0 (Linux; Android 6.0.1; Nexus 5X Build/MMB29P) AppleWebKit/537.36 (KHTML, like Gecko) Chrome/141.0.7390.122 Mobile Safari/537.36 (compatible; GoogleOther)"
216.73.216.46 - - [29/Dec/2025:06:36:54 -0800] "GET /sitemap233.xml HTTP/1.1" 200 4191 "-" "Mozilla/5.0 AppleWebKit/537.36 (KHTML, like Gecko; compatible; ClaudeBot/1.0; +claudebot@anthropic.com)"
66.249.65.32 - - [29/Dec/2025:06:36:54 -0800] "GET /?special=1444632384 HTTP/1.1" 200 24983 "-" "Mozilla/5.0 (Linux; Android 6.0.1; Nexus 5X Build/MMB29P) AppleWebKit/537.36 (KHTML, like Gecko) Chrome/141.0.7390.122 Mobile Safari/537.36 (compatible; Googlebot/2.1; +http://www.google.com/bot.html)"
216.73.216.46 - - [29/Dec/2025:06:36:55 -0800] "GET /sitemap55.xml HTTP/1.1" 200 4187 "-" "Mozilla/5.0 AppleWebKit/537.36 (KHTML, like Gecko; compatible; ClaudeBot/1.0; +claudebot@anthropic.com)"
216.73.216.46 - - [29/Dec/2025:06:36:55 -0800] "GET /sitemap37.xml HTTP/1.1" 200 4186 "-" "Mozilla/5.0 AppleWebKit/537.36 (KHTML, like Gecko; compatible; ClaudeBot/1.0; +claudebot@anthropic.com)"
66.249.65.32 - - [29/Dec/2025:06:36:56 -0800] "GET /saiga.php?sitemap191.xml HTTP/1.1" 200 14103 "-" "Mozilla/5.0 (compatible; Googlebot/2.1; +http://www.google.com/bot.html)"
216.73.216.46 - - [29/Dec/2025:06:37:26 -0800] "GET /sitemap730.xml HTTP/1.1" 200 4176 "-" "Mozilla/5.0 AppleWebKit/537.36 (KHTML, like Gecko; compatible; ClaudeBot/1.0; +claudebot@anthropic.com)"
216.73.216.46 - - [29/Dec/2025:06:37:27 -0800] "GET /sitemap412.xml HTTP/1.1" 200 4198 "-" "Mozilla/5.0 AppleWebKit/537.36 (KHTML, like Gecko; compatible; ClaudeBot/1.0; +claudebot@anthropic.com)"
216.73.216.46 - - [29/Dec/2025:06:37:30 -0800] "GET /sitemap352.xml HTTP/1.1" 200 4192 "-" "Mozilla/5.0 AppleWebKit/537.36 (KHTML, like Gecko; compatible; ClaudeBot/1.0; +claudebot@anthropic.com)"
216.73.216.46 - - [29/Dec/2025:06:37:41 -0800] "GET /sitemap419.xml HTTP/1.1" 200 4195 "-" "Mozilla/5.0 AppleWebKit/537.36 (KHTML, like Gecko; compatible; ClaudeBot/1.0; +claudebot@anthropic.com)"
216.73.216.46 - - [29/Dec/2025:06:37:42 -0800] "GET /sitemap378.xml HTTP/1.1" 200 4192 "-" "Mozilla/5.0 AppleWebKit/537.36 (KHTML, like Gecko; compatible; ClaudeBot/1.0; +claudebot@anthropic.com)"
216.73.216.46 - - [29/Dec/2025:06:37:43 -0800] "GET /sitemap374.xml HTTP/1.1" 200 4191 "-" "Mozilla/5.0 AppleWebKit/537.36 (KHTML, like Gecko; compatible; ClaudeBot/1.0; +claudebot@anthropic.com)"
66.249.65.46 - - [29/Dec/2025:06:38:26 -0800] "GET /saiga.php?sitemap256.xml HTTP/1.1" 200 14074 "-" "Mozilla/5.0 (compatible; Googlebot/2.1; +http://www.google.com/bot.html)"
216.73.216.46 - - [29/Dec/2025:06:38:57 -0800] "GET /sitemap981.xml HTTP/1.1" 200 4160 "-" "Mozilla/5.0 AppleWebKit/537.36 (KHTML, like Gecko; compatible; ClaudeBot/1.0; +claudebot@anthropic.com)"
216.73.216.46 - - [29/Dec/2025:06:38:58 -0800] "GET /sitemap94.xml HTTP/1.1" 200 4188 "-" "Mozilla/5.0 AppleWebKit/537.36 (KHTML, like Gecko; compatible; ClaudeBot/1.0; +claudebot@anthropic.com)"
216.73.216.46 - - [29/Dec/2025:06:38:59 -0800] "GET /sitemap581.xml HTTP/1.1" 200 4194 "-" "Mozilla/5.0 AppleWebKit/537.36 (KHTML, like Gecko; compatible; ClaudeBot/1.0; +claudebot@anthropic.com)"
216.73.216.46 - - [29/Dec/2025:06:39:08 -0800] "GET /sitemap891.xml HTTP/1.1" 200 4161 "-" "Mozilla/5.0 AppleWebKit/537.36 (KHTML, like Gecko; compatible; ClaudeBot/1.0; +claudebot@anthropic.com)"
216.73.216.46 - - [29/Dec/2025:06:39:09 -0800] "GET /sitemap357.xml HTTP/1.1" 200 4195 "-" "Mozilla/5.0 AppleWebKit/537.36 (KHTML, like Gecko; compatible; ClaudeBot/1.0; +claudebot@anthropic.com)"
66.249.65.33 - - [29/Dec/2025:06:39:10 -0800] "GET /saiga.php?sitemap601.xml HTTP/1.1" 200 14061 "-" "Mozilla/5.0 (compatible; Googlebot/2.1; +http://www.google.com/bot.html)"
216.73.216.46 - - [29/Dec/2025:06:39:09 -0800] "GET /sitemap470.xml HTTP/1.1" 200 4199 "-" "Mozilla/5.0 AppleWebKit/537.36 (KHTML, like Gecko; compatible; ClaudeBot/1.0; +claudebot@anthropic.com)"
216.73.216.46 - - [29/Dec/2025:06:39:49 -0800] "GET /sitemap208.xml HTTP/1.1" 200 4189 "-" "Mozilla/5.0 AppleWebKit/537.36 (KHTML, like Gecko; compatible; ClaudeBot/1.0; +claudebot@anthropic.com)"
216.73.216.46 - - [29/Dec/2025:06:39:50 -0800] "GET /sitemap849.xml HTTP/1.1" 200 4163 "-" "Mozilla/5.0 AppleWebKit/537.36 (KHTML, like Gecko; compatible; ClaudeBot/1.0; +claudebot@anthropic.com)"
216.73.216.46 - - [29/Dec/2025:06:39:50 -0800] "GET /sitemap807.xml HTTP/1.1" 200 4167 "-" "Mozilla/5.0 AppleWebKit/537.36 (KHTML, like Gecko; compatible; ClaudeBot/1.0; +claudebot@anthropic.com)"
216.73.216.46 - - [29/Dec/2025:06:40:05 -0800] "GET /sitemap469.xml HTTP/1.1" 200 4198 "-" "Mozilla/5.0 AppleWebKit/537.36 (KHTML, like Gecko; compatible; ClaudeBot/1.0; +claudebot@anthropic.com)"
216.73.216.46 - - [29/Dec/2025:06:40:06 -0800] "GET /sitemap964.xml HTTP/1.1" 200 4160 "-" "Mozilla/5.0 AppleWebKit/537.36 (KHTML, like Gecko; compatible; ClaudeBot/1.0; +claudebot@anthropic.com)"
216.73.216.46 - - [29/Dec/2025:06:40:06 -0800] "GET /sitemap171.xml HTTP/1.1" 200 4189 "-" "Mozilla/5.0 AppleWebKit/537.36 (KHTML, like Gecko; compatible; ClaudeBot/1.0; +claudebot@anthropic.com)"
216.73.216.46 - - [29/Dec/2025:06:40:41 -0800] "GET /sitemap584.xml HTTP/1.1" 200 4192 "-" "Mozilla/5.0 AppleWebKit/537.36 (KHTML, like Gecko; compatible; ClaudeBot/1.0; +claudebot@anthropic.com)"
216.73.216.46 - - [29/Dec/2025:06:40:42 -0800] "GET /sitemap931.xml HTTP/1.1" 200 4158 "-" "Mozilla/5.0 AppleWebKit/537.36 (KHTML, like Gecko; compatible; ClaudeBot/1.0; +claudebot@anthropic.com)"
216.73.216.46 - - [29/Dec/2025:06:40:43 -0800] "GET /sitemap748.xml HTTP/1.1" 200 4178 "-" "Mozilla/5.0 AppleWebKit/537.36 (KHTML, like Gecko; compatible; ClaudeBot/1.0; +claudebot@anthropic.com)"
216.73.216.46 - - [29/Dec/2025:06:40:52 -0800] "GET /sitemap921.xml HTTP/1.1" 200 4159 "-" "Mozilla/5.0 AppleWebKit/537.36 (KHTML, like Gecko; compatible; ClaudeBot/1.0; +claudebot@anthropic.com)"
216.73.216.46 - - [29/Dec/2025:06:40:53 -0800] "GET /sitemap851.xml HTTP/1.1" 200 4162 "-" "Mozilla/5.0 AppleWebKit/537.36 (KHTML, like Gecko; compatible; ClaudeBot/1.0; +claudebot@anthropic.com)"
216.73.216.46 - - [29/Dec/2025:06:40:54 -0800] "GET /sitemap884.xml HTTP/1.1" 200 4161 "-" "Mozilla/5.0 AppleWebKit/537.36 (KHTML, like Gecko; compatible; ClaudeBot/1.0; +claudebot@anthropic.com)"
216.73.216.46 - - [29/Dec/2025:06:41:28 -0800] "GET /sitemap961.xml HTTP/1.1" 200 4159 "-" "Mozilla/5.0 AppleWebKit/537.36 (KHTML, like Gecko; compatible; ClaudeBot/1.0; +claudebot@anthropic.com)"
216.73.216.46 - - [29/Dec/2025:06:41:29 -0800] "GET /sitemap750.xml HTTP/1.1" 200 4178 "-" "Mozilla/5.0 AppleWebKit/537.36 (KHTML, like Gecko; compatible; ClaudeBot/1.0; +claudebot@anthropic.com)"
216.73.216.46 - - [29/Dec/2025:06:41:30 -0800] "GET /sitemap873.xml HTTP/1.1" 200 4157 "-" "Mozilla/5.0 AppleWebKit/537.36 (KHTML, like Gecko; compatible; ClaudeBot/1.0; +claudebot@anthropic.com)"
66.249.65.32 - - [29/Dec/2025:06:41:45 -0800] "GET /ammika.php?x=29585391448 HTTP/1.1" 200 25408 "-" "Mozilla/5.0 (Linux; Android 6.0.1; Nexus 5X Build/MMB29P) AppleWebKit/537.36 (KHTML, like Gecko) Chrome/141.0.7390.122 Mobile Safari/537.36 (compatible; GoogleOther)"
216.73.216.46 - - [29/Dec/2025:06:42:05 -0800] "GET /sitemap917.xml HTTP/1.1" 200 4159 "-" "Mozilla/5.0 AppleWebKit/537.36 (KHTML, like Gecko; compatible; ClaudeBot/1.0; +claudebot@anthropic.com)"
216.73.216.46 - - [29/Dec/2025:06:42:06 -0800] "GET /sitemap624.xml HTTP/1.1" 200 4201 "-" "Mozilla/5.0 AppleWebKit/537.36 (KHTML, like Gecko; compatible; ClaudeBot/1.0; +claudebot@anthropic.com)"
216.73.216.46 - - [29/Dec/2025:06:42:06 -0800] "GET /sitemap913.xml HTTP/1.1" 200 4159 "-" "Mozilla/5.0 AppleWebKit/537.36 (KHTML, like Gecko; compatible; ClaudeBot/1.0; +claudebot@anthropic.com)"
216.73.216.46 - - [29/Dec/2025:06:42:21 -0800] "GET /sitemap923.xml HTTP/1.1" 200 4162 "-" "Mozilla/5.0 AppleWebKit/537.36 (KHTML, like Gecko; compatible; ClaudeBot/1.0; +claudebot@anthropic.com)"
216.73.216.46 - - [29/Dec/2025:06:42:21 -0800] "GET /sitemap568.xml HTTP/1.1" 200 4190 "-" "Mozilla/5.0 AppleWebKit/537.36 (KHTML, like Gecko; compatible; ClaudeBot/1.0; +claudebot@anthropic.com)"
216.73.216.46 - - [29/Dec/2025:06:42:22 -0800] "GET /sitemap54.xml HTTP/1.1" 200 4189 "-" "Mozilla/5.0 AppleWebKit/537.36 (KHTML, like Gecko; compatible; ClaudeBot/1.0; +claudebot@anthropic.com)"
66.249.65.32 - - [29/Dec/2025:06:42:49 -0800] "GET /ammika.php?x=29585100783 HTTP/1.1" 200 24882 "-" "Mozilla/5.0 (Linux; Android 6.0.1; Nexus 5X Build/MMB29P) AppleWebKit/537.36 (KHTML, like Gecko) Chrome/141.0.7390.122 Mobile Safari/537.36 (compatible; GoogleOther)"
216.73.216.46 - - [29/Dec/2025:06:43:01 -0800] "GET /wp-includes/class-wp-customize-widgets.php HTTP/1.1" 200 20 "-" "Mozilla/5.0 AppleWebKit/537.36 (KHTML, like Gecko; compatible; ClaudeBot/1.0; +claudebot@anthropic.com)"
216.73.216.46 - - [29/Dec/2025:06:43:02 -0800] "GET /wp-includes/robots-template.php HTTP/1.1" 200 20 "-" "Mozilla/5.0 AppleWebKit/537.36 (KHTML, like Gecko; compatible; ClaudeBot/1.0; +claudebot@anthropic.com)"
216.73.216.46 - - [29/Dec/2025:06:43:33 -0800] "GET /wp-includes/class-wp-block-bindings-source.php HTTP/1.1" 200 20 "-" "Mozilla/5.0 AppleWebKit/537.36 (KHTML, like Gecko; compatible; ClaudeBot/1.0; +claudebot@anthropic.com)"
216.73.216.46 - - [29/Dec/2025:06:43:34 -0800] "GET /wp-includes/class-wp-block-type.php HTTP/1.1" 200 20 "-" "Mozilla/5.0 AppleWebKit/537.36 (KHTML, like Gecko; compatible; ClaudeBot/1.0; +claudebot@anthropic.com)"
216.73.216.46 - - [29/Dec/2025:06:43:39 -0800] "GET /wp-includes/block-bindings.php HTTP/1.1" 200 20 "-" "Mozilla/5.0 AppleWebKit/537.36 (KHTML, like Gecko; compatible; ClaudeBot/1.0; +claudebot@anthropic.com)"
216.73.216.46 - - [29/Dec/2025:06:43:39 -0800] "GET /wp-includes/php-compat HTTP/1.1" 301 306 "-" "Mozilla/5.0 AppleWebKit/537.36 (KHTML, like Gecko; compatible; ClaudeBot/1.0; +claudebot@anthropic.com)"
216.73.216.46 - - [29/Dec/2025:06:43:39 -0800] "GET /wp-includes/php-compat/ HTTP/1.1" 200 1040 "https://holyspiritministrysatx.com/wp-includes/php-compat" "Mozilla/5.0 AppleWebKit/537.36 (KHTML, like Gecko; compatible; ClaudeBot/1.0; +claudebot@anthropic.com)"
216.73.216.46 - - [29/Dec/2025:06:43:59 -0800] "GET /wp-includes/class-wp-user-query.php HTTP/1.1" 200 20 "-" "Mozilla/5.0 AppleWebKit/537.36 (KHTML, like Gecko; compatible; ClaudeBot/1.0; +claudebot@anthropic.com)"
216.73.216.46 - - [29/Dec/2025:06:43:59 -0800] "GET /wp-includes/class-wp-admin-bar.php HTTP/1.1" 200 20 "-" "Mozilla/5.0 AppleWebKit/537.36 (KHTML, like Gecko; compatible; ClaudeBot/1.0; +claudebot@anthropic.com)"
66.249.65.46 - - [29/Dec/2025:06:44:28 -0800] "GET /ammika.php?x=64191112914 HTTP/1.1" 200 24759 "-" "Mozilla/5.0 (Linux; Android 6.0.1; Nexus 5X Build/MMB29P) AppleWebKit/537.36 (KHTML, like Gecko) Chrome/141.0.7390.122 Mobile Safari/537.36 (compatible; GoogleOther)"
216.73.216.46 - - [29/Dec/2025:06:45:01 -0800] "GET /wp-includes/block-patterns HTTP/1.1" 301 310 "-" "Mozilla/5.0 AppleWebKit/537.36 (KHTML, like Gecko; compatible; ClaudeBot/1.0; +claudebot@anthropic.com)"
216.73.216.46 - - [29/Dec/2025:06:45:02 -0800] "GET /wp-includes/block-patterns/ HTTP/1.1" 200 2233 "https://holyspiritministrysatx.com/wp-includes/block-patterns" "Mozilla/5.0 AppleWebKit/537.36 (KHTML, like Gecko; compatible; ClaudeBot/1.0; +claudebot@anthropic.com)"
216.73.216.46 - - [29/Dec/2025:06:45:02 -0800] "GET /wp-includes/class.wp-dependencies.php HTTP/1.1" 500 20 "-" "Mozilla/5.0 AppleWebKit/537.36 (KHTML, like Gecko; compatible; ClaudeBot/1.0; +claudebot@anthropic.com)"
216.73.216.46 - - [29/Dec/2025:06:45:07 -0800] "GET /wp-includes/general-template.php HTTP/1.1" 200 20 "-" "Mozilla/5.0 AppleWebKit/537.36 (KHTML, like Gecko; compatible; ClaudeBot/1.0; +claudebot@anthropic.com)"
216.73.216.46 - - [29/Dec/2025:06:45:07 -0800] "GET /wp-includes/class-wp-role.php HTTP/1.1" 200 20 "-" "Mozilla/5.0 AppleWebKit/537.36 (KHTML, like Gecko; compatible; ClaudeBot/1.0; +claudebot@anthropic.com)"
216.73.216.46 - - [29/Dec/2025:06:45:21 -0800] "GET /wp-includes/compat-utf8.php HTTP/1.1" 200 20 "-" "Mozilla/5.0 AppleWebKit/537.36 (KHTML, like Gecko; compatible; ClaudeBot/1.0; +claudebot@anthropic.com)"
216.73.216.46 - - [29/Dec/2025:06:45:22 -0800] "GET /wp-includes/class-wp-term-query.php HTTP/1.1" 200 20 "-" "Mozilla/5.0 AppleWebKit/537.36 (KHTML, like Gecko; compatible; ClaudeBot/1.0; +claudebot@anthropic.com)"
66.249.65.33 - - [29/Dec/2025:06:45:27 -0800] "GET /?special=1444472832 HTTP/1.1" 200 24887 "-" "Mozilla/5.0 (Linux; Android 6.0.1; Nexus 5X Build/MMB29P) AppleWebKit/537.36 (KHTML, like Gecko) Chrome/141.0.7390.122 Mobile Safari/537.36 (compatible; Googlebot/2.1; +http://www.google.com/bot.html)"
216.73.216.46 - - [29/Dec/2025:06:46:27 -0800] "GET /robots.txt HTTP/1.1" 200 316 "-" "Mozilla/5.0 AppleWebKit/537.36 (KHTML, like Gecko; compatible; ClaudeBot/1.0; +claudebot@anthropic.com)"
216.73.216.46 - - [29/Dec/2025:06:46:27 -0800] "GET /wp-includes/bookmark-template.php HTTP/1.1" 200 20 "-" "Mozilla/5.0 AppleWebKit/537.36 (KHTML, like Gecko; compatible; ClaudeBot/1.0; +claudebot@anthropic.com)"
216.73.216.46 - - [29/Dec/2025:06:46:28 -0800] "GET /wp-includes/class-wp-rewrite.php HTTP/1.1" 200 20 "-" "Mozilla/5.0 AppleWebKit/537.36 (KHTML, like Gecko; compatible; ClaudeBot/1.0; +claudebot@anthropic.com)"
216.73.216.46 - - [29/Dec/2025:06:46:34 -0800] "GET /wp-includes/class-wp-feed-cache-transient.php HTTP/1.1" 500 20 "-" "Mozilla/5.0 AppleWebKit/537.36 (KHTML, like Gecko; compatible; ClaudeBot/1.0; +claudebot@anthropic.com)"
216.73.216.46 - - [29/Dec/2025:06:46:34 -0800] "GET /wp-includes/ms-default-constants.php HTTP/1.1" 200 20 "-" "Mozilla/5.0 AppleWebKit/537.36 (KHTML, like Gecko; compatible; ClaudeBot/1.0; +claudebot@anthropic.com)"
216.73.216.46 - - [29/Dec/2025:06:46:37 -0800] "GET /wp-includes/class-walker-nav-menu.php HTTP/1.1" 500 20 "-" "Mozilla/5.0 AppleWebKit/537.36 (KHTML, like Gecko; compatible; ClaudeBot/1.0; +claudebot@anthropic.com)"
216.73.216.46 - - [29/Dec/2025:06:46:38 -0800] "GET /wp-includes/class-wp-http-ixr-client.php HTTP/1.1" 500 20 "-" "Mozilla/5.0 AppleWebKit/537.36 (KHTML, like Gecko; compatible; ClaudeBot/1.0; +claudebot@anthropic.com)"
216.73.216.46 - - [29/Dec/2025:06:47:16 -0800] "GET /wp-includes/rest-api HTTP/1.1" 301 304 "-" "Mozilla/5.0 AppleWebKit/537.36 (KHTML, like Gecko; compatible; ClaudeBot/1.0; +claudebot@anthropic.com)"
216.73.216.46 - - [29/Dec/2025:06:47:16 -0800] "GET /wp-includes/rest-api/ HTTP/1.1" 200 1970 "https://holyspiritministrysatx.com/wp-includes/rest-api" "Mozilla/5.0 AppleWebKit/537.36 (KHTML, like Gecko; compatible; ClaudeBot/1.0; +claudebot@anthropic.com)"
216.73.216.46 - - [29/Dec/2025:06:47:16 -0800] "GET /wp-includes/class-wp-block-list.php HTTP/1.1" 200 20 "-" "Mozilla/5.0 AppleWebKit/537.36 (KHTML, like Gecko; compatible; ClaudeBot/1.0; +claudebot@anthropic.com)"
216.73.216.46 - - [29/Dec/2025:06:47:35 -0800] "GET /wp-includes/fonts.php HTTP/1.1" 200 20 "-" "Mozilla/5.0 AppleWebKit/537.36 (KHTML, like Gecko; compatible; ClaudeBot/1.0; +claudebot@anthropic.com)"
216.73.216.46 - - [29/Dec/2025:06:47:35 -0800] "GET /wp-includes/class-wp-block-patterns-registry.php HTTP/1.1" 200 20 "-" "Mozilla/5.0 AppleWebKit/537.36 (KHTML, like Gecko; compatible; ClaudeBot/1.0; +claudebot@anthropic.com)"
216.73.216.46 - - [29/Dec/2025:06:47:45 -0800] "GET /wp-includes/class-pop3.php HTTP/1.1" 200 20 "-" "Mozilla/5.0 AppleWebKit/537.36 (KHTML, like Gecko; compatible; ClaudeBot/1.0; +claudebot@anthropic.com)"
216.73.216.46 - - [29/Dec/2025:06:48:15 -0800] "GET /wp-includes/ms-functions.php HTTP/1.1" 200 20 "-" "Mozilla/5.0 AppleWebKit/537.36 (KHTML, like Gecko; compatible; ClaudeBot/1.0; +claudebot@anthropic.com)"
216.73.216.46 - - [29/Dec/2025:06:48:17 -0800] "GET /wp-includes/class-wp-theme-json-schema.php HTTP/1.1" 200 20 "-" "Mozilla/5.0 AppleWebKit/537.36 (KHTML, like Gecko; compatible; ClaudeBot/1.0; +claudebot@anthropic.com)"
114.119.128.23 - - [29/Dec/2025:06:48:45 -0800] "GET /?b=649186515461a7a7 HTTP/1.1" 200 73 "https://holyspiritministrysatx.com/?b=649186515461a7a7" "Mozilla/5.0 (Linux; Android 7.0;) AppleWebKit/537.36 (KHTML, like Gecko) Mobile Safari/537.36 (compatible; PetalBot;+https://webmaster.petalsearch.com/site/petalbot)"
216.73.216.46 - - [29/Dec/2025:06:48:51 -0800] "GET /wp-includes/css/wp-pointer-rtl.min.css HTTP/1.1" 200 3225 "-" "Mozilla/5.0 AppleWebKit/537.36 (KHTML, like Gecko; compatible; ClaudeBot/1.0; +claudebot@anthropic.com)"
216.73.216.46 - - [29/Dec/2025:06:48:51 -0800] "GET /wp-includes/html-api/class-wp-html-text-replacement.php HTTP/1.1" 200 20 "-" "Mozilla/5.0 AppleWebKit/537.36 (KHTML, like Gecko; compatible; ClaudeBot/1.0; +claudebot@anthropic.com)"
216.73.216.46 - - [29/Dec/2025:06:48:52 -0800] "GET /wp-includes/Text/Exception.php HTTP/1.1" 200 20 "-" "Mozilla/5.0 AppleWebKit/537.36 (KHTML, like Gecko; compatible; ClaudeBot/1.0; +claudebot@anthropic.com)"
216.73.216.46 - - [29/Dec/2025:06:48:52 -0800] "GET /wp-includes/css/editor.min.css HTTP/1.1" 200 26911 "-" "Mozilla/5.0 AppleWebKit/537.36 (KHTML, like Gecko; compatible; ClaudeBot/1.0; +claudebot@anthropic.com)"
216.73.216.46 - - [29/Dec/2025:06:48:52 -0800] "GET /wp-includes/html-api/class-wp-html-token.php HTTP/1.1" 200 20 "-" "Mozilla/5.0 AppleWebKit/537.36 (KHTML, like Gecko; compatible; ClaudeBot/1.0; +claudebot@anthropic.com)"
216.73.216.46 - - [29/Dec/2025:06:48:53 -0800] "GET /wp-includes/html-api/class-wp-html-attribute-token.php HTTP/1.1" 200 20 "-" "Mozilla/5.0 AppleWebKit/537.36 (KHTML, like Gecko; compatible; ClaudeBot/1.0; +claudebot@anthropic.com)"
216.73.216.46 - - [29/Dec/2025:06:48:54 -0800] "GET /wp-includes/html-api/class-wp-html-span.php HTTP/1.1" 200 20 "-" "Mozilla/5.0 AppleWebKit/537.36 (KHTML, like Gecko; compatible; ClaudeBot/1.0; +claudebot@anthropic.com)"
216.73.216.46 - - [29/Dec/2025:06:48:54 -0800] "GET /wp-includes/html-api/class-wp-html-tag-processor.php HTTP/1.1" 200 20 "-" "Mozilla/5.0 AppleWebKit/537.36 (KHTML, like Gecko; compatible; ClaudeBot/1.0; +claudebot@anthropic.com)"
216.73.216.46 - - [29/Dec/2025:06:48:54 -0800] "GET /wp-includes/css/wp-pointer-rtl.css HTTP/1.1" 200 4046 "-" "Mozilla/5.0 AppleWebKit/537.36 (KHTML, like Gecko; compatible; ClaudeBot/1.0; +claudebot@anthropic.com)"
216.73.216.46 - - [29/Dec/2025:06:48:54 -0800] "GET /wp-includes/html-api/class-wp-html-active-formatting-elements.php HTTP/1.1" 200 20 "-" "Mozilla/5.0 AppleWebKit/537.36 (KHTML, like Gecko; compatible; ClaudeBot/1.0; +claudebot@anthropic.com)"
216.73.216.46 - - [29/Dec/2025:06:48:55 -0800] "GET /wp-includes/css/wp-pointer.min.css HTTP/1.1" 200 3220 "-" "Mozilla/5.0 AppleWebKit/537.36 (KHTML, like Gecko; compatible; ClaudeBot/1.0; +claudebot@anthropic.com)"
216.73.216.46 - - [29/Dec/2025:06:48:55 -0800] "GET /wp-includes/html-api/class-wp-html-processor-state.php HTTP/1.1" 200 20 "-" "Mozilla/5.0 AppleWebKit/537.36 (KHTML, like Gecko; compatible; ClaudeBot/1.0; +claudebot@anthropic.com)"
216.73.216.46 - - [29/Dec/2025:06:48:55 -0800] "GET /wp-includes/html-api/class-wp-html-stack-event.php HTTP/1.1" 200 20 "-" "Mozilla/5.0 AppleWebKit/537.36 (KHTML, like Gecko; compatible; ClaudeBot/1.0; +claudebot@anthropic.com)"
216.73.216.46 - - [29/Dec/2025:06:48:56 -0800] "GET /wp-includes/html-api/class-wp-html-open-elements.php HTTP/1.1" 200 20 "-" "Mozilla/5.0 AppleWebKit/537.36 (KHTML, like Gecko; compatible; ClaudeBot/1.0; +claudebot@anthropic.com)"
216.73.216.46 - - [29/Dec/2025:06:48:56 -0800] "GET /wp-includes/css/editor.css HTTP/1.1" 200 32939 "-" "Mozilla/5.0 AppleWebKit/537.36 (KHTML, like Gecko; compatible; ClaudeBot/1.0; +claudebot@anthropic.com)"
216.73.216.46 - - [29/Dec/2025:06:48:56 -0800] "GET /wp-includes/Text/Diff.php HTTP/1.1" 200 20 "-" "Mozilla/5.0 AppleWebKit/537.36 (KHTML, like Gecko; compatible; ClaudeBot/1.0; +claudebot@anthropic.com)"
216.73.216.46 - - [29/Dec/2025:06:48:57 -0800] "GET /wp-includes/html-api/class-wp-html-decoder.php HTTP/1.1" 200 20 "-" "Mozilla/5.0 AppleWebKit/537.36 (KHTML, like Gecko; compatible; ClaudeBot/1.0; +claudebot@anthropic.com)"
216.73.216.46 - - [29/Dec/2025:06:48:57 -0800] "GET /wp-includes/html-api/class-wp-html-processor.php HTTP/1.1" 500 20 "-" "Mozilla/5.0 AppleWebKit/537.36 (KHTML, like Gecko; compatible; ClaudeBot/1.0; +claudebot@anthropic.com)"
216.73.216.46 - - [29/Dec/2025:06:48:58 -0800] "GET /wp-includes/css/wp-pointer.css HTTP/1.1" 200 4006 "-" "Mozilla/5.0 AppleWebKit/537.36 (KHTML, like Gecko; compatible; ClaudeBot/1.0; +claudebot@anthropic.com)"
216.73.216.46 - - [29/Dec/2025:06:49:22 -0800] "GET /wp-includes/js/api-request.js HTTP/1.1" 200 3324 "-" "Mozilla/5.0 AppleWebKit/537.36 (KHTML, like Gecko; compatible; ClaudeBot/1.0; +claudebot@anthropic.com)"
216.73.216.46 - - [29/Dec/2025:06:49:22 -0800] "GET /wp-includes/css/buttons.css HTTP/1.1" 200 9830 "-" "Mozilla/5.0 AppleWebKit/537.36 (KHTML, like Gecko; compatible; ClaudeBot/1.0; +claudebot@anthropic.com)"
216.73.216.46 - - [29/Dec/2025:06:49:23 -0800] "GET /wp-includes/block-bindings/term-data.php HTTP/1.1" 500 20 "-" "Mozilla/5.0 AppleWebKit/537.36 (KHTML, like Gecko; compatible; ClaudeBot/1.0; +claudebot@anthropic.com)"
216.73.216.46 - - [29/Dec/2025:06:49:24 -0800] "GET /wp-includes/link-template.php HTTP/1.1" 200 20 "-" "Mozilla/5.0 AppleWebKit/537.36 (KHTML, like Gecko; compatible; ClaudeBot/1.0; +claudebot@anthropic.com)"
216.73.216.46 - - [29/Dec/2025:06:49:24 -0800] "GET /wp-includes/class-wp-http-requests-response.php HTTP/1.1" 500 20 "-" "Mozilla/5.0 AppleWebKit/537.36 (KHTML, like Gecko; compatible; ClaudeBot/1.0; +claudebot@anthropic.com)"
216.73.216.46 - - [29/Dec/2025:06:49:24 -0800] "GET /wp-includes/feed-rss.php HTTP/1.1" 500 20 "-" "Mozilla/5.0 AppleWebKit/537.36 (KHTML, like Gecko; compatible; ClaudeBot/1.0; +claudebot@anthropic.com)"
216.73.216.46 - - [29/Dec/2025:06:49:25 -0800] "GET /wp-includes/class.wp-styles.php HTTP/1.1" 500 20 "-" "Mozilla/5.0 AppleWebKit/537.36 (KHTML, like Gecko; compatible; ClaudeBot/1.0; +claudebot@anthropic.com)"
216.73.216.46 - - [29/Dec/2025:06:49:25 -0800] "GET /wp-includes/class-wp-network-query.php HTTP/1.1" 200 20 "-" "Mozilla/5.0 AppleWebKit/537.36 (KHTML, like Gecko; compatible; ClaudeBot/1.0; +claudebot@anthropic.com)"
216.73.216.46 - - [29/Dec/2025:06:49:25 -0800] "GET /wp-includes/class-wp-block.php HTTP/1.1" 200 20 "-" "Mozilla/5.0 AppleWebKit/537.36 (KHTML, like Gecko; compatible; ClaudeBot/1.0; +claudebot@anthropic.com)"
216.73.216.46 - - [29/Dec/2025:06:49:25 -0800] "GET /wp-includes/js/shortcode.js HTTP/1.1" 200 10758 "-" "Mozilla/5.0 AppleWebKit/537.36 (KHTML, like Gecko; compatible; ClaudeBot/1.0; +claudebot@anthropic.com)"
216.73.216.46 - - [29/Dec/2025:06:49:25 -0800] "GET /wp-includes/SimplePie/src HTTP/1.1" 301 309 "-" "Mozilla/5.0 AppleWebKit/537.36 (KHTML, like Gecko; compatible; ClaudeBot/1.0; +claudebot@anthropic.com)"
216.73.216.46 - - [29/Dec/2025:06:49:25 -0800] "GET /wp-includes/block-template.php HTTP/1.1" 200 20 "-" "Mozilla/5.0 AppleWebKit/537.36 (KHTML, like Gecko; compatible; ClaudeBot/1.0; +claudebot@anthropic.com)"
216.73.216.46 - - [29/Dec/2025:06:49:25 -0800] "GET /wp-includes/js/wp-pointer.js HTTP/1.1" 200 10233 "-" "Mozilla/5.0 AppleWebKit/537.36 (KHTML, like Gecko; compatible; ClaudeBot/1.0; +claudebot@anthropic.com)"
216.73.216.46 - - [29/Dec/2025:06:49:26 -0800] "GET /wp-includes/SimplePie/src/ HTTP/1.1" 200 5850 "https://holyspiritministrysatx.com/wp-includes/SimplePie/src" "Mozilla/5.0 AppleWebKit/537.36 (KHTML, like Gecko; compatible; ClaudeBot/1.0; +claudebot@anthropic.com)"
216.73.216.46 - - [29/Dec/2025:06:49:26 -0800] "GET /wp-includes/widgets/class-wp-widget-recent-posts.php HTTP/1.1" 500 20 "-" "Mozilla/5.0 AppleWebKit/537.36 (KHTML, like Gecko; compatible; ClaudeBot/1.0; +claudebot@anthropic.com)"
216.73.216.46 - - [29/Dec/2025:06:49:26 -0800] "GET /wp-includes/css/wp-embed-template.css HTTP/1.1" 200 7906 "-" "Mozilla/5.0 AppleWebKit/537.36 (KHTML, like Gecko; compatible; ClaudeBot/1.0; +claudebot@anthropic.com)"
216.73.216.46 - - [29/Dec/2025:06:49:26 -0800] "GET /wp-includes/css/customize-preview.css HTTP/1.1" 200 3629 "-" "Mozilla/5.0 AppleWebKit/537.36 (KHTML, like Gecko; compatible; ClaudeBot/1.0; +claudebot@anthropic.com)"
216.73.216.46 - - [29/Dec/2025:06:49:26 -0800] "GET /wp-includes/Requests/src HTTP/1.1" 301 308 "-" "Mozilla/5.0 AppleWebKit/537.36 (KHTML, like Gecko; compatible; ClaudeBot/1.0; +claudebot@anthropic.com)"
216.73.216.46 - - [29/Dec/2025:06:49:26 -0800] "GET /wp-includes/Requests/src/ HTTP/1.1" 200 5136 "https://holyspiritministrysatx.com/wp-includes/Requests/src" "Mozilla/5.0 AppleWebKit/537.36 (KHTML, like Gecko; compatible; ClaudeBot/1.0; +claudebot@anthropic.com)"
216.73.216.46 - - [29/Dec/2025:06:49:27 -0800] "GET /wp-includes/css/admin-bar.css HTTP/1.1" 200 24587 "-" "Mozilla/5.0 AppleWebKit/537.36 (KHTML, like Gecko; compatible; ClaudeBot/1.0; +claudebot@anthropic.com)"
216.73.216.46 - - [29/Dec/2025:06:49:27 -0800] "GET /wp-includes/Text/Diff HTTP/1.1" 301 305 "-" "Mozilla/5.0 AppleWebKit/537.36 (KHTML, like Gecko; compatible; ClaudeBot/1.0; +claudebot@anthropic.com)"
216.73.216.46 - - [29/Dec/2025:06:49:27 -0800] "GET /wp-includes/Text/Diff/ HTTP/1.1" 200 1389 "https://holyspiritministrysatx.com/wp-includes/Text/Diff" "Mozilla/5.0 AppleWebKit/537.36 (KHTML, like Gecko; compatible; ClaudeBot/1.0; +claudebot@anthropic.com)"
216.73.216.46 - - [29/Dec/2025:06:49:35 -0800] "GET /wp-includes/ms-settings.php HTTP/1.1" 200 22 "-" "Mozilla/5.0 AppleWebKit/537.36 (KHTML, like Gecko; compatible; ClaudeBot/1.0; +claudebot@anthropic.com)"
216.73.216.46 - - [29/Dec/2025:06:49:36 -0800] "GET /wp-includes/css/admin-bar-rtl.css HTTP/1.1" 200 24623 "-" "Mozilla/5.0 AppleWebKit/537.36 (KHTML, like Gecko; compatible; ClaudeBot/1.0; +claudebot@anthropic.com)"
216.73.216.46 - - [29/Dec/2025:06:49:36 -0800] "GET /wp-includes/abilities-api HTTP/1.1" 301 309 "-" "Mozilla/5.0 AppleWebKit/537.36 (KHTML, like Gecko; compatible; ClaudeBot/1.0; +claudebot@anthropic.com)"
216.73.216.46 - - [29/Dec/2025:06:49:36 -0800] "GET /wp-includes/registration.php HTTP/1.1" 500 20 "-" "Mozilla/5.0 AppleWebKit/537.36 (KHTML, like Gecko; compatible; ClaudeBot/1.0; +claudebot@anthropic.com)"
216.73.216.46 - - [29/Dec/2025:06:49:36 -0800] "GET /wp-includes/sitemaps.php HTTP/1.1" 200 20 "-" "Mozilla/5.0 AppleWebKit/537.36 (KHTML, like Gecko; compatible; ClaudeBot/1.0; +claudebot@anthropic.com)"
216.73.216.46 - - [29/Dec/2025:06:49:36 -0800] "GET /wp-includes/widgets/class-wp-widget-recent-comments.php HTTP/1.1" 500 20 "-" "Mozilla/5.0 AppleWebKit/537.36 (KHTML, like Gecko; compatible; ClaudeBot/1.0; +claudebot@anthropic.com)"
216.73.216.46 - - [29/Dec/2025:06:49:37 -0800] "GET /wp-includes/abilities-api/ HTTP/1.1" 200 1670 "https://holyspiritministrysatx.com/wp-includes/abilities-api" "Mozilla/5.0 AppleWebKit/537.36 (KHTML, like Gecko; compatible; ClaudeBot/1.0; +claudebot@anthropic.com)"
216.73.216.46 - - [29/Dec/2025:06:49:37 -0800] "GET /wp-includes/widgets/class-wp-widget-block.php HTTP/1.1" 500 20 "-" "Mozilla/5.0 AppleWebKit/537.36 (KHTML, like Gecko; compatible; ClaudeBot/1.0; +claudebot@anthropic.com)"
216.73.216.46 - - [29/Dec/2025:06:49:37 -0800] "GET /wp-includes/SimplePie/autoloader.php HTTP/1.1" 200 20 "-" "Mozilla/5.0 AppleWebKit/537.36 (KHTML, like Gecko; compatible; ClaudeBot/1.0; +claudebot@anthropic.com)"
216.73.216.46 - - [29/Dec/2025:06:49:37 -0800] "GET /wp-includes/theme-templates.php HTTP/1.1" 200 20 "-" "Mozilla/5.0 AppleWebKit/537.36 (KHTML, like Gecko; compatible; ClaudeBot/1.0; +claudebot@anthropic.com)"
216.73.216.46 - - [29/Dec/2025:06:49:37 -0800] "GET /wp-includes/widgets/class-wp-widget-text.php HTTP/1.1" 500 20 "-" "Mozilla/5.0 AppleWebKit/537.36 (KHTML, like Gecko; compatible; ClaudeBot/1.0; +claudebot@anthropic.com)"
216.73.216.46 - - [29/Dec/2025:06:49:37 -0800] "GET /wp-includes/class-wp-block-editor-context.php HTTP/1.1" 200 20 "-" "Mozilla/5.0 AppleWebKit/537.36 (KHTML, like Gecko; compatible; ClaudeBot/1.0; +claudebot@anthropic.com)"
216.73.216.46 - - [29/Dec/2025:06:49:42 -0800] "GET /wp-includes/widgets/class-wp-widget-custom-html.php HTTP/1.1" 500 20 "-" "Mozilla/5.0 AppleWebKit/537.36 (KHTML, like Gecko; compatible; ClaudeBot/1.0; +claudebot@anthropic.com)"
216.73.216.46 - - [29/Dec/2025:06:49:47 -0800] "GET /wp-includes/css/admin-bar.min.css HTTP/1.1" 200 20125 "-" "Mozilla/5.0 AppleWebKit/537.36 (KHTML, like Gecko; compatible; ClaudeBot/1.0; +claudebot@anthropic.com)"
216.73.216.46 - - [29/Dec/2025:06:49:52 -0800] "GET /wp-includes/theme.json HTTP/1.1" 200 8921 "-" "Mozilla/5.0 AppleWebKit/537.36 (KHTML, like Gecko; compatible; ClaudeBot/1.0; +claudebot@anthropic.com)"
216.73.216.46 - - [29/Dec/2025:06:49:57 -0800] "GET /wp-includes/css/wp-empty-template-alert.css HTTP/1.1" 200 465 "-" "Mozilla/5.0 AppleWebKit/537.36 (KHTML, like Gecko; compatible; ClaudeBot/1.0; +claudebot@anthropic.com)"
114.119.150.190 - - [29/Dec/2025:06:50:08 -0800] "GET /?b=994198354a6c777 HTTP/1.1" 200 73 "https://holyspiritministrysatx.com/?b=994198354a6c777" "Mozilla/5.0 (Linux; Android 7.0;) AppleWebKit/537.36 (KHTML, like Gecko) Mobile Safari/537.36 (compatible; PetalBot;+https://webmaster.petalsearch.com/site/petalbot)"
216.73.216.46 - - [29/Dec/2025:06:50:54 -0800] "GET /wp-includes/widgets/class-wp-widget-tag-cloud.php HTTP/1.1" 500 20 "-" "Mozilla/5.0 AppleWebKit/537.36 (KHTML, like Gecko; compatible; ClaudeBot/1.0; +claudebot@anthropic.com)"
216.73.216.46 - - [29/Dec/2025:06:50:59 -0800] "GET /wp-includes/js/underscore.js HTTP/1.1" 200 68735 "-" "Mozilla/5.0 AppleWebKit/537.36 (KHTML, like Gecko; compatible; ClaudeBot/1.0; +claudebot@anthropic.com)"
104.210.140.138 - - [29/Dec/2025:06:51:04 -0800] "GET /robots.txt HTTP/1.1" 200 316 "-" "Mozilla/5.0 (Macintosh; Intel Mac OS X 10_15_7) AppleWebKit/537.36 (KHTML, like Gecko) Chrome/131.0.0.0 Safari/537.36; compatible; OAI-SearchBot/1.0; +https://openai.com/searchbot"
216.73.216.46 - - [29/Dec/2025:06:51:04 -0800] "GET /wp-includes/block-bindings/pattern-overrides.php HTTP/1.1" 500 20 "-" "Mozilla/5.0 AppleWebKit/537.36 (KHTML, like Gecko; compatible; ClaudeBot/1.0; +claudebot@anthropic.com)"
216.73.216.46 - - [29/Dec/2025:06:51:09 -0800] "GET /wp-includes/css/customize-preview-rtl.css HTTP/1.1" 200 3669 "-" "Mozilla/5.0 AppleWebKit/537.36 (KHTML, like Gecko; compatible; ClaudeBot/1.0; +claudebot@anthropic.com)"
66.249.65.46 - - [29/Dec/2025:06:51:09 -0800] "GET /ammika.php?x=64191112417 HTTP/1.1" 200 24974 "-" "Mozilla/5.0 (Linux; Android 6.0.1; Nexus 5X Build/MMB29P) AppleWebKit/537.36 (KHTML, like Gecko) Chrome/141.0.7390.122 Mobile Safari/537.36 (compatible; GoogleOther)"
216.73.216.46 - - [29/Dec/2025:06:51:14 -0800] "GET /wp-includes/class-wp-simplepie-file.php HTTP/1.1" 500 20 "-" "Mozilla/5.0 AppleWebKit/537.36 (KHTML, like Gecko; compatible; ClaudeBot/1.0; +claudebot@anthropic.com)"
216.73.216.46 - - [29/Dec/2025:06:51:14 -0800] "GET /wp-includes/widgets/class-wp-widget-links.php HTTP/1.1" 500 20 "-" "Mozilla/5.0 AppleWebKit/537.36 (KHTML, like Gecko; compatible; ClaudeBot/1.0; +claudebot@anthropic.com)"
216.73.216.46 - - [29/Dec/2025:06:51:18 -0800] "GET /wp-includes/kses.php HTTP/1.1" 200 20 "-" "Mozilla/5.0 AppleWebKit/537.36 (KHTML, like Gecko; compatible; ClaudeBot/1.0; +claudebot@anthropic.com)"
216.73.216.46 - - [29/Dec/2025:06:51:19 -0800] "GET /wp-includes/js/wp-pointer.min.js HTTP/1.1" 200 3621 "-" "Mozilla/5.0 AppleWebKit/537.36 (KHTML, like Gecko; compatible; ClaudeBot/1.0; +claudebot@anthropic.com)"
216.73.216.46 - - [29/Dec/2025:06:51:24 -0800] "GET /wp-includes/customize HTTP/1.1" 301 305 "-" "Mozilla/5.0 AppleWebKit/537.36 (KHTML, like Gecko; compatible; ClaudeBot/1.0; +claudebot@anthropic.com)"
216.73.216.46 - - [29/Dec/2025:06:51:24 -0800] "GET /wp-includes/customize/ HTTP/1.1" 200 8483 "https://holyspiritministrysatx.com/wp-includes/customize" "Mozilla/5.0 AppleWebKit/537.36 (KHTML, like Gecko; compatible; ClaudeBot/1.0; +claudebot@anthropic.com)"
216.73.216.46 - - [29/Dec/2025:06:51:27 -0800] "GET /wp-includes/js/tinymce HTTP/1.1" 301 306 "-" "Mozilla/5.0 AppleWebKit/537.36 (KHTML, like Gecko; compatible; ClaudeBot/1.0; +claudebot@anthropic.com)"
216.73.216.46 - - [29/Dec/2025:06:51:28 -0800] "GET /wp-includes/js/tinymce/ HTTP/1.1" 200 2642 "https://holyspiritministrysatx.com/wp-includes/js/tinymce" "Mozilla/5.0 AppleWebKit/537.36 (KHTML, like Gecko; compatible; ClaudeBot/1.0; +claudebot@anthropic.com)"
216.73.216.46 - - [29/Dec/2025:06:51:32 -0800] "GET /wp-includes/widgets/class-wp-widget-media-audio.php HTTP/1.1" 500 20 "-" "Mozilla/5.0 AppleWebKit/537.36 (KHTML, like Gecko; compatible; ClaudeBot/1.0; +claudebot@anthropic.com)"
216.73.216.46 - - [29/Dec/2025:06:51:36 -0800] "GET /wp-includes/category.php HTTP/1.1" 200 20 "-" "Mozilla/5.0 AppleWebKit/537.36 (KHTML, like Gecko; compatible; ClaudeBot/1.0; +claudebot@anthropic.com)"
216.73.216.46 - - [29/Dec/2025:06:51:37 -0800] "GET /wp-includes/js/customize-selective-refresh.min.js HTTP/1.1" 200 10693 "-" "Mozilla/5.0 AppleWebKit/537.36 (KHTML, like Gecko; compatible; ClaudeBot/1.0; +claudebot@anthropic.com)"
216.73.216.46 - - [29/Dec/2025:06:51:41 -0800] "GET /wp-includes/class-wp-url-pattern-prefixer.php HTTP/1.1" 200 20 "-" "Mozilla/5.0 AppleWebKit/537.36 (KHTML, like Gecko; compatible; ClaudeBot/1.0; +claudebot@anthropic.com)"
216.73.216.46 - - [29/Dec/2025:06:51:46 -0800] "GET /wp-includes/ms-deprecated.php HTTP/1.1" 200 20 "-" "Mozilla/5.0 AppleWebKit/537.36 (KHTML, like Gecko; compatible; ClaudeBot/1.0; +claudebot@anthropic.com)"
216.73.216.46 - - [29/Dec/2025:06:51:51 -0800] "GET /wp-includes/author-template.php HTTP/1.1" 200 20 "-" "Mozilla/5.0 AppleWebKit/537.36 (KHTML, like Gecko; compatible; ClaudeBot/1.0; +claudebot@anthropic.com)"
216.73.216.46 - - [29/Dec/2025:06:51:56 -0800] "GET /wp-includes/html-api/class-wp-html-unsupported-exception.php HTTP/1.1" 200 20 "-" "Mozilla/5.0 AppleWebKit/537.36 (KHTML, like Gecko; compatible; ClaudeBot/1.0; +claudebot@anthropic.com)"
216.73.216.46 - - [29/Dec/2025:06:51:58 -0800] "GET /wp-includes/block-bindings/post-meta.php HTTP/1.1" 500 20 "-" "Mozilla/5.0 AppleWebKit/537.36 (KHTML, like Gecko; compatible; ClaudeBot/1.0; +claudebot@anthropic.com)"
216.73.216.46 - - [29/Dec/2025:06:52:01 -0800] "GET /wp-includes/taxonomy.php HTTP/1.1" 200 20 "-" "Mozilla/5.0 AppleWebKit/537.36 (KHTML, like Gecko; compatible; ClaudeBot/1.0; +claudebot@anthropic.com)"
216.73.216.46 - - [29/Dec/2025:06:52:03 -0800] "GET /wp-includes/js/customize-models.js HTTP/1.1" 200 6821 "-" "Mozilla/5.0 AppleWebKit/537.36 (KHTML, like Gecko; compatible; ClaudeBot/1.0; +claudebot@anthropic.com)"
216.73.216.46 - - [29/Dec/2025:06:52:08 -0800] "GET /wp-includes/js/customize-base.js HTTP/1.1" 200 25822 "-" "Mozilla/5.0 AppleWebKit/537.36 (KHTML, like Gecko; compatible; ClaudeBot/1.0; +claudebot@anthropic.com)"
216.73.216.46 - - [29/Dec/2025:06:52:13 -0800] "GET /wp-includes/css/wp-auth-check-rtl.css HTTP/1.1" 200 2493 "-" "Mozilla/5.0 AppleWebKit/537.36 (KHTML, like Gecko; compatible; ClaudeBot/1.0; +claudebot@anthropic.com)"
216.73.216.46 - - [29/Dec/2025:06:52:18 -0800] "GET /wp-includes/js/wp-embed.js HTTP/1.1" 200 3214 "-" "Mozilla/5.0 AppleWebKit/537.36 (KHTML, like Gecko; compatible; ClaudeBot/1.0; +claudebot@anthropic.com)"
216.73.216.46 - - [29/Dec/2025:06:52:23 -0800] "GET /wp-includes/js/backbone.js HTTP/1.1" 200 80390 "-" "Mozilla/5.0 AppleWebKit/537.36 (KHTML, like Gecko; compatible; ClaudeBot/1.0; +claudebot@anthropic.com)"
216.73.216.46 - - [29/Dec/2025:06:52:28 -0800] "GET /wp-includes/js/json2.js HTTP/1.1" 200 31 "-" "Mozilla/5.0 AppleWebKit/537.36 (KHTML, like Gecko; compatible; ClaudeBot/1.0; +claudebot@anthropic.com)"
66.249.65.32 - - [29/Dec/2025:06:52:29 -0800] "GET /ammika.php?x=2958560156 HTTP/1.1" 200 26044 "-" "Mozilla/5.0 (Linux; Android 6.0.1; Nexus 5X Build/MMB29P) AppleWebKit/537.36 (KHTML, like Gecko) Chrome/141.0.7390.122 Mobile Safari/537.36 (compatible; GoogleOther)"
216.73.216.46 - - [29/Dec/2025:06:52:33 -0800] "GET /wp-includes/css/buttons-rtl.min.css HTTP/1.1" 200 6063 "-" "Mozilla/5.0 AppleWebKit/537.36 (KHTML, like Gecko; compatible; ClaudeBot/1.0; +claudebot@anthropic.com)"
216.73.216.46 - - [29/Dec/2025:06:52:38 -0800] "GET /wp-includes/js/customize-selective-refresh.js HTTP/1.1" 200 33335 "-" "Mozilla/5.0 AppleWebKit/537.36 (KHTML, like Gecko; compatible; ClaudeBot/1.0; +claudebot@anthropic.com)"
216.73.216.46 - - [29/Dec/2025:06:52:43 -0800] "GET /wp-includes/SimplePie/library HTTP/1.1" 301 313 "-" "Mozilla/5.0 AppleWebKit/537.36 (KHTML, like Gecko; compatible; ClaudeBot/1.0; +claudebot@anthropic.com)"
