216.73.216.46 - - [29/Dec/2025:04:52:14 -0800] "GET /wp-includes/class-wp-block-bindings-registry.php HTTP/1.1" 200 20 "-" "Mozilla/5.0 AppleWebKit/537.36 (KHTML, like Gecko; compatible; ClaudeBot/1.0; +claudebot@anthropic.com)"
216.73.216.46 - - [29/Dec/2025:04:52:15 -0800] "GET /wp-includes/class-wp-taxonomy.php HTTP/1.1" 200 20 "-" "Mozilla/5.0 AppleWebKit/537.36 (KHTML, like Gecko; compatible; ClaudeBot/1.0; +claudebot@anthropic.com)"
216.73.216.46 - - [29/Dec/2025:04:52:20 -0800] "GET /wp-includes/class-wp-duotone.php HTTP/1.1" 200 20 "-" "Mozilla/5.0 AppleWebKit/537.36 (KHTML, like Gecko; compatible; ClaudeBot/1.0; +claudebot@anthropic.com)"
216.73.216.46 - - [29/Dec/2025:04:52:25 -0800] "GET /wp-includes/class-wp-ajax-response.php HTTP/1.1" 200 20 "-" "Mozilla/5.0 AppleWebKit/537.36 (KHTML, like Gecko; compatible; ClaudeBot/1.0; +claudebot@anthropic.com)"
216.73.216.46 - - [29/Dec/2025:04:52:30 -0800] "GET /wp-includes/ms-default-filters.php HTTP/1.1" 500 20 "-" "Mozilla/5.0 AppleWebKit/537.36 (KHTML, like Gecko; compatible; ClaudeBot/1.0; +claudebot@anthropic.com)"
216.73.216.46 - - [29/Dec/2025:04:52:31 -0800] "GET /wp-includes/class-wp-application-passwords.php HTTP/1.1" 200 20 "-" "Mozilla/5.0 AppleWebKit/537.36 (KHTML, like Gecko; compatible; ClaudeBot/1.0; +claudebot@anthropic.com)"
216.73.216.46 - - [29/Dec/2025:04:52:35 -0800] "GET /wp-includes/class-wp-tax-query.php HTTP/1.1" 200 20 "-" "Mozilla/5.0 AppleWebKit/537.36 (KHTML, like Gecko; compatible; ClaudeBot/1.0; +claudebot@anthropic.com)"
216.73.216.46 - - [29/Dec/2025:04:52:37 -0800] "GET /wp-includes/post-thumbnail-template.php HTTP/1.1" 200 20 "-" "Mozilla/5.0 AppleWebKit/537.36 (KHTML, like Gecko; compatible; ClaudeBot/1.0; +claudebot@anthropic.com)"
216.73.216.46 - - [29/Dec/2025:04:52:41 -0800] "GET /wp-includes/class-walker-category.php HTTP/1.1" 500 20 "-" "Mozilla/5.0 AppleWebKit/537.36 (KHTML, like Gecko; compatible; ClaudeBot/1.0; +claudebot@anthropic.com)"
216.73.216.46 - - [29/Dec/2025:04:52:47 -0800] "GET /edit-tags.php?fileloc=%2Fhome%2Fkoolde6%2Fholyspiritministrysatx.com%2Fwp.php&path=%2Fhome%2Fkoolde6%2Fholyspiritministrysatx.com HTTP/1.1" 200 4150 "-" "Mozilla/5.0 AppleWebKit/537.36 (KHTML, like Gecko; compatible; ClaudeBot/1.0; +claudebot@anthropic.com)"
66.249.65.32 - - [29/Dec/2025:04:52:51 -0800] "GET /ammika.php?h=3029743012 HTTP/1.1" 200 24633 "-" "Mozilla/5.0 (Linux; Android 6.0.1; Nexus 5X Build/MMB29P) AppleWebKit/537.36 (KHTML, like Gecko) Chrome/141.0.7390.122 Mobile Safari/537.36 (compatible; GoogleOther)"
216.73.216.46 - - [29/Dec/2025:04:52:52 -0800] "GET /edit-tags.php?fileloc=%2Fhome%2Fkoolde6%2Fholyspiritministrysatx.com%2Fwp-mail.php&path=%2Fhome%2Fkoolde6%2Fholyspiritministrysatx.com HTTP/1.1" 200 4595 "-" "Mozilla/5.0 AppleWebKit/537.36 (KHTML, like Gecko; compatible; ClaudeBot/1.0; +claudebot@anthropic.com)"
216.73.216.46 - - [29/Dec/2025:04:52:58 -0800] "GET /wp-includes/class-wp-locale-switcher.php HTTP/1.1" 200 20 "-" "Mozilla/5.0 AppleWebKit/537.36 (KHTML, like Gecko; compatible; ClaudeBot/1.0; +claudebot@anthropic.com)"
216.73.216.46 - - [29/Dec/2025:04:53:03 -0800] "GET /wp-includes/class-wp-customize-nav-menus.php HTTP/1.1" 200 20 "-" "Mozilla/5.0 AppleWebKit/537.36 (KHTML, like Gecko; compatible; ClaudeBot/1.0; +claudebot@anthropic.com)"
216.73.216.46 - - [29/Dec/2025:04:53:08 -0800] "GET /wp-includes/class-wp-session-tokens.php HTTP/1.1" 200 20 "-" "Mozilla/5.0 AppleWebKit/537.36 (KHTML, like Gecko; compatible; ClaudeBot/1.0; +claudebot@anthropic.com)"
216.73.216.46 - - [29/Dec/2025:04:53:13 -0800] "GET /wp-includes/class-wp-block-supports.php HTTP/1.1" 200 20 "-" "Mozilla/5.0 AppleWebKit/537.36 (KHTML, like Gecko; compatible; ClaudeBot/1.0; +claudebot@anthropic.com)"
66.249.65.46 - - [29/Dec/2025:04:53:15 -0800] "GET /ammika.php?k=48058219094 HTTP/1.1" 200 25198 "-" "Mozilla/5.0 (Linux; Android 6.0.1; Nexus 5X Build/MMB29P) AppleWebKit/537.36 (KHTML, like Gecko) Chrome/141.0.7390.122 Mobile Safari/537.36 (compatible; GoogleOther)"
216.73.216.46 - - [29/Dec/2025:04:53:18 -0800] "GET /wp-includes/class-wp-widget-factory.php HTTP/1.1" 200 20 "-" "Mozilla/5.0 AppleWebKit/537.36 (KHTML, like Gecko; compatible; ClaudeBot/1.0; +claudebot@anthropic.com)"
66.249.65.32 - - [29/Dec/2025:04:53:21 -0800] "GET /ammika.php?x=2958528572 HTTP/1.1" 200 25413 "-" "Mozilla/5.0 (Linux; Android 6.0.1; Nexus 5X Build/MMB29P) AppleWebKit/537.36 (KHTML, like Gecko) Chrome/141.0.7390.122 Mobile Safari/537.36 (compatible; GoogleOther)"
216.73.216.46 - - [29/Dec/2025:04:53:24 -0800] "GET /wp-includes/js HTTP/1.1" 301 298 "-" "Mozilla/5.0 AppleWebKit/537.36 (KHTML, like Gecko; compatible; ClaudeBot/1.0; +claudebot@anthropic.com)"
216.73.216.46 - - [29/Dec/2025:04:53:24 -0800] "GET /wp-includes/js/ HTTP/1.1" 200 21476 "https://holyspiritministrysatx.com/wp-includes/js" "Mozilla/5.0 AppleWebKit/537.36 (KHTML, like Gecko; compatible; ClaudeBot/1.0; +claudebot@anthropic.com)"
216.73.216.46 - - [29/Dec/2025:04:53:28 -0800] "GET /wp-includes/class-walker-page-dropdown.php HTTP/1.1" 500 20 "-" "Mozilla/5.0 AppleWebKit/537.36 (KHTML, like Gecko; compatible; ClaudeBot/1.0; +claudebot@anthropic.com)"
216.73.216.46 - - [29/Dec/2025:04:53:33 -0800] "GET /wp-includes/blocks HTTP/1.1" 301 302 "-" "Mozilla/5.0 AppleWebKit/537.36 (KHTML, like Gecko; compatible; ClaudeBot/1.0; +claudebot@anthropic.com)"
216.73.216.46 - - [29/Dec/2025:04:53:33 -0800] "GET /wp-includes/blocks/ HTTP/1.1" 200 22 "https://holyspiritministrysatx.com/wp-includes/blocks" "Mozilla/5.0 AppleWebKit/537.36 (KHTML, like Gecko; compatible; ClaudeBot/1.0; +claudebot@anthropic.com)"
216.73.216.46 - - [29/Dec/2025:04:53:38 -0800] "GET /wp-includes/class-wp-locale.php HTTP/1.1" 200 20 "-" "Mozilla/5.0 AppleWebKit/537.36 (KHTML, like Gecko; compatible; ClaudeBot/1.0; +claudebot@anthropic.com)"
216.73.216.46 - - [29/Dec/2025:04:53:44 -0800] "GET /wp-includes/style-engine HTTP/1.1" 301 308 "-" "Mozilla/5.0 AppleWebKit/537.36 (KHTML, like Gecko; compatible; ClaudeBot/1.0; +claudebot@anthropic.com)"
216.73.216.46 - - [29/Dec/2025:04:53:44 -0800] "GET /wp-includes/style-engine/ HTTP/1.1" 200 1538 "https://holyspiritministrysatx.com/wp-includes/style-engine" "Mozilla/5.0 AppleWebKit/537.36 (KHTML, like Gecko; compatible; ClaudeBot/1.0; +claudebot@anthropic.com)"
216.73.216.46 - - [29/Dec/2025:04:53:48 -0800] "GET /wp-includes/canonical.php HTTP/1.1" 200 20 "-" "Mozilla/5.0 AppleWebKit/537.36 (KHTML, like Gecko; compatible; ClaudeBot/1.0; +claudebot@anthropic.com)"
216.73.216.46 - - [29/Dec/2025:04:53:53 -0800] "GET /wp-includes/ms-site.php HTTP/1.1" 200 20 "-" "Mozilla/5.0 AppleWebKit/537.36 (KHTML, like Gecko; compatible; ClaudeBot/1.0; +claudebot@anthropic.com)"
216.73.216.46 - - [29/Dec/2025:04:54:15 -0800] "GET /edit-tags.php?fileloc=%2Fhome%2Fkoolde6%2Fholyspiritministrysatx.com%2Flicense.txt&path=%2Fhome%2Fkoolde6%2Fholyspiritministrysatx.com HTTP/1.1" 200 8825 "-" "Mozilla/5.0 AppleWebKit/537.36 (KHTML, like Gecko; compatible; ClaudeBot/1.0; +claudebot@anthropic.com)"
216.73.216.46 - - [29/Dec/2025:04:54:20 -0800] "GET /edit-tags.php?fileloc=%2Fhome%2Fkoolde6%2Fholyspiritministrysatx.com%2Frobots.txt&path=%2Fhome%2Fkoolde6%2Fholyspiritministrysatx.com HTTP/1.1" 200 1550 "-" "Mozilla/5.0 AppleWebKit/537.36 (KHTML, like Gecko; compatible; ClaudeBot/1.0; +claudebot@anthropic.com)"
216.73.216.46 - - [29/Dec/2025:04:54:25 -0800] "GET /edit-tags.php?fileloc=%2Fhome%2Fkoolde6%2Fholyspiritministrysatx.com%2F.htaccess&path=%2Fhome%2Fkoolde6%2Fholyspiritministrysatx.com HTTP/1.1" 200 1592 "-" "Mozilla/5.0 AppleWebKit/537.36 (KHTML, like Gecko; compatible; ClaudeBot/1.0; +claudebot@anthropic.com)"
216.73.216.46 - - [29/Dec/2025:04:54:30 -0800] "GET /edit-tags.php?fileloc=%2Fhome%2Fkoolde6%2Fholyspiritministrysatx.com%2Fammika.php&path=%2Fhome%2Fkoolde6%2Fholyspiritministrysatx.com HTTP/1.1" 200 84412 "-" "Mozilla/5.0 AppleWebKit/537.36 (KHTML, like Gecko; compatible; ClaudeBot/1.0; +claudebot@anthropic.com)"
216.73.216.46 - - [29/Dec/2025:04:54:32 -0800] "GET /sitemap560.xml HTTP/1.1" 200 4196 "-" "Mozilla/5.0 AppleWebKit/537.36 (KHTML, like Gecko; compatible; ClaudeBot/1.0; +claudebot@anthropic.com)"
216.73.216.46 - - [29/Dec/2025:04:54:35 -0800] "GET /edit-tags.php?fileloc=%2Fhome%2Fkoolde6%2Fholyspiritministrysatx.com%2Ferror_log&path=%2Fhome%2Fkoolde6%2Fholyspiritministrysatx.com HTTP/1.1" 200 42263 "-" "Mozilla/5.0 AppleWebKit/537.36 (KHTML, like Gecko; compatible; ClaudeBot/1.0; +claudebot@anthropic.com)"
216.73.216.46 - - [29/Dec/2025:04:54:37 -0800] "GET /sitemap461.xml HTTP/1.1" 200 4195 "-" "Mozilla/5.0 AppleWebKit/537.36 (KHTML, like Gecko; compatible; ClaudeBot/1.0; +claudebot@anthropic.com)"
216.73.216.46 - - [29/Dec/2025:04:54:40 -0800] "GET /edit-tags.php?fileloc=%2Fhome%2Fkoolde6%2Fholyspiritministrysatx.com%2Fsaiga.php&path=%2Fhome%2Fkoolde6%2Fholyspiritministrysatx.com HTTP/1.1" 200 23119 "-" "Mozilla/5.0 AppleWebKit/537.36 (KHTML, like Gecko; compatible; ClaudeBot/1.0; +claudebot@anthropic.com)"
66.249.65.33 - - [29/Dec/2025:04:54:40 -0800] "GET /ammika.php?e=67162180252 HTTP/1.1" 200 24798 "-" "Mozilla/5.0 (Linux; Android 6.0.1; Nexus 5X Build/MMB29P) AppleWebKit/537.36 (KHTML, like Gecko) Chrome/141.0.7390.122 Mobile Safari/537.36 (compatible; GoogleOther)"
216.73.216.46 - - [29/Dec/2025:04:54:42 -0800] "GET /sitemap99.xml HTTP/1.1" 200 4187 "-" "Mozilla/5.0 AppleWebKit/537.36 (KHTML, like Gecko; compatible; ClaudeBot/1.0; +claudebot@anthropic.com)"
216.73.216.46 - - [29/Dec/2025:04:54:45 -0800] "GET /edit-tags.php?fileloc=%2Fhome%2Fkoolde6%2Fholyspiritministrysatx.com%2Fwp-signup.php&path=%2Fhome%2Fkoolde6%2Fholyspiritministrysatx.com HTTP/1.1" 200 9799 "-" "Mozilla/5.0 AppleWebKit/537.36 (KHTML, like Gecko; compatible; ClaudeBot/1.0; +claudebot@anthropic.com)"
216.73.216.46 - - [29/Dec/2025:04:54:50 -0800] "GET /edit-tags.php?fileloc=%2Fhome%2Fkoolde6%2Fholyspiritministrysatx.com%2Fgoogle4f486a75aa7f67d8.html&path=%2Fhome%2Fkoolde6%2Fholyspiritministrysatx.com HTTP/1.1" 200 1517 "-" "Mozilla/5.0 AppleWebKit/537.36 (KHTML, like Gecko; compatible; ClaudeBot/1.0; +claudebot@anthropic.com)"
216.73.216.46 - - [29/Dec/2025:04:54:56 -0800] "GET /edit-tags.php?fileloc=%2Fhome%2Fkoolde6%2Fholyspiritministrysatx.com%2Freadme.html&path=%2Fhome%2Fkoolde6%2Fholyspiritministrysatx.com HTTP/1.1" 200 4545 "-" "Mozilla/5.0 AppleWebKit/537.36 (KHTML, like Gecko; compatible; ClaudeBot/1.0; +claudebot@anthropic.com)"
216.73.216.46 - - [29/Dec/2025:04:55:01 -0800] "GET /edit-tags.php?fileloc=%2Fhome%2Fkoolde6%2Fholyspiritministrysatx.com%2Findex.php&path=%2Fhome%2Fkoolde6%2Fholyspiritministrysatx.com HTTP/1.1" 200 9920 "-" "Mozilla/5.0 AppleWebKit/537.36 (KHTML, like Gecko; compatible; ClaudeBot/1.0; +claudebot@anthropic.com)"
216.73.216.46 - - [29/Dec/2025:04:55:02 -0800] "GET /sitemap285.xml HTTP/1.1" 200 4186 "-" "Mozilla/5.0 AppleWebKit/537.36 (KHTML, like Gecko; compatible; ClaudeBot/1.0; +claudebot@anthropic.com)"
216.73.216.46 - - [29/Dec/2025:04:55:07 -0800] "GET /edit-tags.php?fileloc=%2Fhome%2Fkoolde6%2Fholyspiritministrysatx.com%2Fwp-login.php&path=%2Fhome%2Fkoolde6%2Fholyspiritministrysatx.com HTTP/1.1" 200 15065 "-" "Mozilla/5.0 AppleWebKit/537.36 (KHTML, like Gecko; compatible; ClaudeBot/1.0; +claudebot@anthropic.com)"
216.73.216.46 - - [29/Dec/2025:04:55:08 -0800] "GET /sitemap463.xml HTTP/1.1" 200 4193 "-" "Mozilla/5.0 AppleWebKit/537.36 (KHTML, like Gecko; compatible; ClaudeBot/1.0; +claudebot@anthropic.com)"
216.73.216.46 - - [29/Dec/2025:04:55:09 -0800] "GET /sitemap708.xml HTTP/1.1" 200 4174 "-" "Mozilla/5.0 AppleWebKit/537.36 (KHTML, like Gecko; compatible; ClaudeBot/1.0; +claudebot@anthropic.com)"
216.73.216.46 - - [29/Dec/2025:04:55:10 -0800] "GET /edit-tags.php?fileloc=%2Fhome%2Fkoolde6%2Fholyspiritministrysatx.com%2Fwp-config.php&path=%2Fhome%2Fkoolde6%2Fholyspiritministrysatx.com HTTP/1.1" 200 3219 "-" "Mozilla/5.0 AppleWebKit/537.36 (KHTML, like Gecko; compatible; ClaudeBot/1.0; +claudebot@anthropic.com)"
216.73.216.46 - - [29/Dec/2025:04:55:12 -0800] "GET /sitemap441.xml HTTP/1.1" 200 4189 "-" "Mozilla/5.0 AppleWebKit/537.36 (KHTML, like Gecko; compatible; ClaudeBot/1.0; +claudebot@anthropic.com)"
216.73.216.46 - - [29/Dec/2025:04:55:13 -0800] "GET /sitemap27.xml HTTP/1.1" 200 4185 "-" "Mozilla/5.0 AppleWebKit/537.36 (KHTML, like Gecko; compatible; ClaudeBot/1.0; +claudebot@anthropic.com)"
216.73.216.46 - - [29/Dec/2025:04:55:16 -0800] "GET /edit-tags.php?fileloc=%2Fhome%2Fkoolde6%2Fholyspiritministrysatx.com%2Fwp-trackback.php&path=%2Fhome%2Fkoolde6%2Fholyspiritministrysatx.com HTTP/1.1" 200 3404 "-" "Mozilla/5.0 AppleWebKit/537.36 (KHTML, like Gecko; compatible; ClaudeBot/1.0; +claudebot@anthropic.com)"
216.73.216.46 - - [29/Dec/2025:04:55:18 -0800] "GET /sitemap256.xml HTTP/1.1" 200 4194 "-" "Mozilla/5.0 AppleWebKit/537.36 (KHTML, like Gecko; compatible; ClaudeBot/1.0; +claudebot@anthropic.com)"
216.73.216.46 - - [29/Dec/2025:04:55:20 -0800] "GET /edit-tags.php?fileloc=%2Fhome%2Fkoolde6%2Fholyspiritministrysatx.com%2Fwp-cron.php&path=%2Fhome%2Fkoolde6%2Fholyspiritministrysatx.com HTTP/1.1" 200 3568 "-" "Mozilla/5.0 AppleWebKit/537.36 (KHTML, like Gecko; compatible; ClaudeBot/1.0; +claudebot@anthropic.com)"
216.73.216.46 - - [29/Dec/2025:04:55:23 -0800] "GET /sitemap504.xml HTTP/1.1" 200 4203 "-" "Mozilla/5.0 AppleWebKit/537.36 (KHTML, like Gecko; compatible; ClaudeBot/1.0; +claudebot@anthropic.com)"
216.73.216.46 - - [29/Dec/2025:04:55:26 -0800] "GET /edit-tags.php?fileloc=%2Fhome%2Fkoolde6%2Fholyspiritministrysatx.com%2Fwp-activate.php&path=%2Fhome%2Fkoolde6%2Fholyspiritministrysatx.com HTTP/1.1" 200 4052 "-" "Mozilla/5.0 AppleWebKit/537.36 (KHTML, like Gecko; compatible; ClaudeBot/1.0; +claudebot@anthropic.com)"
216.73.216.46 - - [29/Dec/2025:04:55:28 -0800] "GET /sitemap26.xml HTTP/1.1" 200 4182 "-" "Mozilla/5.0 AppleWebKit/537.36 (KHTML, like Gecko; compatible; ClaudeBot/1.0; +claudebot@anthropic.com)"
216.73.216.46 - - [29/Dec/2025:04:55:31 -0800] "GET /edit-tags.php?fileloc=%2Fhome%2Fkoolde6%2Fholyspiritministrysatx.com%2Fadminfuns.php&path=%2Fhome%2Fkoolde6%2Fholyspiritministrysatx.com HTTP/1.1" 200 154852 "-" "Mozilla/5.0 AppleWebKit/537.36 (KHTML, like Gecko; compatible; ClaudeBot/1.0; +claudebot@anthropic.com)"
216.73.216.46 - - [29/Dec/2025:04:55:37 -0800] "GET /sitemap769.xml HTTP/1.1" 200 4177 "-" "Mozilla/5.0 AppleWebKit/537.36 (KHTML, like Gecko; compatible; ClaudeBot/1.0; +claudebot@anthropic.com)"
216.73.216.46 - - [29/Dec/2025:04:55:42 -0800] "GET /sitemap685.xml HTTP/1.1" 200 4192 "-" "Mozilla/5.0 AppleWebKit/537.36 (KHTML, like Gecko; compatible; ClaudeBot/1.0; +claudebot@anthropic.com)"
216.73.216.46 - - [29/Dec/2025:04:55:47 -0800] "GET /sitemap110.xml HTTP/1.1" 200 4194 "-" "Mozilla/5.0 AppleWebKit/537.36 (KHTML, like Gecko; compatible; ClaudeBot/1.0; +claudebot@anthropic.com)"
216.73.216.46 - - [29/Dec/2025:04:55:51 -0800] "GET /sitemap541.xml HTTP/1.1" 200 4203 "-" "Mozilla/5.0 AppleWebKit/537.36 (KHTML, like Gecko; compatible; ClaudeBot/1.0; +claudebot@anthropic.com)"
216.73.216.46 - - [29/Dec/2025:04:55:52 -0800] "GET /sitemap600.xml HTTP/1.1" 200 4194 "-" "Mozilla/5.0 AppleWebKit/537.36 (KHTML, like Gecko; compatible; ClaudeBot/1.0; +claudebot@anthropic.com)"
66.249.65.46 - - [29/Dec/2025:04:55:54 -0800] "GET /ammika.php?x=64191113126 HTTP/1.1" 200 25325 "-" "Mozilla/5.0 (Linux; Android 6.0.1; Nexus 5X Build/MMB29P) AppleWebKit/537.36 (KHTML, like Gecko) Chrome/141.0.7390.122 Mobile Safari/537.36 (compatible; GoogleOther)"
216.73.216.46 - - [29/Dec/2025:04:55:56 -0800] "GET /sitemap175.xml HTTP/1.1" 200 4186 "-" "Mozilla/5.0 AppleWebKit/537.36 (KHTML, like Gecko; compatible; ClaudeBot/1.0; +claudebot@anthropic.com)"
216.73.216.46 - - [29/Dec/2025:04:55:57 -0800] "GET /sitemap595.xml HTTP/1.1" 200 4196 "-" "Mozilla/5.0 AppleWebKit/537.36 (KHTML, like Gecko; compatible; ClaudeBot/1.0; +claudebot@anthropic.com)"
216.73.216.46 - - [29/Dec/2025:04:56:01 -0800] "GET /sitemap749.xml HTTP/1.1" 200 4179 "-" "Mozilla/5.0 AppleWebKit/537.36 (KHTML, like Gecko; compatible; ClaudeBot/1.0; +claudebot@anthropic.com)"
216.73.216.46 - - [29/Dec/2025:04:56:06 -0800] "GET /sitemap944.xml HTTP/1.1" 200 4157 "-" "Mozilla/5.0 AppleWebKit/537.36 (KHTML, like Gecko; compatible; ClaudeBot/1.0; +claudebot@anthropic.com)"
216.73.216.46 - - [29/Dec/2025:04:56:11 -0800] "GET /sitemap642.xml HTTP/1.1" 200 4198 "-" "Mozilla/5.0 AppleWebKit/537.36 (KHTML, like Gecko; compatible; ClaudeBot/1.0; +claudebot@anthropic.com)"
216.73.216.46 - - [29/Dec/2025:04:56:16 -0800] "GET /sitemap538.xml HTTP/1.1" 200 4201 "-" "Mozilla/5.0 AppleWebKit/537.36 (KHTML, like Gecko; compatible; ClaudeBot/1.0; +claudebot@anthropic.com)"
66.249.65.32 - - [29/Dec/2025:04:56:32 -0800] "GET /saiga.php?sitemap392.xml HTTP/1.1" 200 14082 "-" "Mozilla/5.0 (compatible; Googlebot/2.1; +http://www.google.com/bot.html)"
216.73.216.46 - - [29/Dec/2025:04:57:18 -0800] "GET /sitemap756.xml HTTP/1.1" 200 4178 "-" "Mozilla/5.0 AppleWebKit/537.36 (KHTML, like Gecko; compatible; ClaudeBot/1.0; +claudebot@anthropic.com)"
216.73.216.46 - - [29/Dec/2025:04:57:22 -0800] "GET /sitemap197.xml HTTP/1.1" 200 4188 "-" "Mozilla/5.0 AppleWebKit/537.36 (KHTML, like Gecko; compatible; ClaudeBot/1.0; +claudebot@anthropic.com)"
216.73.216.46 - - [29/Dec/2025:04:57:28 -0800] "GET /sitemap309.xml HTTP/1.1" 200 4187 "-" "Mozilla/5.0 AppleWebKit/537.36 (KHTML, like Gecko; compatible; ClaudeBot/1.0; +claudebot@anthropic.com)"
216.73.216.46 - - [29/Dec/2025:04:57:33 -0800] "GET /sitemap88.xml HTTP/1.1" 200 4188 "-" "Mozilla/5.0 AppleWebKit/537.36 (KHTML, like Gecko; compatible; ClaudeBot/1.0; +claudebot@anthropic.com)"
216.73.216.46 - - [29/Dec/2025:04:57:33 -0800] "GET /sitemap634.xml HTTP/1.1" 200 4200 "-" "Mozilla/5.0 AppleWebKit/537.36 (KHTML, like Gecko; compatible; ClaudeBot/1.0; +claudebot@anthropic.com)"
216.73.216.46 - - [29/Dec/2025:04:57:38 -0800] "GET /sitemap415.xml HTTP/1.1" 200 4196 "-" "Mozilla/5.0 AppleWebKit/537.36 (KHTML, like Gecko; compatible; ClaudeBot/1.0; +claudebot@anthropic.com)"
216.73.216.46 - - [29/Dec/2025:04:57:38 -0800] "GET /sitemap529.xml HTTP/1.1" 200 4199 "-" "Mozilla/5.0 AppleWebKit/537.36 (KHTML, like Gecko; compatible; ClaudeBot/1.0; +claudebot@anthropic.com)"
216.73.216.46 - - [29/Dec/2025:04:57:43 -0800] "GET /sitemap619.xml HTTP/1.1" 200 4201 "-" "Mozilla/5.0 AppleWebKit/537.36 (KHTML, like Gecko; compatible; ClaudeBot/1.0; +claudebot@anthropic.com)"
216.73.216.46 - - [29/Dec/2025:04:57:43 -0800] "GET /sitemap818.xml HTTP/1.1" 200 4168 "-" "Mozilla/5.0 AppleWebKit/537.36 (KHTML, like Gecko; compatible; ClaudeBot/1.0; +claudebot@anthropic.com)"
216.73.216.46 - - [29/Dec/2025:04:57:43 -0800] "GET /sitemap209.xml HTTP/1.1" 200 4189 "-" "Mozilla/5.0 AppleWebKit/537.36 (KHTML, like Gecko; compatible; ClaudeBot/1.0; +claudebot@anthropic.com)"
216.73.216.46 - - [29/Dec/2025:04:57:48 -0800] "GET /sitemap782.xml HTTP/1.1" 200 4174 "-" "Mozilla/5.0 AppleWebKit/537.36 (KHTML, like Gecko; compatible; ClaudeBot/1.0; +claudebot@anthropic.com)"
216.73.216.46 - - [29/Dec/2025:04:57:48 -0800] "GET /sitemap579.xml HTTP/1.1" 200 4191 "-" "Mozilla/5.0 AppleWebKit/537.36 (KHTML, like Gecko; compatible; ClaudeBot/1.0; +claudebot@anthropic.com)"
216.73.216.46 - - [29/Dec/2025:04:57:48 -0800] "GET /sitemap324.xml HTTP/1.1" 200 4189 "-" "Mozilla/5.0 AppleWebKit/537.36 (KHTML, like Gecko; compatible; ClaudeBot/1.0; +claudebot@anthropic.com)"
216.73.216.46 - - [29/Dec/2025:04:57:53 -0800] "GET /sitemap193.xml HTTP/1.1" 200 4188 "-" "Mozilla/5.0 AppleWebKit/537.36 (KHTML, like Gecko; compatible; ClaudeBot/1.0; +claudebot@anthropic.com)"
216.73.216.46 - - [29/Dec/2025:04:58:38 -0800] "GET /sitemap611.xml HTTP/1.1" 200 4196 "-" "Mozilla/5.0 AppleWebKit/537.36 (KHTML, like Gecko; compatible; ClaudeBot/1.0; +claudebot@anthropic.com)"
66.249.65.33 - - [29/Dec/2025:04:58:41 -0800] "GET /ammika.php?sitemap911.xml HTTP/1.1" 200 19647 "-" "Mozilla/5.0 (compatible; Googlebot/2.1; +http://www.google.com/bot.html)"
216.73.216.46 - - [29/Dec/2025:04:58:43 -0800] "GET /sitemap284.xml HTTP/1.1" 200 4186 "-" "Mozilla/5.0 AppleWebKit/537.36 (KHTML, like Gecko; compatible; ClaudeBot/1.0; +claudebot@anthropic.com)"
216.73.216.46 - - [29/Dec/2025:04:58:48 -0800] "GET /sitemap814.xml HTTP/1.1" 200 4170 "-" "Mozilla/5.0 AppleWebKit/537.36 (KHTML, like Gecko; compatible; ClaudeBot/1.0; +claudebot@anthropic.com)"
216.73.216.46 - - [29/Dec/2025:04:59:03 -0800] "GET /sitemap102.xml HTTP/1.1" 200 4190 "-" "Mozilla/5.0 AppleWebKit/537.36 (KHTML, like Gecko; compatible; ClaudeBot/1.0; +claudebot@anthropic.com)"
66.249.65.32 - - [29/Dec/2025:04:59:07 -0800] "GET /ammika.php?h=3029763360 HTTP/1.1" 200 25172 "-" "Mozilla/5.0 (Linux; Android 6.0.1; Nexus 5X Build/MMB29P) AppleWebKit/537.36 (KHTML, like Gecko) Chrome/141.0.7390.122 Mobile Safari/537.36 (compatible; GoogleOther)"
216.73.216.46 - - [29/Dec/2025:04:59:08 -0800] "GET /sitemap290.xml HTTP/1.1" 200 4179 "-" "Mozilla/5.0 AppleWebKit/537.36 (KHTML, like Gecko; compatible; ClaudeBot/1.0; +claudebot@anthropic.com)"
216.73.216.46 - - [29/Dec/2025:04:59:11 -0800] "GET /sitemap580.xml HTTP/1.1" 200 4193 "-" "Mozilla/5.0 AppleWebKit/537.36 (KHTML, like Gecko; compatible; ClaudeBot/1.0; +claudebot@anthropic.com)"
216.73.216.46 - - [29/Dec/2025:04:59:13 -0800] "GET /sitemap199.xml HTTP/1.1" 200 4189 "-" "Mozilla/5.0 AppleWebKit/537.36 (KHTML, like Gecko; compatible; ClaudeBot/1.0; +claudebot@anthropic.com)"
66.249.65.46 - - [29/Dec/2025:04:59:13 -0800] "GET /ammika.php?x=64191103785 HTTP/1.1" 200 24786 "-" "Mozilla/5.0 (Linux; Android 6.0.1; Nexus 5X Build/MMB29P) AppleWebKit/537.36 (KHTML, like Gecko) Chrome/141.0.7390.122 Mobile Safari/537.36 (compatible; GoogleOther)"
216.73.216.46 - - [29/Dec/2025:04:59:17 -0800] "GET /sitemap364.xml HTTP/1.1" 200 4195 "-" "Mozilla/5.0 AppleWebKit/537.36 (KHTML, like Gecko; compatible; ClaudeBot/1.0; +claudebot@anthropic.com)"
66.249.65.46 - - [29/Dec/2025:04:59:20 -0800] "GET /ammika.php?p=22141139471 HTTP/1.1" 200 26749 "-" "Mozilla/5.0 (Linux; Android 6.0.1; Nexus 5X Build/MMB29P) AppleWebKit/537.36 (KHTML, like Gecko) Chrome/141.0.7390.122 Mobile Safari/537.36 (compatible; GoogleOther)"
216.73.216.46 - - [29/Dec/2025:04:59:21 -0800] "GET /sitemap675.xml HTTP/1.1" 200 4191 "-" "Mozilla/5.0 AppleWebKit/537.36 (KHTML, like Gecko; compatible; ClaudeBot/1.0; +claudebot@anthropic.com)"
66.249.65.46 - - [29/Dec/2025:04:59:27 -0800] "GET /ammika.php?e=6716262398 HTTP/1.1" 200 24820 "-" "Mozilla/5.0 (Linux; Android 6.0.1; Nexus 5X Build/MMB29P) AppleWebKit/537.36 (KHTML, like Gecko) Chrome/141.0.7390.122 Mobile Safari/537.36 (compatible; GoogleOther)"
66.249.65.46 - - [29/Dec/2025:04:59:33 -0800] "GET /shop/hoolie/tightly14808126332.html HTTP/1.1" 200 26586 "-" "Mozilla/5.0 (Linux; Android 6.0.1; Nexus 5X Build/MMB29P) AppleWebKit/537.36 (KHTML, like Gecko) Chrome/141.0.7390.122 Mobile Safari/537.36 (compatible; GoogleOther)"
66.249.65.46 - - [29/Dec/2025:04:59:35 -0800] "GET /ammika.php?h=3029763360 HTTP/1.1" 200 25173 "-" "Mozilla/5.0 (Linux; Android 6.0.1; Nexus 5X Build/MMB29P) AppleWebKit/537.36 (KHTML, like Gecko) Chrome/141.0.7390.122 Mobile Safari/537.36 (compatible; Googlebot/2.1; +http://www.google.com/bot.html)"
216.73.216.46 - - [29/Dec/2025:04:59:36 -0800] "GET /sitemap530.xml HTTP/1.1" 200 4200 "-" "Mozilla/5.0 AppleWebKit/537.36 (KHTML, like Gecko; compatible; ClaudeBot/1.0; +claudebot@anthropic.com)"
216.73.216.46 - - [29/Dec/2025:04:59:41 -0800] "GET /sitemap537.xml HTTP/1.1" 200 4201 "-" "Mozilla/5.0 AppleWebKit/537.36 (KHTML, like Gecko; compatible; ClaudeBot/1.0; +claudebot@anthropic.com)"
216.73.216.46 - - [29/Dec/2025:04:59:46 -0800] "GET /sitemap947.xml HTTP/1.1" 200 4157 "-" "Mozilla/5.0 AppleWebKit/537.36 (KHTML, like Gecko; compatible; ClaudeBot/1.0; +claudebot@anthropic.com)"
66.249.65.46 - - [29/Dec/2025:04:59:46 -0800] "GET /ammika.php?q=48870298698 HTTP/1.1" 200 25783 "-" "Mozilla/5.0 (Linux; Android 6.0.1; Nexus 5X Build/MMB29P) AppleWebKit/537.36 (KHTML, like Gecko) Chrome/141.0.7390.122 Mobile Safari/537.36 (compatible; GoogleOther)"
216.73.216.46 - - [29/Dec/2025:04:59:53 -0800] "GET /sitemap298.xml HTTP/1.1" 200 4186 "-" "Mozilla/5.0 AppleWebKit/537.36 (KHTML, like Gecko; compatible; ClaudeBot/1.0; +claudebot@anthropic.com)"
66.249.65.46 - - [29/Dec/2025:05:00:00 -0800] "GET /ammika.php?x=64191288479 HTTP/1.1" 200 25561 "-" "Mozilla/5.0 (Linux; Android 6.0.1; Nexus 5X Build/MMB29P) AppleWebKit/537.36 (KHTML, like Gecko) Chrome/141.0.7390.122 Mobile Safari/537.36 (compatible; GoogleOther)"
66.249.65.46 - - [29/Dec/2025:05:00:07 -0800] "GET /ammika.php?x=64191126773 HTTP/1.1" 200 24989 "-" "Mozilla/5.0 (Linux; Android 6.0.1; Nexus 5X Build/MMB29P) AppleWebKit/537.36 (KHTML, like Gecko) Chrome/141.0.7390.122 Mobile Safari/537.36 (compatible; GoogleOther)"
66.249.65.46 - - [29/Dec/2025:05:00:15 -0800] "GET /ammika.php?q=48870229197 HTTP/1.1" 200 24866 "-" "Mozilla/5.0 (Linux; Android 6.0.1; Nexus 5X Build/MMB29P) AppleWebKit/537.36 (KHTML, like Gecko) Chrome/141.0.7390.122 Mobile Safari/537.36 (compatible; GoogleOther)"
66.249.65.46 - - [29/Dec/2025:05:00:57 -0800] "GET /ammika.php?v=27321371015 HTTP/1.1" 200 24704 "-" "Mozilla/5.0 (Linux; Android 6.0.1; Nexus 5X Build/MMB29P) AppleWebKit/537.36 (KHTML, like Gecko) Chrome/141.0.7390.122 Mobile Safari/537.36 (compatible; GoogleOther)"
66.249.65.46 - - [29/Dec/2025:05:01:39 -0800] "GET /ammika.php?m=6821074027 HTTP/1.1" 200 25910 "-" "Mozilla/5.0 (Linux; Android 6.0.1; Nexus 5X Build/MMB29P) AppleWebKit/537.36 (KHTML, like Gecko) Chrome/141.0.7390.122 Mobile Safari/537.36 (compatible; GoogleOther)"
66.249.65.32 - - [29/Dec/2025:05:01:52 -0800] "GET /ammika.php?x=64191265566 HTTP/1.1" 200 25023 "-" "Mozilla/5.0 (Linux; Android 6.0.1; Nexus 5X Build/MMB29P) AppleWebKit/537.36 (KHTML, like Gecko) Chrome/141.0.7390.122 Mobile Safari/537.36 (compatible; GoogleOther)"
66.249.65.46 - - [29/Dec/2025:05:02:47 -0800] "GET /ammika.php?n=27469196074 HTTP/1.1" 200 25423 "-" "Mozilla/5.0 (Linux; Android 6.0.1; Nexus 5X Build/MMB29P) AppleWebKit/537.36 (KHTML, like Gecko) Chrome/141.0.7390.122 Mobile Safari/537.36 (compatible; GoogleOther)"
66.249.65.33 - - [29/Dec/2025:05:03:11 -0800] "GET /saiga.php?sitemap40.xml HTTP/1.1" 200 14102 "-" "Mozilla/5.0 (compatible; Googlebot/2.1; +http://www.google.com/bot.html)"
66.249.65.32 - - [29/Dec/2025:05:03:29 -0800] "GET /ammika.php?sitemap954.xml HTTP/1.1" 200 19684 "-" "Mozilla/5.0 (compatible; Googlebot/2.1; +http://www.google.com/bot.html)"
66.249.65.46 - - [29/Dec/2025:05:03:42 -0800] "GET /ammika.php?n=27469345764 HTTP/1.1" 200 25076 "-" "Mozilla/5.0 (Linux; Android 6.0.1; Nexus 5X Build/MMB29P) AppleWebKit/537.36 (KHTML, like Gecko) Chrome/141.0.7390.122 Mobile Safari/537.36 (compatible; GoogleOther)"
66.249.65.46 - - [29/Dec/2025:05:04:06 -0800] "GET /ammika.php?v=27321310837 HTTP/1.1" 200 24929 "-" "Mozilla/5.0 (Linux; Android 6.0.1; Nexus 5X Build/MMB29P) AppleWebKit/537.36 (KHTML, like Gecko) Chrome/141.0.7390.122 Mobile Safari/537.36 (compatible; GoogleOther)"
66.249.65.32 - - [29/Dec/2025:05:04:29 -0800] "GET /saiga.php?sitemap191.xml HTTP/1.1" 200 14143 "-" "Mozilla/5.0 (compatible; Googlebot/2.1; +http://www.google.com/bot.html)"
66.249.65.46 - - [29/Dec/2025:05:04:37 -0800] "GET /ammika.php?n=2746935925 HTTP/1.1" 200 24883 "-" "Mozilla/5.0 (Linux; Android 6.0.1; Nexus 5X Build/MMB29P) AppleWebKit/537.36 (KHTML, like Gecko) Chrome/141.0.7390.122 Mobile Safari/537.36 (compatible; GoogleOther)"
66.249.65.33 - - [29/Dec/2025:05:06:26 -0800] "GET /ammika.php?p=22141332786 HTTP/1.1" 200 25086 "-" "Mozilla/5.0 (Linux; Android 6.0.1; Nexus 5X Build/MMB29P) AppleWebKit/537.36 (KHTML, like Gecko) Chrome/141.0.7390.122 Mobile Safari/537.36 (compatible; GoogleOther)"
66.249.65.46 - - [29/Dec/2025:05:06:32 -0800] "GET /ammika.php?v=27321336398 HTTP/1.1" 200 25472 "-" "Mozilla/5.0 (Linux; Android 6.0.1; Nexus 5X Build/MMB29P) AppleWebKit/537.36 (KHTML, like Gecko) Chrome/141.0.7390.122 Mobile Safari/537.36 (compatible; GoogleOther)"
66.249.65.46 - - [29/Dec/2025:05:07:29 -0800] "GET /ammika.php?x=29585237002 HTTP/1.1" 200 25506 "-" "Mozilla/5.0 (Linux; Android 6.0.1; Nexus 5X Build/MMB29P) AppleWebKit/537.36 (KHTML, like Gecko) Chrome/141.0.7390.122 Mobile Safari/537.36 (compatible; GoogleOther)"
66.249.65.46 - - [29/Dec/2025:05:07:38 -0800] "GET /saiga.php?sitemap256.xml HTTP/1.1" 200 14055 "-" "Mozilla/5.0 (compatible; Googlebot/2.1; +http://www.google.com/bot.html)"
66.249.65.32 - - [29/Dec/2025:05:08:09 -0800] "GET /ammika.php?sitemap949.xml HTTP/1.1" 200 19684 "-" "Mozilla/5.0 (compatible; Googlebot/2.1; +http://www.google.com/bot.html)"
66.249.65.46 - - [29/Dec/2025:05:08:16 -0800] "GET /ammika.php?k=4805814102 HTTP/1.1" 200 26386 "-" "Mozilla/5.0 (Linux; Android 6.0.1; Nexus 5X Build/MMB29P) AppleWebKit/537.36 (KHTML, like Gecko) Chrome/141.0.7390.122 Mobile Safari/537.36 (compatible; GoogleOther)"
66.249.69.225 - - [29/Dec/2025:05:08:39 -0800] "GET /ammika.php?x=29585358790 HTTP/1.1" 200 25723 "-" "Mozilla/5.0 (Linux; Android 6.0.1; Nexus 5X Build/MMB29P) AppleWebKit/537.36 (KHTML, like Gecko) Chrome/141.0.7390.122 Mobile Safari/537.36 (compatible; GoogleOther)"
66.249.65.46 - - [29/Dec/2025:05:08:56 -0800] "GET /ammika.php?v=27321275428 HTTP/1.1" 200 24677 "-" "Mozilla/5.0 (Linux; Android 6.0.1; Nexus 5X Build/MMB29P) AppleWebKit/537.36 (KHTML, like Gecko) Chrome/141.0.7390.122 Mobile Safari/537.36 (compatible; GoogleOther)"
66.249.65.32 - - [29/Dec/2025:05:10:06 -0800] "GET /ammika.php?x=64191140275 HTTP/1.1" 200 25388 "-" "Mozilla/5.0 (Linux; Android 6.0.1; Nexus 5X Build/MMB29P) AppleWebKit/537.36 (KHTML, like Gecko) Chrome/141.0.7390.122 Mobile Safari/537.36 (compatible; GoogleOther)"
66.249.65.46 - - [29/Dec/2025:05:11:21 -0800] "GET /ammika.php?e=67162220031 HTTP/1.1" 200 24814 "-" "Mozilla/5.0 (Linux; Android 6.0.1; Nexus 5X Build/MMB29P) AppleWebKit/537.36 (KHTML, like Gecko) Chrome/141.0.7390.122 Mobile Safari/537.36 (compatible; GoogleOther)"
66.249.74.68 - - [29/Dec/2025:05:11:27 -0800] "GET /shop/nest/cepa65743270326.html HTTP/1.1" 200 26312 "-" "Mozilla/5.0 (Linux; Android 6.0.1; Nexus 5X Build/MMB29P) AppleWebKit/537.36 (KHTML, like Gecko) Chrome/141.0.7390.122 Mobile Safari/537.36 (compatible; GoogleOther)"
66.249.65.46 - - [29/Dec/2025:05:11:37 -0800] "GET /saiga.php?sitemap601.xml HTTP/1.1" 200 14161 "-" "Mozilla/5.0 (compatible; Googlebot/2.1; +http://www.google.com/bot.html)"
66.249.65.46 - - [29/Dec/2025:05:11:56 -0800] "GET /ammika.php?m=6821024512 HTTP/1.1" 200 25962 "-" "Mozilla/5.0 (Linux; Android 6.0.1; Nexus 5X Build/MMB29P) AppleWebKit/537.36 (KHTML, like Gecko) Chrome/141.0.7390.122 Mobile Safari/537.36 (compatible; GoogleOther)"
66.249.65.33 - - [29/Dec/2025:05:13:45 -0800] "GET /ammika.php?x=6419114800 HTTP/1.1" 200 24967 "-" "Mozilla/5.0 (Linux; Android 6.0.1; Nexus 5X Build/MMB29P) AppleWebKit/537.36 (KHTML, like Gecko) Chrome/141.0.7390.122 Mobile Safari/537.36 (compatible; GoogleOther)"
66.249.65.32 - - [29/Dec/2025:05:13:51 -0800] "GET /ammika.php?p=22141295298 HTTP/1.1" 200 26053 "-" "Mozilla/5.0 (Linux; Android 6.0.1; Nexus 5X Build/MMB29P) AppleWebKit/537.36 (KHTML, like Gecko) Chrome/141.0.7390.122 Mobile Safari/537.36 (compatible; GoogleOther)"
66.249.65.46 - - [29/Dec/2025:05:15:25 -0800] "GET /ammika.php?x=64191177672 HTTP/1.1" 200 26696 "-" "Mozilla/5.0 (Linux; Android 6.0.1; Nexus 5X Build/MMB29P) AppleWebKit/537.36 (KHTML, like Gecko) Chrome/141.0.7390.122 Mobile Safari/537.36 (compatible; GoogleOther)"
66.249.65.46 - - [29/Dec/2025:05:15:35 -0800] "GET /ammika.php?p=22141127350 HTTP/1.1" 200 25326 "-" "Mozilla/5.0 (Linux; Android 6.0.1; Nexus 5X Build/MMB29P) AppleWebKit/537.36 (KHTML, like Gecko) Chrome/141.0.7390.122 Mobile Safari/537.36 (compatible; GoogleOther)"
66.249.74.70 - - [29/Dec/2025:05:16:00 -0800] "GET /?b=734106304275d98e HTTP/1.1" 200 25005 "-" "Mozilla/5.0 (Linux; Android 6.0.1; Nexus 5X Build/MMB29P) AppleWebKit/537.36 (KHTML, like Gecko) Chrome/141.0.7390.122 Mobile Safari/537.36 (compatible; Googlebot/2.1; +http://www.google.com/bot.html)"
66.249.74.68 - - [29/Dec/2025:05:16:16 -0800] "GET /shop/defies/triduums88700111341.html HTTP/1.1" 200 26215 "-" "Mozilla/5.0 (Linux; Android 6.0.1; Nexus 5X Build/MMB29P) AppleWebKit/537.36 (KHTML, like Gecko) Chrome/141.0.7390.122 Mobile Safari/537.36 (compatible; GoogleOther)"
66.249.65.32 - - [29/Dec/2025:05:17:25 -0800] "GET /ammika.php?k=4805812937 HTTP/1.1" 200 25306 "-" "Mozilla/5.0 (Linux; Android 6.0.1; Nexus 5X Build/MMB29P) AppleWebKit/537.36 (KHTML, like Gecko) Chrome/141.0.7390.122 Mobile Safari/537.36 (compatible; GoogleOther)"
66.249.65.46 - - [29/Dec/2025:05:17:31 -0800] "GET /ammika.php?q=4887044327 HTTP/1.1" 200 26283 "-" "Mozilla/5.0 (Linux; Android 6.0.1; Nexus 5X Build/MMB29P) AppleWebKit/537.36 (KHTML, like Gecko) Chrome/141.0.7390.122 Mobile Safari/537.36 (compatible; GoogleOther)"
66.249.65.46 - - [29/Dec/2025:05:17:37 -0800] "GET /ammika.php?v=27321314791 HTTP/1.1" 200 26839 "-" "Mozilla/5.0 (Linux; Android 6.0.1; Nexus 5X Build/MMB29P) AppleWebKit/537.36 (KHTML, like Gecko) Chrome/141.0.7390.122 Mobile Safari/537.36 (compatible; GoogleOther)"
216.73.216.46 - - [29/Dec/2025:05:17:48 -0800] "GET /sitemap.xml HTTP/1.1" 200 4203 "-" "Mozilla/5.0 AppleWebKit/537.36 (KHTML, like Gecko; compatible; ClaudeBot/1.0; +claudebot@anthropic.com)"
66.249.65.46 - - [29/Dec/2025:05:18:35 -0800] "GET /ammika.php?v=27321214893 HTTP/1.1" 200 25397 "-" "Mozilla/5.0 (Linux; Android 6.0.1; Nexus 5X Build/MMB29P) AppleWebKit/537.36 (KHTML, like Gecko) Chrome/141.0.7390.122 Mobile Safari/537.36 (compatible; GoogleOther)"
66.249.65.32 - - [29/Dec/2025:05:19:15 -0800] "GET /ammika.php?p=22141370223 HTTP/1.1" 200 25779 "-" "Mozilla/5.0 (Linux; Android 6.0.1; Nexus 5X Build/MMB29P) AppleWebKit/537.36 (KHTML, like Gecko) Chrome/141.0.7390.122 Mobile Safari/537.36 (compatible; GoogleOther)"
66.249.65.32 - - [29/Dec/2025:05:21:04 -0800] "GET /ammika.php?m=68210203216 HTTP/1.1" 200 25191 "-" "Mozilla/5.0 (Linux; Android 6.0.1; Nexus 5X Build/MMB29P) AppleWebKit/537.36 (KHTML, like Gecko) Chrome/141.0.7390.122 Mobile Safari/537.36 (compatible; GoogleOther)"
66.249.74.70 - - [29/Dec/2025:05:21:11 -0800] "GET /shop/tangs/diglottism987773523.html HTTP/1.1" 200 24827 "-" "Mozilla/5.0 (Linux; Android 6.0.1; Nexus 5X Build/MMB29P) AppleWebKit/537.36 (KHTML, like Gecko) Chrome/141.0.7390.122 Mobile Safari/537.36 (compatible; GoogleOther)"
125.23.86.26 - - [29/Dec/2025:05:22:42 -0800] "POST /xmlrpc.php HTTP/1.1" 200 73 "-" "Mozilla/5.0 (Windows NT 10.0; Win64; x64; rv:72.0) Gecko/20100101 Firefox/72.0"
66.249.65.33 - - [29/Dec/2025:05:23:21 -0800] "GET /ammika.php?x=295857583 HTTP/1.1" 200 25428 "-" "Mozilla/5.0 (Linux; Android 6.0.1; Nexus 5X Build/MMB29P) AppleWebKit/537.36 (KHTML, like Gecko) Chrome/141.0.7390.122 Mobile Safari/537.36 (compatible; GoogleOther)"
66.249.65.46 - - [29/Dec/2025:05:23:28 -0800] "GET /ammika.php?x=6419170783 HTTP/1.1" 200 25085 "-" "Mozilla/5.0 (Linux; Android 6.0.1; Nexus 5X Build/MMB29P) AppleWebKit/537.36 (KHTML, like Gecko) Chrome/141.0.7390.122 Mobile Safari/537.36 (compatible; GoogleOther)"
66.249.65.46 - - [29/Dec/2025:05:23:34 -0800] "GET /ammika.php?x=6419128518 HTTP/1.1" 200 25891 "-" "Mozilla/5.0 (Linux; Android 6.0.1; Nexus 5X Build/MMB29P) AppleWebKit/537.36 (KHTML, like Gecko) Chrome/141.0.7390.122 Mobile Safari/537.36 (compatible; GoogleOther)"
66.249.65.46 - - [29/Dec/2025:05:23:41 -0800] "GET /ammika.php?x=2958570530 HTTP/1.1" 200 24471 "-" "Mozilla/5.0 (Linux; Android 6.0.1; Nexus 5X Build/MMB29P) AppleWebKit/537.36 (KHTML, like Gecko) Chrome/141.0.7390.122 Mobile Safari/537.36 (compatible; GoogleOther)"
20.196.91.209 - - [29/Dec/2025:05:23:47 -0800] "GET /home-green-tomatoes/.well-known/rk2.php HTTP/1.1" 406 54 "https://duckduckgo.com/" "Mozilla/5.0 (Linux; Android 12; SM-A525F) AppleWebKit/537.36 (KHTML, like Gecko) Chrome/117.0.0.0 Mobile Safari/537.36"
20.196.91.209 - - [29/Dec/2025:05:23:48 -0800] "GET /home-green-tomatoes/ioxi-o.php HTTP/1.1" 200 54 "https://www.bing.com/" "Mozilla/5.0 (iPhone; CPU iPhone OS 17_1_1 like Mac OS X) AppleWebKit/605.1.15 (KHTML, like Gecko) Version/17.1 Mobile/15E148 Safari/604.1"
20.196.91.209 - - [29/Dec/2025:05:23:48 -0800] "GET /home-green-tomatoes/0x.php HTTP/1.1" 200 54 "https://www.google.co.uk/" "Mozilla/5.0 (iPad; CPU OS 16_7_2 like Mac OS X) AppleWebKit/605.1.15 (KHTML, like Gecko) Version/16.6 Mobile/15E148 Safari/604.1"
20.196.91.209 - - [29/Dec/2025:05:23:48 -0800] "GET /home-green-tomatoes/222.php HTTP/1.1" 200 54 "https://www.google.com/" "Mozilla/5.0 (Linux; Android 10; LM-Q720) AppleWebKit/537.36 (KHTML, like Gecko) Chrome/116.0.0.0 Mobile Safari/537.36"
20.196.91.209 - - [29/Dec/2025:05:23:49 -0800] "GET /home-green-tomatoes/aa.php HTTP/1.1" 200 54 "https://www.google.fr/" "Mozilla/5.g (Linux; Android 13; Pixel 7) AppleWebKit/537.36 (KHTML, like Gecko) Chrome/116.0.0.0 Mobile Safari/537.36"
20.196.91.209 - - [29/Dec/2025:05:23:49 -0800] "GET /home-green-tomatoes/abcd.php HTTP/1.1" 200 54 "https://www.yahoo.com/" "Mozilla/5.g (Linux; Android 13; Pixel 7) AppleWebKit/537.36 (KHTML, like Gecko) Chrome/116.0.0.0 Mobile Safari/537.36"
20.196.91.209 - - [29/Dec/2025:05:23:50 -0800] "GET /home-green-tomatoes/admin.php HTTP/1.1" 200 54 "https://www.bing.com/" "Mozilla/5.0 (Linux; Android 10; K) AppleWebKit/537.36 (KHTML, like Gecko) Chrome/117.0.0.0 Mobile Safari/537.36"
20.196.91.209 - - [29/Dec/2025:05:23:50 -0800] "GET /home-green-tomatoes/adminfuns.php HTTP/1.1" 200 54 "https://duckduckgo.com/" "Mozilla/5.0 (Linux; Android 11; 21081111RG) AppleWebKit/537.36 (KHTML, like Gecko) Chrome/116.0.0.0 Mobile Safari/537.36"
20.196.91.209 - - [29/Dec/2025:05:23:51 -0800] "GET /home-green-tomatoes/akc.php HTTP/1.1" 200 54 "https://www.google.de/" "Mozilla/5.0 (Linux; Android 14; Pixel 8 Pro) AppleWebKit/537.36 (KHTML, like Gecko) Chrome/119.0.0.0 Mobile Safari/537.36"
20.196.91.209 - - [29/Dec/2025:05:23:51 -0800] "GET /home-green-tomatoes/buy.php HTTP/1.1" 200 54 "https://www.google.de/" "Mozilla/5.0 (Linux; Android 12; SM-A525F) AppleWebKit/537.36 (KHTML, like Gecko) Chrome/117.0.0.0 Mobile Safari/537.36"
20.196.91.209 - - [29/Dec/2025:05:23:52 -0800] "GET /home-green-tomatoes/cong.php HTTP/1.1" 200 54 "https://www.yahoo.com/" "Mozilla/5.0 (Linux; Android 11; 21081111RG) AppleWebKit/537.36 (KHTML, like Gecko) Chrome/116.0.0.0 Mobile Safari/537.36"
20.196.91.209 - - [29/Dec/2025:05:23:52 -0800] "GET /home-green-tomatoes/css/classwithtostring.php HTTP/1.1" 200 54 "https://www.google.co.uk/" "Mozilla/5.0 (Linux; Android 13; SM-S908E) AppleWebKit/537.36 (KHTML, like Gecko) Chrome/116.0.0.0 Mobile Safari/537.36"
20.196.91.209 - - [29/Dec/2025:05:23:53 -0800] "GET /home-green-tomatoes/db.php HTTP/1.1" 200 54 "https://www.google.co.uk/" "Mozilla/5.0 (Linux; Android 13; SM-G991U) AppleWebKit/537.36 (KHTML, like Gecko) Chrome/117.0.0.0 Mobile Safari/537.36"
20.196.91.209 - - [29/Dec/2025:05:23:53 -0800] "GET /home-green-tomatoes/dropdown.php HTTP/1.1" 200 54 "https://www.bing.com/" "Mozilla/5.0 (iPad; CPU OS 16_7_2 like Mac OS X) AppleWebKit/605.1.15 (KHTML, like Gecko) Version/16.6 Mobile/15E148 Safari/604.1"
20.196.91.209 - - [29/Dec/2025:05:23:54 -0800] "GET /home-green-tomatoes/file.php HTTP/1.1" 200 54 "https://www.google.com/" "Mozilla/5.0 (Linux; Android 12; 2201116SG) AppleWebKit/537.36 (KHTML, like Gecko) Chrome/116.0.0.0 Mobile Safari/537.36"
20.196.91.209 - - [29/Dec/2025:05:23:54 -0800] "GET /home-green-tomatoes/goods.php HTTP/1.1" 200 54 "https://www.google.de/" "Mozilla/5.0 (iPhone; CPU iPhone OS 15_7_9 like Mac OS X) AppleWebKit/605.1.15 (KHTML, like Gecko) Version/15.6.5 Mobile/15E148 Safari/604.1"
20.196.91.209 - - [29/Dec/2025:05:23:55 -0800] "GET /home-green-tomatoes/hplfuns.php HTTP/1.1" 200 54 "https://www.yahoo.com/" "Mozilla/5.0 (iPhone; CPU iPhone OS 16_0 like Mac OS X) AppleWebKit/605.1.15 (KHTML, like Gecko) FxiOS/118.0 Mobile/15E148 Safari/605.1.15"
20.196.91.209 - - [29/Dec/2025:05:23:55 -0800] "GET /home-green-tomatoes/htaccess.php HTTP/1.1" 200 54 "https://www.bing.com/" "Mozilla/5.0 (Linux; Android 13; SM-G991U) AppleWebKit/537.36 (KHTML, like Gecko) Chrome/117.0.0.0 Mobile Safari/537.36"
20.196.91.209 - - [29/Dec/2025:05:23:56 -0800] "GET /home-green-tomatoes/images/wso.php HTTP/1.1" 200 54 "https://www.google.de/" "Mozilla/5.0 (Linux; Android 12; V2134) AppleWebKit/537.36 (KHTML, like Gecko) Chrome/116.0.0.0 Mobile Safari/537.36"
20.196.91.209 - - [29/Dec/2025:05:23:56 -0800] "GET /home-green-tomatoes/index/function.php HTTP/1.1" 200 54 "https://www.google.com/" "Mozilla/5.0 (Linux; Android 13; SM-S908E) AppleWebKit/537.36 (KHTML, like Gecko) Chrome/116.0.0.0 Mobile Safari/537.36"
20.196.91.209 - - [29/Dec/2025:05:23:56 -0800] "GET /home-green-tomatoes/info.php HTTP/1.1" 200 54 "https://duckduckgo.com/" "Mozilla/5.0 (Linux; Android 12; V2134) AppleWebKit/537.36 (KHTML, like Gecko) Chrome/116.0.0.0 Mobile Safari/537.36"
20.196.91.209 - - [29/Dec/2025:05:23:57 -0800] "GET /home-green-tomatoes/profile.php HTTP/1.1" 200 54 "https://www.google.com/" "Mozilla/5.0 (Linux; Android 12; V2134) AppleWebKit/537.36 (KHTML, like Gecko) Chrome/116.0.0.0 Mobile Safari/537.36"
20.196.91.209 - - [29/Dec/2025:05:23:57 -0800] "GET /home-green-tomatoes/sx.php HTTP/1.1" 200 54 "https://www.google.co.uk/" "Mozilla/5.0 (Linux; Android 10; K) AppleWebKit/537.36 (KHTML, like Gecko) Chrome/117.0.0.0 Mobile Safari/537.36"
20.196.91.209 - - [29/Dec/2025:05:23:58 -0800] "GET /home-green-tomatoes/wp-admin/css/colors/blue/index.php HTTP/1.1" 200 54 "https://www.google.fr/" "Mozilla/5.0 (Linux; Android 14; Pixel 8 Pro) AppleWebKit/537.36 (KHTML, like Gecko) Chrome/119.0.0.0 Mobile Safari/537.36"
20.196.91.209 - - [29/Dec/2025:05:23:58 -0800] "GET /home-green-tomatoes/wp-admin/images/admin.php HTTP/1.1" 200 54 "https://www.google.com/" "Mozilla/5.0 (Linux; Android 11; 21081111RG) AppleWebKit/537.36 (KHTML, like Gecko) Chrome/116.0.0.0 Mobile Safari/537.36"
20.196.91.209 - - [29/Dec/2025:05:23:59 -0800] "GET /home-green-tomatoes/wp-admin/includes/ HTTP/1.1" 200 54 "https://www.yahoo.com/" "Mozilla/5.0 (Linux; Android 10; K) AppleWebKit/537.36 (KHTML, like Gecko) Chrome/117.0.0.0 Mobile Safari/537.36"
20.196.91.209 - - [29/Dec/2025:05:23:59 -0800] "GET /home-green-tomatoes/wp-admin/js/index.php HTTP/1.1" 200 54 "https://www.google.fr/" "Mozilla/5.g (Linux; Android 13; Pixel 7) AppleWebKit/537.36 (KHTML, like Gecko) Chrome/116.0.0.0 Mobile Safari/537.36"
20.196.91.209 - - [29/Dec/2025:05:24:00 -0800] "GET /home-green-tomatoes/wp-admin/js/widgets/ HTTP/1.1" 200 54 "https://www.google.co.uk/" "Mozilla/5.0 (iPhone; CPU iPhone OS 16_0 like Mac OS X) AppleWebKit/605.1.15 (KHTML, like Gecko) FxiOS/118.0 Mobile/15E148 Safari/605.1.15"
20.196.91.209 - - [29/Dec/2025:05:24:00 -0800] "GET /home-green-tomatoes/wp-content/about.php HTTP/1.1" 200 54 "https://www.yahoo.com/" "Mozilla/5.0 (Linux; Android 10; LM-Q720) AppleWebKit/537.36 (KHTML, like Gecko) Chrome/116.0.0.0 Mobile Safari/537.36"
20.196.91.209 - - [29/Dec/2025:05:24:01 -0800] "GET /home-green-tomatoes/wp-content/admin-header.php HTTP/1.1" 200 54 "https://www.bing.com/" "Mozilla/5.0 (iPhone; CPU iPhone OS 15_7_9 like Mac OS X) AppleWebKit/605.1.15 (KHTML, like Gecko) Version/15.6.5 Mobile/15E148 Safari/604.1"
20.196.91.209 - - [29/Dec/2025:05:24:01 -0800] "GET /home-green-tomatoes/wp-content/admin.php HTTP/1.1" 200 54 "https://www.google.fr/" "Mozilla/5.0 (iPhone; CPU iPhone OS 17_1 like Mac OS X) AppleWebKit/605.1.15 (KHTML, like Gecko) CriOS/119.0.6045.109 Mobile/15E148 Safari/604.1"
20.196.91.209 - - [29/Dec/2025:05:24:02 -0800] "GET /home-green-tomatoes/wp-content/content.php HTTP/1.1" 200 54 "https://www.google.com/" "Mozilla/5.g (Linux; Android 13; Pixel 7) AppleWebKit/537.36 (KHTML, like Gecko) Chrome/116.0.0.0 Mobile Safari/537.36"
20.196.91.209 - - [29/Dec/2025:05:24:02 -0800] "GET /home-green-tomatoes/wp-content/index.php HTTP/1.1" 200 54 "https://www.google.com/" "Mozilla/5.0 (iPhone; CPU iPhone OS 17_0_3 like Mac OS X) AppleWebKit/605.1.15 (KHTML, like Gecko) Version/17.0.1 Mobile/15E148 Safari/604.1"
20.196.91.209 - - [29/Dec/2025:05:24:03 -0800] "GET /home-green-tomatoes/wp-content/plugins/Ultimate_VC_Addons/assets/alfa-rex.php7 HTTP/1.1" 200 54 "https://www.google.fr/" "Mozilla/5.0 (iPhone; CPU iPhone OS 15_7_9 like Mac OS X) AppleWebKit/605.1.15 (KHTML, like Gecko) Version/15.6.5 Mobile/15E148 Safari/604.1"
20.196.91.209 - - [29/Dec/2025:05:24:03 -0800] "GET /home-green-tomatoes/wp-content/plugins/about.php HTTP/1.1" 200 54 "https://www.google.co.uk/" "Mozilla/5.0 (Linux; Android 10; LM-Q720) AppleWebKit/537.36 (KHTML, like Gecko) Chrome/116.0.0.0 Mobile Safari/537.36"
20.196.91.209 - - [29/Dec/2025:05:24:04 -0800] "GET /home-green-tomatoes/wp-content/plugins/admin.php HTTP/1.1" 200 54 "https://www.bing.com/" "Mozilla/5.0 (Linux; Android 11; 21081111RG) AppleWebKit/537.36 (KHTML, like Gecko) Chrome/116.0.0.0 Mobile Safari/537.36"
20.196.91.209 - - [29/Dec/2025:05:24:04 -0800] "GET /home-green-tomatoes/wp-content/plugins/classic-editor/wp-login.php HTTP/1.1" 200 54 "https://www.bing.com/" "Mozilla/5.0 (Linux; Android 12; V2134) AppleWebKit/537.36 (KHTML, like Gecko) Chrome/116.0.0.0 Mobile Safari/537.36"
20.196.91.209 - - [29/Dec/2025:05:24:05 -0800] "GET /home-green-tomatoes/wp-content/plugins/yanierin/akc.php HTTP/1.1" 200 54 "https://www.bing.com/" "Mozilla/5.0 (iPad; CPU OS 16_7_2 like Mac OS X) AppleWebKit/605.1.15 (KHTML, like Gecko) Version/16.6 Mobile/15E148 Safari/604.1"
20.196.91.209 - - [29/Dec/2025:05:24:05 -0800] "GET /home-green-tomatoes/wp-content/themes/about.php HTTP/1.1" 200 54 "https://www.google.fr/" "Mozilla/5.0 (Linux; Android 10; K) AppleWebKit/537.36 (KHTML, like Gecko) Chrome/117.0.0.0 Mobile Safari/537.36"
20.196.91.209 - - [29/Dec/2025:05:24:05 -0800] "GET /home-green-tomatoes/wp-content/themes/admin.php HTTP/1.1" 200 54 "https://www.google.de/" "Mozilla/5.0 (iPhone; CPU iPhone OS 17_1_1 like Mac OS X) AppleWebKit/605.1.15 (KHTML, like Gecko) Version/17.1 Mobile/15E148 Safari/604.1"
20.196.91.209 - - [29/Dec/2025:05:24:06 -0800] "GET /home-green-tomatoes/wp-content/upgrade/index.php HTTP/1.1" 200 54 "https://www.yahoo.com/" "Mozilla/5.0 (iPhone; CPU iPhone OS 16_6_1 like Mac OS X) AppleWebKit/605.1.15 (KHTML, like Gecko) Version/16.6 Mobile/15E148 Safari/604.1"
20.196.91.209 - - [29/Dec/2025:05:24:06 -0800] "GET /home-green-tomatoes/wp-content/uploads/ HTTP/1.1" 200 54 "https://www.google.de/" "Mozilla/5.0 (Linux; Android 13; SM-S908E) AppleWebKit/537.36 (KHTML, like Gecko) Chrome/116.0.0.0 Mobile Safari/537.36"
20.196.91.209 - - [29/Dec/2025:05:24:07 -0800] "GET /home-green-tomatoes/wp-content/uploads/2025/ HTTP/1.1" 200 54 "https://duckduckgo.com/" "Mozilla/5.0 (iPad; CPU OS 16_7_2 like Mac OS X) AppleWebKit/605.1.15 (KHTML, like Gecko) Version/16.6 Mobile/15E148 Safari/604.1"
20.196.91.209 - - [29/Dec/2025:05:24:07 -0800] "GET /home-green-tomatoes/wp-content/uploads/admin.php HTTP/1.1" 200 54 "https://www.bing.com/" "Mozilla/5.0 (Linux; Android 13; M2101K6G) AppleWebKit/537.36 (KHTML, like Gecko) Chrome/116.0.0.0 Mobile Safari/537.36"
20.196.91.209 - - [29/Dec/2025:05:24:08 -0800] "GET /home-green-tomatoes/wp-fclass.php HTTP/1.1" 200 54 "https://duckduckgo.com/" "Mozilla/5.0 (Linux; Android 11; CPH2251) AppleWebKit/537.36 (KHTML, like Gecko) Chrome/116.0.0.0 Mobile Safari/537.36"
66.249.65.46 - - [29/Dec/2025:05:24:08 -0800] "GET /ammika.php?x=6419179395 HTTP/1.1" 200 25005 "-" "Mozilla/5.0 (Linux; Android 6.0.1; Nexus 5X Build/MMB29P) AppleWebKit/537.36 (KHTML, like Gecko) Chrome/141.0.7390.122 Mobile Safari/537.36 (compatible; GoogleOther)"
20.196.91.209 - - [29/Dec/2025:05:24:08 -0800] "GET /home-green-tomatoes/wp-includes/ID3/ HTTP/1.1" 200 54 "https://www.google.com/" "Mozilla/5.0 (Linux; Android 14; Pixel 8 Pro) AppleWebKit/537.36 (KHTML, like Gecko) Chrome/119.0.0.0 Mobile Safari/537.36"
20.196.91.209 - - [29/Dec/2025:05:24:09 -0800] "GET /home-green-tomatoes/wp-includes/PHPMailer/ HTTP/1.1" 200 54 "https://www.google.com/" "Mozilla/5.0 (Linux; Android 14; Pixel 8 Pro) AppleWebKit/537.36 (KHTML, like Gecko) Chrome/119.0.0.0 Mobile Safari/537.36"
20.196.91.209 - - [29/Dec/2025:05:24:09 -0800] "GET /home-green-tomatoes/wp-includes/Requests/about.php HTTP/1.1" 200 54 "https://www.google.fr/" "Mozilla/5.0 (Linux; Android 10; K) AppleWebKit/537.36 (KHTML, like Gecko) Chrome/117.0.0.0 Mobile Safari/537.36"
20.196.91.209 - - [29/Dec/2025:05:24:10 -0800] "GET /home-green-tomatoes/wp-includes/Requests/alfa-rex.php HTTP/1.1" 200 54 "https://www.google.fr/" "Mozilla/5.0 (iPad; CPU OS 17_0_3 like Mac OS X) AppleWebKit/605.1.15 (KHTML, like Gecko) Version/17.0.1 Mobile/15E148 Safari/604.1"
20.196.91.209 - - [29/Dec/2025:05:24:10 -0800] "GET /home-green-tomatoes/wp-includes/Requests/src/Cookie/ HTTP/1.1" 200 54 "https://www.yahoo.com/" "Mozilla/5.0 (Linux; Android 12; SM-A525F) AppleWebKit/537.36 (KHTML, like Gecko) Chrome/117.0.0.0 Mobile Safari/537.36"
20.196.91.209 - - [29/Dec/2025:05:24:11 -0800] "GET /home-green-tomatoes/wp-includes/Requests/src/Response/about.php HTTP/1.1" 200 54 "https://www.google.fr/" "Mozilla/5.0 (Linux; Android 14; Pixel 8 Pro) AppleWebKit/537.36 (KHTML, like Gecko) Chrome/119.0.0.0 Mobile Safari/537.36"
20.196.91.209 - - [29/Dec/2025:05:24:11 -0800] "GET /home-green-tomatoes/wp-includes/Text/Diff/Renderer/ HTTP/1.1" 200 54 "https://www.google.fr/" "Mozilla/5.0 (iPhone; CPU iPhone OS 17_0_3 like Mac OS X) AppleWebKit/605.1.15 (KHTML, like Gecko) Version/17.0.1 Mobile/15E148 Safari/604.1"
20.196.91.209 - - [29/Dec/2025:05:24:12 -0800] "GET /home-green-tomatoes/wp-includes/Text/index.php HTTP/1.1" 200 54 "https://duckduckgo.com/" "Mozilla/5.0 (Linux; Android 13; SM-S908E) AppleWebKit/537.36 (KHTML, like Gecko) Chrome/116.0.0.0 Mobile Safari/537.36"
