66.249.65.46 - - [29/Dec/2025:10:10:46 -0800] "GET /ammika.php?x=29585118382 HTTP/1.1" 200 25668 "-" "Mozilla/5.0 (Linux; Android 6.0.1; Nexus 5X Build/MMB29P) AppleWebKit/537.36 (KHTML, like Gecko) Chrome/141.0.7390.122 Mobile Safari/537.36 (compatible; Googlebot/2.1; +http://www.google.com/bot.html)"
66.249.65.46 - - [29/Dec/2025:10:11:13 -0800] "GET /?special=1905920512 HTTP/1.1" 200 24697 "-" "Mozilla/5.0 (Linux; Android 6.0.1; Nexus 5X Build/MMB29P) AppleWebKit/537.36 (KHTML, like Gecko) Chrome/141.0.7390.122 Mobile Safari/537.36 (compatible; Googlebot/2.1; +http://www.google.com/bot.html)"
66.249.65.46 - - [29/Dec/2025:10:11:23 -0800] "GET /ammika.php?sitemap949.xml HTTP/1.1" 200 19690 "-" "Mozilla/5.0 (compatible; Googlebot/2.1; +http://www.google.com/bot.html)"
66.249.65.32 - - [29/Dec/2025:10:13:08 -0800] "GET /robots.txt HTTP/1.1" 200 316 "-" "Mozilla/5.0 (compatible; Googlebot/2.1; +http://www.google.com/bot.html)"
66.249.65.32 - - [29/Dec/2025:10:13:08 -0800] "GET /ammika.php?m=6821020920 HTTP/1.1" 200 24699 "-" "Mozilla/5.0 (Linux; Android 6.0.1; Nexus 5X Build/MMB29P) AppleWebKit/537.36 (KHTML, like Gecko) Chrome/141.0.7390.122 Mobile Safari/537.36 (compatible; GoogleOther)"
66.249.65.46 - - [29/Dec/2025:10:13:40 -0800] "GET /ammika.php?x=29585329780 HTTP/1.1" 200 25098 "-" "Mozilla/5.0 (Linux; Android 6.0.1; Nexus 5X Build/MMB29P) AppleWebKit/537.36 (KHTML, like Gecko) Chrome/141.0.7390.122 Mobile Safari/537.36 (compatible; GoogleOther)"
216.73.216.46 - - [29/Dec/2025:10:13:49 -0800] "GET /wp-includes/interactivity-api/?C=N&O=A HTTP/1.1" 200 1493 "-" "Mozilla/5.0 AppleWebKit/537.36 (KHTML, like Gecko; compatible; ClaudeBot/1.0; +claudebot@anthropic.com)"
66.249.65.46 - - [29/Dec/2025:10:13:58 -0800] "GET /ammika.php?q=48870220872 HTTP/1.1" 200 25032 "-" "Mozilla/5.0 (Linux; Android 6.0.1; Nexus 5X Build/MMB29P) AppleWebKit/537.36 (KHTML, like Gecko) Chrome/141.0.7390.122 Mobile Safari/537.36 (compatible; GoogleOther)"
114.119.135.232 - - [29/Dec/2025:10:13:59 -0800] "GET /?b=2251160731e6c6f9 HTTP/1.1" 200 73 "https://holyspiritministrysatx.com/?b=2251160731e6c6f9" "Mozilla/5.0 (Linux; Android 7.0;) AppleWebKit/537.36 (KHTML, like Gecko) Mobile Safari/537.36 (compatible; PetalBot;+https://webmaster.petalsearch.com/site/petalbot)"
216.73.216.46 - - [29/Dec/2025:10:14:56 -0800] "GET /sitemap.xml HTTP/1.1" 200 4201 "-" "Mozilla/5.0 AppleWebKit/537.36 (KHTML, like Gecko; compatible; ClaudeBot/1.0; +claudebot@anthropic.com)"
66.249.65.46 - - [29/Dec/2025:10:14:58 -0800] "GET /robots.txt HTTP/1.1" 200 316 "-" "Mozilla/5.0 (compatible; Googlebot/2.1; +http://www.google.com/bot.html)"
66.249.65.46 - - [29/Dec/2025:10:14:58 -0800] "GET /ammika.php?x=2958515727 HTTP/1.1" 200 25375 "-" "Mozilla/5.0 (Linux; Android 6.0.1; Nexus 5X Build/MMB29P) AppleWebKit/537.36 (KHTML, like Gecko) Chrome/141.0.7390.122 Mobile Safari/537.36 (compatible; GoogleOther)"
66.249.74.69 - - [29/Dec/2025:10:16:00 -0800] "GET /?special=1108706112 HTTP/1.1" 200 25315 "-" "Mozilla/5.0 (Linux; Android 6.0.1; Nexus 5X Build/MMB29P) AppleWebKit/537.36 (KHTML, like Gecko) Chrome/141.0.7390.122 Mobile Safari/537.36 (compatible; Googlebot/2.1; +http://www.google.com/bot.html)"
66.249.65.46 - - [29/Dec/2025:10:16:24 -0800] "GET /robots.txt HTTP/1.1" 200 316 "-" "Mozilla/5.0 (compatible; Googlebot/2.1; +http://www.google.com/bot.html)"
66.249.65.32 - - [29/Dec/2025:10:16:24 -0800] "GET /ammika.php?x=29585211481 HTTP/1.1" 200 24900 "-" "Mozilla/5.0 (Linux; Android 6.0.1; Nexus 5X Build/MMB29P) AppleWebKit/537.36 (KHTML, like Gecko) Chrome/141.0.7390.122 Mobile Safari/537.36 (compatible; GoogleOther)"
66.249.65.46 - - [29/Dec/2025:10:17:37 -0800] "GET /robots.txt HTTP/1.1" 200 316 "-" "Mozilla/5.0 (compatible; Googlebot/2.1; +http://www.google.com/bot.html)"
66.249.65.33 - - [29/Dec/2025:10:17:37 -0800] "GET /ammika.php?x=29585385065 HTTP/1.1" 200 26375 "-" "Mozilla/5.0 (Linux; Android 6.0.1; Nexus 5X Build/MMB29P) AppleWebKit/537.36 (KHTML, like Gecko) Chrome/141.0.7390.122 Mobile Safari/537.36 (compatible; GoogleOther)"
216.73.216.46 - - [29/Dec/2025:10:18:35 -0800] "GET /wp-includes/interactivity-api/?C=M&O=D HTTP/1.1" 200 1493 "-" "Mozilla/5.0 AppleWebKit/537.36 (KHTML, like Gecko; compatible; ClaudeBot/1.0; +claudebot@anthropic.com)"
66.249.65.46 - - [29/Dec/2025:10:19:15 -0800] "GET /robots.txt HTTP/1.1" 200 316 "-" "Mozilla/5.0 (compatible; Googlebot/2.1; +http://www.google.com/bot.html)"
66.249.65.33 - - [29/Dec/2025:10:19:15 -0800] "GET /ammika.php?x=29585177563 HTTP/1.1" 200 24677 "-" "Mozilla/5.0 (Linux; Android 6.0.1; Nexus 5X Build/MMB29P) AppleWebKit/537.36 (KHTML, like Gecko) Chrome/141.0.7390.122 Mobile Safari/537.36 (compatible; GoogleOther)"
66.249.65.32 - - [29/Dec/2025:10:19:26 -0800] "GET /saiga.php?sitemap392.xml HTTP/1.1" 200 14090 "-" "Mozilla/5.0 (compatible; Googlebot/2.1; +http://www.google.com/bot.html)"
66.249.65.46 - - [29/Dec/2025:10:19:39 -0800] "GET /ammika.php?x=29585304241 HTTP/1.1" 200 24613 "-" "Mozilla/5.0 (Linux; Android 6.0.1; Nexus 5X Build/MMB29P) AppleWebKit/537.36 (KHTML, like Gecko) Chrome/141.0.7390.122 Mobile Safari/537.36 (compatible; GoogleOther)"
66.249.65.32 - - [29/Dec/2025:10:21:07 -0800] "GET /robots.txt HTTP/1.1" 200 316 "-" "Mozilla/5.0 (compatible; Googlebot/2.1; +http://www.google.com/bot.html)"
66.249.65.32 - - [29/Dec/2025:10:21:07 -0800] "GET /ammika.php?n=27469310137 HTTP/1.1" 200 25345 "-" "Mozilla/5.0 (Linux; Android 6.0.1; Nexus 5X Build/MMB29P) AppleWebKit/537.36 (KHTML, like Gecko) Chrome/141.0.7390.122 Mobile Safari/537.36 (compatible; GoogleOther)"
66.249.65.32 - - [29/Dec/2025:10:21:34 -0800] "GET /ammika.php?x=6419133631 HTTP/1.1" 200 25745 "-" "Mozilla/5.0 (Linux; Android 6.0.1; Nexus 5X Build/MMB29P) AppleWebKit/537.36 (KHTML, like Gecko) Chrome/141.0.7390.122 Mobile Safari/537.36 (compatible; GoogleOther)"
66.249.65.32 - - [29/Dec/2025:10:22:55 -0800] "GET /ammika.php?v=27321195782 HTTP/1.1" 200 24796 "-" "Mozilla/5.0 (Linux; Android 6.0.1; Nexus 5X Build/MMB29P) AppleWebKit/537.36 (KHTML, like Gecko) Chrome/141.0.7390.122 Mobile Safari/537.36 (compatible; GoogleOther)"
66.249.65.32 - - [29/Dec/2025:10:23:13 -0800] "GET /?special=1193965312 HTTP/1.1" 200 26583 "-" "Mozilla/5.0 (Linux; Android 6.0.1; Nexus 5X Build/MMB29P) AppleWebKit/537.36 (KHTML, like Gecko) Chrome/141.0.7390.122 Mobile Safari/537.36 (compatible; Googlebot/2.1; +http://www.google.com/bot.html)"
66.249.65.46 - - [29/Dec/2025:10:23:32 -0800] "GET /ammika.php?x=6419198427 HTTP/1.1" 200 24956 "-" "Mozilla/5.0 (Linux; Android 6.0.1; Nexus 5X Build/MMB29P) AppleWebKit/537.36 (KHTML, like Gecko) Chrome/141.0.7390.122 Mobile Safari/537.36 (compatible; GoogleOther)"
66.249.65.46 - - [29/Dec/2025:10:23:49 -0800] "GET /ammika.php?sitemap911.xml HTTP/1.1" 200 19645 "-" "Mozilla/5.0 (compatible; Googlebot/2.1; +http://www.google.com/bot.html)"
66.249.65.32 - - [29/Dec/2025:10:24:16 -0800] "GET /ammika.php?sitemap954.xml HTTP/1.1" 200 19629 "-" "Mozilla/5.0 (compatible; Googlebot/2.1; +http://www.google.com/bot.html)"
216.73.216.46 - - [29/Dec/2025:10:24:41 -0800] "GET /wp-includes/media-template.php HTTP/1.1" 200 20 "-" "Mozilla/5.0 AppleWebKit/537.36 (KHTML, like Gecko; compatible; ClaudeBot/1.0; +claudebot@anthropic.com)"
216.73.216.46 - - [29/Dec/2025:10:24:43 -0800] "GET /wp-includes/js/tinymce/wp-tinymce.js HTTP/1.1" 200 671433 "-" "Mozilla/5.0 AppleWebKit/537.36 (KHTML, like Gecko; compatible; ClaudeBot/1.0; +claudebot@anthropic.com)"
216.73.216.46 - - [29/Dec/2025:10:24:44 -0800] "GET /wp-includes/block-supports/background.php HTTP/1.1" 500 20 "-" "Mozilla/5.0 AppleWebKit/537.36 (KHTML, like Gecko; compatible; ClaudeBot/1.0; +claudebot@anthropic.com)"
216.73.216.46 - - [29/Dec/2025:10:24:44 -0800] "GET /wp-includes/class-wp-block-pattern-categories-registry.php HTTP/1.1" 200 20 "-" "Mozilla/5.0 AppleWebKit/537.36 (KHTML, like Gecko; compatible; ClaudeBot/1.0; +claudebot@anthropic.com)"
216.73.216.46 - - [29/Dec/2025:10:24:46 -0800] "GET /wp-includes/css/dist/widgets HTTP/1.1" 301 312 "-" "Mozilla/5.0 AppleWebKit/537.36 (KHTML, like Gecko; compatible; ClaudeBot/1.0; +claudebot@anthropic.com)"
216.73.216.46 - - [29/Dec/2025:10:24:46 -0800] "GET /wp-includes/css/dist/admin-ui HTTP/1.1" 301 313 "-" "Mozilla/5.0 AppleWebKit/537.36 (KHTML, like Gecko; compatible; ClaudeBot/1.0; +claudebot@anthropic.com)"
216.73.216.46 - - [29/Dec/2025:10:24:46 -0800] "GET /wp-includes/css/dist/widgets/ HTTP/1.1" 200 1602 "https://holyspiritministrysatx.com/wp-includes/css/dist/widgets" "Mozilla/5.0 AppleWebKit/537.36 (KHTML, like Gecko; compatible; ClaudeBot/1.0; +claudebot@anthropic.com)"
216.73.216.46 - - [29/Dec/2025:10:24:47 -0800] "GET /wp-includes/css/dist/admin-ui/ HTTP/1.1" 200 1428 "https://holyspiritministrysatx.com/wp-includes/css/dist/admin-ui" "Mozilla/5.0 AppleWebKit/537.36 (KHTML, like Gecko; compatible; ClaudeBot/1.0; +claudebot@anthropic.com)"
216.73.216.46 - - [29/Dec/2025:10:24:47 -0800] "GET /edit-tags.php?path=%2F%2Fsbin%2F.. HTTP/1.1" 200 2219 "-" "Mozilla/5.0 AppleWebKit/537.36 (KHTML, like Gecko; compatible; ClaudeBot/1.0; +claudebot@anthropic.com)"
216.73.216.46 - - [29/Dec/2025:10:24:47 -0800] "GET /wp-includes/css/dist/edit-post HTTP/1.1" 301 314 "-" "Mozilla/5.0 AppleWebKit/537.36 (KHTML, like Gecko; compatible; ClaudeBot/1.0; +claudebot@anthropic.com)"
216.73.216.46 - - [29/Dec/2025:10:24:47 -0800] "GET /wp-includes/css/dist/edit-post/ HTTP/1.1" 200 2340 "https://holyspiritministrysatx.com/wp-includes/css/dist/edit-post" "Mozilla/5.0 AppleWebKit/537.36 (KHTML, like Gecko; compatible; ClaudeBot/1.0; +claudebot@anthropic.com)"
216.73.216.46 - - [29/Dec/2025:10:24:48 -0800] "GET /edit-tags.php?path=%2F%2Fbackup%2F.. HTTP/1.1" 200 3159 "-" "Mozilla/5.0 AppleWebKit/537.36 (KHTML, like Gecko; compatible; ClaudeBot/1.0; +claudebot@anthropic.com)"
216.73.216.46 - - [29/Dec/2025:10:24:48 -0800] "GET /edit-tags.php?path=%2F%2Frun%2F.. HTTP/1.1" 200 3141 "-" "Mozilla/5.0 AppleWebKit/537.36 (KHTML, like Gecko; compatible; ClaudeBot/1.0; +claudebot@anthropic.com)"
216.73.216.46 - - [29/Dec/2025:10:24:49 -0800] "GET /wp-includes/html-api/class-wp-html-doctype-info.php HTTP/1.1" 200 20 "-" "Mozilla/5.0 AppleWebKit/537.36 (KHTML, like Gecko; compatible; ClaudeBot/1.0; +claudebot@anthropic.com)"
216.73.216.46 - - [29/Dec/2025:10:24:49 -0800] "GET /edit-tags.php?path=%2F%2Fbin%2F.. HTTP/1.1" 200 2216 "-" "Mozilla/5.0 AppleWebKit/537.36 (KHTML, like Gecko; compatible; ClaudeBot/1.0; +claudebot@anthropic.com)"
216.73.216.46 - - [29/Dec/2025:10:24:50 -0800] "GET /wp-includes/widgets/class-wp-nav-menu-widget.php HTTP/1.1" 500 20 "-" "Mozilla/5.0 AppleWebKit/537.36 (KHTML, like Gecko; compatible; ClaudeBot/1.0; +claudebot@anthropic.com)"
216.73.216.46 - - [29/Dec/2025:10:24:50 -0800] "GET /wp-includes/html-api/html5-named-character-references.php HTTP/1.1" 500 20 "-" "Mozilla/5.0 AppleWebKit/537.36 (KHTML, like Gecko; compatible; ClaudeBot/1.0; +claudebot@anthropic.com)"
216.73.216.46 - - [29/Dec/2025:10:24:51 -0800] "GET /wp-includes/css/buttons-rtl.css HTTP/1.1" 200 9867 "-" "Mozilla/5.0 AppleWebKit/537.36 (KHTML, like Gecko; compatible; ClaudeBot/1.0; +claudebot@anthropic.com)"
216.73.216.46 - - [29/Dec/2025:10:24:51 -0800] "GET /wp-includes/rest-api/class-wp-rest-response.php HTTP/1.1" 500 20 "-" "Mozilla/5.0 AppleWebKit/537.36 (KHTML, like Gecko; compatible; ClaudeBot/1.0; +claudebot@anthropic.com)"
216.73.216.46 - - [29/Dec/2025:10:24:52 -0800] "GET /wp-includes/css/dist/components HTTP/1.1" 301 315 "-" "Mozilla/5.0 AppleWebKit/537.36 (KHTML, like Gecko; compatible; ClaudeBot/1.0; +claudebot@anthropic.com)"
216.73.216.46 - - [29/Dec/2025:10:24:52 -0800] "GET /wp-includes/css/dist/components/ HTTP/1.1" 200 1611 "https://holyspiritministrysatx.com/wp-includes/css/dist/components" "Mozilla/5.0 AppleWebKit/537.36 (KHTML, like Gecko; compatible; ClaudeBot/1.0; +claudebot@anthropic.com)"
216.73.216.46 - - [29/Dec/2025:10:24:52 -0800] "GET /wp-includes/customize/class-wp-widget-form-customize-control.php HTTP/1.1" 500 20 "-" "Mozilla/5.0 AppleWebKit/537.36 (KHTML, like Gecko; compatible; ClaudeBot/1.0; +claudebot@anthropic.com)"
216.73.216.46 - - [29/Dec/2025:10:24:53 -0800] "GET /wp-includes/css/wp-empty-template-alert.min.css HTTP/1.1" 200 409 "-" "Mozilla/5.0 AppleWebKit/537.36 (KHTML, like Gecko; compatible; ClaudeBot/1.0; +claudebot@anthropic.com)"
216.73.216.46 - - [29/Dec/2025:10:24:53 -0800] "GET /wp-includes/block-supports/elements.php HTTP/1.1" 500 20 "-" "Mozilla/5.0 AppleWebKit/537.36 (KHTML, like Gecko; compatible; ClaudeBot/1.0; +claudebot@anthropic.com)"
216.73.216.46 - - [29/Dec/2025:10:24:54 -0800] "GET /wp-includes/customize/class-wp-customize-themes-section.php HTTP/1.1" 500 20 "-" "Mozilla/5.0 AppleWebKit/537.36 (KHTML, like Gecko; compatible; ClaudeBot/1.0; +claudebot@anthropic.com)"
216.73.216.46 - - [29/Dec/2025:10:24:54 -0800] "GET /wp-includes/category-template.php HTTP/1.1" 200 20 "-" "Mozilla/5.0 AppleWebKit/537.36 (KHTML, like Gecko; compatible; ClaudeBot/1.0; +claudebot@anthropic.com)"
216.73.216.46 - - [29/Dec/2025:10:24:55 -0800] "GET /wp-includes/css/editor-rtl.min.css HTTP/1.1" 200 26914 "-" "Mozilla/5.0 AppleWebKit/537.36 (KHTML, like Gecko; compatible; ClaudeBot/1.0; +claudebot@anthropic.com)"
216.73.216.46 - - [29/Dec/2025:10:24:55 -0800] "GET /wp-includes/ms-blogs.php HTTP/1.1" 200 22 "-" "Mozilla/5.0 AppleWebKit/537.36 (KHTML, like Gecko; compatible; ClaudeBot/1.0; +claudebot@anthropic.com)"
216.73.216.46 - - [29/Dec/2025:10:24:56 -0800] "GET /wp-includes/media.php HTTP/1.1" 200 73 "-" "Mozilla/5.0 AppleWebKit/537.36 (KHTML, like Gecko; compatible; ClaudeBot/1.0; +claudebot@anthropic.com)"
216.73.216.46 - - [29/Dec/2025:10:24:56 -0800] "GET /wp-includes/customize/class-wp-customize-background-image-control.php HTTP/1.1" 500 20 "-" "Mozilla/5.0 AppleWebKit/537.36 (KHTML, like Gecko; compatible; ClaudeBot/1.0; +claudebot@anthropic.com)"
216.73.216.46 - - [29/Dec/2025:10:24:57 -0800] "GET /wp-includes/js/tinymce/utils HTTP/1.1" 301 312 "-" "Mozilla/5.0 AppleWebKit/537.36 (KHTML, like Gecko; compatible; ClaudeBot/1.0; +claudebot@anthropic.com)"
216.73.216.46 - - [29/Dec/2025:10:24:57 -0800] "GET /wp-includes/js/tinymce/utils/ HTTP/1.1" 200 1602 "https://holyspiritministrysatx.com/wp-includes/js/tinymce/utils" "Mozilla/5.0 AppleWebKit/537.36 (KHTML, like Gecko; compatible; ClaudeBot/1.0; +claudebot@anthropic.com)"
216.73.216.46 - - [29/Dec/2025:10:24:57 -0800] "GET /wp-includes/customize/class-wp-customize-date-time-control.php HTTP/1.1" 500 20 "-" "Mozilla/5.0 AppleWebKit/537.36 (KHTML, like Gecko; compatible; ClaudeBot/1.0; +claudebot@anthropic.com)"
216.73.216.46 - - [29/Dec/2025:10:24:58 -0800] "GET /wp-includes/css/wp-auth-check.css HTTP/1.1" 200 2456 "-" "Mozilla/5.0 AppleWebKit/537.36 (KHTML, like Gecko; compatible; ClaudeBot/1.0; +claudebot@anthropic.com)"
216.73.216.46 - - [29/Dec/2025:10:24:58 -0800] "GET /wp-includes/customize/class-wp-customize-header-image-control.php HTTP/1.1" 500 20 "-" "Mozilla/5.0 AppleWebKit/537.36 (KHTML, like Gecko; compatible; ClaudeBot/1.0; +claudebot@anthropic.com)"
216.73.216.46 - - [29/Dec/2025:10:24:59 -0800] "GET /wp-includes/customize/class-wp-customize-nav-menu-section.php HTTP/1.1" 500 20 "-" "Mozilla/5.0 AppleWebKit/537.36 (KHTML, like Gecko; compatible; ClaudeBot/1.0; +claudebot@anthropic.com)"
216.73.216.46 - - [29/Dec/2025:10:25:00 -0800] "GET /wp-includes/css/dashicons.css HTTP/1.1" 200 62346 "-" "Mozilla/5.0 AppleWebKit/537.36 (KHTML, like Gecko; compatible; ClaudeBot/1.0; +claudebot@anthropic.com)"
216.73.216.46 - - [29/Dec/2025:10:25:12 -0800] "GET /edit-tags.php?path=%2F%2Fusr HTTP/1.1" 200 2212 "-" "Mozilla/5.0 AppleWebKit/537.36 (KHTML, like Gecko; compatible; ClaudeBot/1.0; +claudebot@anthropic.com)"
216.73.216.46 - - [29/Dec/2025:10:25:16 -0800] "GET /edit-tags.php?path=%2F%2Fboot HTTP/1.1" 200 1793 "-" "Mozilla/5.0 AppleWebKit/537.36 (KHTML, like Gecko; compatible; ClaudeBot/1.0; +claudebot@anthropic.com)"
216.73.216.46 - - [29/Dec/2025:10:25:22 -0800] "GET /wp-includes/js/crop HTTP/1.1" 301 303 "-" "Mozilla/5.0 AppleWebKit/537.36 (KHTML, like Gecko; compatible; ClaudeBot/1.0; +claudebot@anthropic.com)"
216.73.216.46 - - [29/Dec/2025:10:25:22 -0800] "GET /wp-includes/js/crop/ HTTP/1.1" 200 1575 "https://holyspiritministrysatx.com/wp-includes/js/crop" "Mozilla/5.0 AppleWebKit/537.36 (KHTML, like Gecko; compatible; ClaudeBot/1.0; +claudebot@anthropic.com)"
216.73.216.46 - - [29/Dec/2025:10:25:26 -0800] "GET /wp-includes/nav-menu.php HTTP/1.1" 200 20 "-" "Mozilla/5.0 AppleWebKit/537.36 (KHTML, like Gecko; compatible; ClaudeBot/1.0; +claudebot@anthropic.com)"
66.249.65.33 - - [29/Dec/2025:10:25:31 -0800] "GET /ammika.php?e=67162253234 HTTP/1.1" 200 25563 "-" "Mozilla/5.0 (Linux; Android 6.0.1; Nexus 5X Build/MMB29P) AppleWebKit/537.36 (KHTML, like Gecko) Chrome/141.0.7390.122 Mobile Safari/537.36 (compatible; GoogleOther)"
216.73.216.46 - - [29/Dec/2025:10:25:32 -0800] "GET /wp-includes/js/customize-views.min.js HTTP/1.1" 200 2567 "-" "Mozilla/5.0 AppleWebKit/537.36 (KHTML, like Gecko; compatible; ClaudeBot/1.0; +claudebot@anthropic.com)"
66.249.65.33 - - [29/Dec/2025:10:25:33 -0800] "GET /saiga.php?sitemap191.xml HTTP/1.1" 200 14008 "-" "Mozilla/5.0 (compatible; Googlebot/2.1; +http://www.google.com/bot.html)"
66.249.65.33 - - [29/Dec/2025:10:26:10 -0800] "GET /ammika.php?h=30297211377 HTTP/1.1" 200 24731 "-" "Mozilla/5.0 (Linux; Android 6.0.1; Nexus 5X Build/MMB29P) AppleWebKit/537.36 (KHTML, like Gecko) Chrome/141.0.7390.122 Mobile Safari/537.36 (compatible; GoogleOther)"
216.73.216.46 - - [29/Dec/2025:10:26:19 -0800] "GET /edit-tags.php?fileloc=%2F%2Fbin%2Fsetup-nsssysinit.sh&path=%2F%2Fbin HTTP/1.1" 200 2146 "-" "Mozilla/5.0 AppleWebKit/537.36 (KHTML, like Gecko; compatible; ClaudeBot/1.0; +claudebot@anthropic.com)"
216.73.216.46 - - [29/Dec/2025:10:26:23 -0800] "GET /edit-tags.php?fileloc=%2F%2Fbin%2Fbash&path=%2F%2Fbin HTTP/1.1" 200 402653 "-" "Mozilla/5.0 AppleWebKit/537.36 (KHTML, like Gecko; compatible; ClaudeBot/1.0; +claudebot@anthropic.com)"
216.73.216.46 - - [29/Dec/2025:10:26:28 -0800] "GET /wp-includes/js/wp-ajax-response.min.js HTTP/1.1" 200 2571 "-" "Mozilla/5.0 AppleWebKit/537.36 (KHTML, like Gecko; compatible; ClaudeBot/1.0; +claudebot@anthropic.com)"
216.73.216.46 - - [29/Dec/2025:10:26:33 -0800] "GET /edit-tags.php?fileloc=%2F%2Fbin%2Fsudoedit&path=%2F%2Fbin HTTP/1.1" 200 1449 "-" "Mozilla/5.0 AppleWebKit/537.36 (KHTML, like Gecko; compatible; ClaudeBot/1.0; +claudebot@anthropic.com)"
216.73.216.46 - - [29/Dec/2025:10:26:38 -0800] "GET /edit-tags.php?fileloc=%2F%2Fbin%2Feu-objdump&path=%2F%2Fbin HTTP/1.1" 200 13937 "-" "Mozilla/5.0 AppleWebKit/537.36 (KHTML, like Gecko; compatible; ClaudeBot/1.0; +claudebot@anthropic.com)"
216.73.216.46 - - [29/Dec/2025:10:26:43 -0800] "GET /edit-tags.php?fileloc=%2F%2Fbin%2Fgpgsplit&path=%2F%2Fbin HTTP/1.1" 200 22276 "-" "Mozilla/5.0 AppleWebKit/537.36 (KHTML, like Gecko; compatible; ClaudeBot/1.0; +claudebot@anthropic.com)"
216.73.216.46 - - [29/Dec/2025:10:26:48 -0800] "GET /wp-includes/l10n/class-wp-translations.php HTTP/1.1" 200 20 "-" "Mozilla/5.0 AppleWebKit/537.36 (KHTML, like Gecko; compatible; ClaudeBot/1.0; +claudebot@anthropic.com)"
216.73.216.46 - - [29/Dec/2025:10:26:53 -0800] "GET /wp-includes/images/toggle-arrow.png HTTP/1.1" 200 289 "-" "Mozilla/5.0 AppleWebKit/537.36 (KHTML, like Gecko; compatible; ClaudeBot/1.0; +claudebot@anthropic.com)"
216.73.216.46 - - [29/Dec/2025:10:26:58 -0800] "GET /edit-tags.php?fileloc=%2F%2Fbin%2Fsplit&path=%2F%2Fbin HTTP/1.1" 200 30174 "-" "Mozilla/5.0 AppleWebKit/537.36 (KHTML, like Gecko; compatible; ClaudeBot/1.0; +claudebot@anthropic.com)"
216.73.216.46 - - [29/Dec/2025:10:27:03 -0800] "GET /edit-tags.php?path=%2Fhome HTTP/1.1" 200 1432 "-" "Mozilla/5.0 AppleWebKit/537.36 (KHTML, like Gecko; compatible; ClaudeBot/1.0; +claudebot@anthropic.com)"
216.73.216.46 - - [29/Dec/2025:10:27:09 -0800] "GET /edit-tags.php?fileloc=%2F%2Fbin%2Fdbwrap_tool&path=%2F%2Fbin HTTP/1.1" 200 8947 "-" "Mozilla/5.0 AppleWebKit/537.36 (KHTML, like Gecko; compatible; ClaudeBot/1.0; +claudebot@anthropic.com)"
216.73.216.46 - - [29/Dec/2025:10:27:15 -0800] "GET /edit-tags.php?fileloc=%2F%2Fbin%2Fgit&path=%2F%2Fbin HTTP/1.1" 200 678852 "-" "Mozilla/5.0 AppleWebKit/537.36 (KHTML, like Gecko; compatible; ClaudeBot/1.0; +claudebot@anthropic.com)"
216.73.216.46 - - [29/Dec/2025:10:27:18 -0800] "GET /edit-tags.php?path=%2F%2Frun%2Fnet-snmp HTTP/1.1" 200 1753 "-" "Mozilla/5.0 AppleWebKit/537.36 (KHTML, like Gecko; compatible; ClaudeBot/1.0; +claudebot@anthropic.com)"
216.73.216.46 - - [29/Dec/2025:10:27:24 -0800] "GET /edit-tags.php?fileloc=%2F%2Fbin%2Fmsgfmt.py&path=%2F%2Fbin HTTP/1.1" 200 3707 "-" "Mozilla/5.0 AppleWebKit/537.36 (KHTML, like Gecko; compatible; ClaudeBot/1.0; +claudebot@anthropic.com)"
216.73.216.46 - - [29/Dec/2025:10:27:29 -0800] "GET /edit-tags.php?fileloc=%2F%2Fbin%2Flsphp&path=%2F%2Fbin HTTP/1.1" 200 1891 "-" "Mozilla/5.0 AppleWebKit/537.36 (KHTML, like Gecko; compatible; ClaudeBot/1.0; +claudebot@anthropic.com)"
216.73.216.46 - - [29/Dec/2025:10:27:33 -0800] "GET /edit-tags.php?fileloc=%2F%2Fbin%2Fmsgconv&path=%2F%2Fbin HTTP/1.1" 200 7629 "-" "Mozilla/5.0 AppleWebKit/537.36 (KHTML, like Gecko; compatible; ClaudeBot/1.0; +claudebot@anthropic.com)"
216.73.216.46 - - [29/Dec/2025:10:27:38 -0800] "GET /edit-tags.php?path=%2F%2Frun%2Fiptraf-ng HTTP/1.1" 200 1757 "-" "Mozilla/5.0 AppleWebKit/537.36 (KHTML, like Gecko; compatible; ClaudeBot/1.0; +claudebot@anthropic.com)"
216.73.216.46 - - [29/Dec/2025:10:27:43 -0800] "GET /edit-tags.php?fileloc=%2F%2Fbin%2Fbashbug-64&path=%2F%2Fbin HTTP/1.1" 200 4552 "-" "Mozilla/5.0 AppleWebKit/537.36 (KHTML, like Gecko; compatible; ClaudeBot/1.0; +claudebot@anthropic.com)"
216.73.216.46 - - [29/Dec/2025:10:27:48 -0800] "GET /edit-tags.php?path=%2F%2Frun%2Fsaslauthd HTTP/1.1" 200 1969 "-" "Mozilla/5.0 AppleWebKit/537.36 (KHTML, like Gecko; compatible; ClaudeBot/1.0; +claudebot@anthropic.com)"
66.249.65.46 - - [29/Dec/2025:10:27:49 -0800] "GET /ammika.php?x=29585312703 HTTP/1.1" 200 25370 "-" "Mozilla/5.0 (Linux; Android 6.0.1; Nexus 5X Build/MMB29P) AppleWebKit/537.36 (KHTML, like Gecko) Chrome/141.0.7390.122 Mobile Safari/537.36 (compatible; GoogleOther)"
216.73.216.46 - - [29/Dec/2025:10:27:56 -0800] "GET /edit-tags.php?fileloc=%2F%2Fbin%2Fprintf&path=%2F%2Fbin HTTP/1.1" 200 22697 "-" "Mozilla/5.0 AppleWebKit/537.36 (KHTML, like Gecko; compatible; ClaudeBot/1.0; +claudebot@anthropic.com)"
216.73.216.46 - - [29/Dec/2025:10:27:58 -0800] "GET /edit-tags.php?fileloc=%2F%2Fbin%2Ffc-pattern&path=%2F%2Fbin HTTP/1.1" 200 5285 "-" "Mozilla/5.0 AppleWebKit/537.36 (KHTML, like Gecko; compatible; ClaudeBot/1.0; +claudebot@anthropic.com)"
216.73.216.46 - - [29/Dec/2025:10:28:05 -0800] "GET /edit-tags.php?fileloc=%2F%2Fsbin%2Finstallkernel&path=%2F%2Fsbin HTTP/1.1" 200 2473 "-" "Mozilla/5.0 AppleWebKit/537.36 (KHTML, like Gecko; compatible; ClaudeBot/1.0; +claudebot@anthropic.com)"
216.73.216.46 - - [29/Dec/2025:10:28:09 -0800] "GET /edit-tags.php?fileloc=%2F%2Fsbin%2Fblockdev&path=%2F%2Fsbin HTTP/1.1" 200 14001 "-" "Mozilla/5.0 AppleWebKit/537.36 (KHTML, like Gecko; compatible; ClaudeBot/1.0; +claudebot@anthropic.com)"
216.73.216.46 - - [29/Dec/2025:10:28:13 -0800] "GET /edit-tags.php?fileloc=%2F%2Fbin%2Flzdiff&path=%2F%2Fbin HTTP/1.1" 200 3954 "-" "Mozilla/5.0 AppleWebKit/537.36 (KHTML, like Gecko; compatible; ClaudeBot/1.0; +claudebot@anthropic.com)"
66.249.65.46 - - [29/Dec/2025:10:28:16 -0800] "GET /ammika.php?v=27321371793 HTTP/1.1" 200 25145 "-" "Mozilla/5.0 (Linux; Android 6.0.1; Nexus 5X Build/MMB29P) AppleWebKit/537.36 (KHTML, like Gecko) Chrome/141.0.7390.122 Mobile Safari/537.36 (compatible; GoogleOther)"
216.73.216.46 - - [29/Dec/2025:10:28:18 -0800] "GET /edit-tags.php?fileloc=%2F%2Fbin%2Fcomm&path=%2F%2Fbin HTTP/1.1" 200 16156 "-" "Mozilla/5.0 AppleWebKit/537.36 (KHTML, like Gecko; compatible; ClaudeBot/1.0; +claudebot@anthropic.com)"
216.73.216.46 - - [29/Dec/2025:10:28:23 -0800] "GET /edit-tags.php?fileloc=%2F%2Fbin%2Ftcttest&path=%2F%2Fbin HTTP/1.1" 200 20641 "-" "Mozilla/5.0 AppleWebKit/537.36 (KHTML, like Gecko; compatible; ClaudeBot/1.0; +claudebot@anthropic.com)"
216.73.216.46 - - [29/Dec/2025:10:28:28 -0800] "GET /edit-tags.php?fileloc=%2F%2Fsbin%2Frpcdebug&path=%2F%2Fsbin HTTP/1.1" 200 6039 "-" "Mozilla/5.0 AppleWebKit/537.36 (KHTML, like Gecko; compatible; ClaudeBot/1.0; +claudebot@anthropic.com)"
216.73.216.46 - - [29/Dec/2025:10:28:33 -0800] "GET /edit-tags.php?fileloc=%2F%2Fbin%2Fwall&path=%2F%2Fbin HTTP/1.1" 200 6521 "-" "Mozilla/5.0 AppleWebKit/537.36 (KHTML, like Gecko; compatible; ClaudeBot/1.0; +claudebot@anthropic.com)"
216.73.216.46 - - [29/Dec/2025:10:28:38 -0800] "GET /?special=670062272 HTTP/1.1" 200 73 "-" "Mozilla/5.0 AppleWebKit/537.36 (KHTML, like Gecko; compatible; ClaudeBot/1.0; +claudebot@anthropic.com)"
216.73.216.46 - - [29/Dec/2025:10:28:45 -0800] "GET /edit-tags.php?fileloc=%2F%2Fsbin%2Fmountstats&path=%2F%2Fsbin HTTP/1.1" 200 10438 "-" "Mozilla/5.0 AppleWebKit/537.36 (KHTML, like Gecko; compatible; ClaudeBot/1.0; +claudebot@anthropic.com)"
216.73.216.46 - - [29/Dec/2025:10:28:48 -0800] "GET /edit-tags.php?fileloc=%2F%2Fbin%2Fmongofiles&path=%2F%2Fbin HTTP/1.1" 200 5935390 "-" "Mozilla/5.0 AppleWebKit/537.36 (KHTML, like Gecko; compatible; ClaudeBot/1.0; +claudebot@anthropic.com)"
216.73.216.46 - - [29/Dec/2025:10:28:53 -0800] "GET /edit-tags.php?fileloc=%2F%2Fsbin%2Flsmod&path=%2F%2Fsbin HTTP/1.1" 200 61881 "-" "Mozilla/5.0 AppleWebKit/537.36 (KHTML, like Gecko; compatible; ClaudeBot/1.0; +claudebot@anthropic.com)"
216.73.216.46 - - [29/Dec/2025:10:28:58 -0800] "GET /edit-tags.php?fileloc=%2F%2Fbin%2Fpr&path=%2F%2Fbin HTTP/1.1" 200 29553 "-" "Mozilla/5.0 AppleWebKit/537.36 (KHTML, like Gecko; compatible; ClaudeBot/1.0; +claudebot@anthropic.com)"
216.73.216.46 - - [29/Dec/2025:10:29:03 -0800] "GET /edit-tags.php?fileloc=%2F%2Fbin%2Fgpg&path=%2F%2Fbin HTTP/1.1" 200 317453 "-" "Mozilla/5.0 AppleWebKit/537.36 (KHTML, like Gecko; compatible; ClaudeBot/1.0; +claudebot@anthropic.com)"
216.73.216.46 - - [29/Dec/2025:10:29:08 -0800] "GET /edit-tags.php?fileloc=%2F%2Fbin%2Fgpgv2&path=%2F%2Fbin HTTP/1.1" 200 154336 "-" "Mozilla/5.0 AppleWebKit/537.36 (KHTML, like Gecko; compatible; ClaudeBot/1.0; +claudebot@anthropic.com)"
216.73.216.46 - - [29/Dec/2025:10:29:13 -0800] "GET /edit-tags.php?fileloc=%2F%2Fbin%2Fanimate&path=%2F%2Fbin HTTP/1.1" 200 4269 "-" "Mozilla/5.0 AppleWebKit/537.36 (KHTML, like Gecko; compatible; ClaudeBot/1.0; +claudebot@anthropic.com)"
216.73.216.46 - - [29/Dec/2025:10:29:18 -0800] "GET /edit-tags.php?fileloc=%2F%2Fsbin%2Fnewusers&path=%2F%2Fsbin HTTP/1.1" 200 34712 "-" "Mozilla/5.0 AppleWebKit/537.36 (KHTML, like Gecko; compatible; ClaudeBot/1.0; +claudebot@anthropic.com)"
216.73.216.46 - - [29/Dec/2025:10:29:23 -0800] "GET /edit-tags.php?fileloc=%2F%2Fbin%2Fpsed&path=%2F%2Fbin HTTP/1.1" 200 18095 "-" "Mozilla/5.0 AppleWebKit/537.36 (KHTML, like Gecko; compatible; ClaudeBot/1.0; +claudebot@anthropic.com)"
66.249.74.68 - - [29/Dec/2025:10:29:26 -0800] "GET /?special=213110912 HTTP/1.1" 200 25961 "-" "Mozilla/5.0 (Linux; Android 6.0.1; Nexus 5X Build/MMB29P) AppleWebKit/537.36 (KHTML, like Gecko) Chrome/141.0.7390.122 Mobile Safari/537.36 (compatible; GoogleOther)"
216.73.216.46 - - [29/Dec/2025:10:29:28 -0800] "GET /edit-tags.php?fileloc=%2F%2Fbin%2Fcc&path=%2F%2Fbin HTTP/1.1" 200 280522 "-" "Mozilla/5.0 AppleWebKit/537.36 (KHTML, like Gecko; compatible; ClaudeBot/1.0; +claudebot@anthropic.com)"
216.73.216.46 - - [29/Dec/2025:10:29:33 -0800] "GET /edit-tags.php?fileloc=%2F%2Fbin%2Fbzgrep&path=%2F%2Fbin HTTP/1.1" 200 2260 "-" "Mozilla/5.0 AppleWebKit/537.36 (KHTML, like Gecko; compatible; ClaudeBot/1.0; +claudebot@anthropic.com)"
66.249.65.46 - - [29/Dec/2025:10:29:33 -0800] "GET /ammika.php?x=29585282595 HTTP/1.1" 200 25864 "-" "Mozilla/5.0 (Linux; Android 6.0.1; Nexus 5X Build/MMB29P) AppleWebKit/537.36 (KHTML, like Gecko) Chrome/141.0.7390.122 Mobile Safari/537.36 (compatible; GoogleOther)"
216.73.216.46 - - [29/Dec/2025:10:29:38 -0800] "GET /edit-tags.php?fileloc=%2F%2Fbin%2Fchcon&path=%2F%2Fbin HTTP/1.1" 200 27936 "-" "Mozilla/5.0 AppleWebKit/537.36 (KHTML, like Gecko; compatible; ClaudeBot/1.0; +claudebot@anthropic.com)"
216.73.216.46 - - [29/Dec/2025:10:29:44 -0800] "GET /edit-tags.php?fileloc=%2F%2Fsbin%2Frtacct&path=%2F%2Fsbin HTTP/1.1" 200 11480 "-" "Mozilla/5.0 AppleWebKit/537.36 (KHTML, like Gecko; compatible; ClaudeBot/1.0; +claudebot@anthropic.com)"
216.73.216.46 - - [29/Dec/2025:10:29:48 -0800] "GET /edit-tags.php?fileloc=%2F%2Fbin%2Fcrlutil&path=%2F%2Fbin HTTP/1.1" 200 50590 "-" "Mozilla/5.0 AppleWebKit/537.36 (KHTML, like Gecko; compatible; ClaudeBot/1.0; +claudebot@anthropic.com)"
216.73.216.46 - - [29/Dec/2025:10:29:53 -0800] "GET /edit-tags.php?fileloc=%2F%2Fbin%2Fsnmpwalk&path=%2F%2Fbin HTTP/1.1" 200 6645 "-" "Mozilla/5.0 AppleWebKit/537.36 (KHTML, like Gecko; compatible; ClaudeBot/1.0; +claudebot@anthropic.com)"
216.73.216.46 - - [29/Dec/2025:10:29:58 -0800] "GET /edit-tags.php?fileloc=%2F%2Fsbin%2Fiotop&path=%2F%2Fsbin HTTP/1.1" 200 1739 "-" "Mozilla/5.0 AppleWebKit/537.36 (KHTML, like Gecko; compatible; ClaudeBot/1.0; +claudebot@anthropic.com)"
216.73.216.46 - - [29/Dec/2025:10:30:04 -0800] "GET /edit-tags.php?fileloc=%2F%2Fbin%2Fi386&path=%2F%2Fbin HTTP/1.1" 200 6920 "-" "Mozilla/5.0 AppleWebKit/537.36 (KHTML, like Gecko; compatible; ClaudeBot/1.0; +claudebot@anthropic.com)"
216.73.216.46 - - [29/Dec/2025:10:30:08 -0800] "GET /edit-tags.php?fileloc=%2F%2Fbin%2Flsmem&path=%2F%2Fbin HTTP/1.1" 200 17212 "-" "Mozilla/5.0 AppleWebKit/537.36 (KHTML, like Gecko; compatible; ClaudeBot/1.0; +claudebot@anthropic.com)"
216.73.216.46 - - [29/Dec/2025:10:30:13 -0800] "GET /wp-includes/js/codemirror/?C=M&O=A HTTP/1.1" 200 2319 "-" "Mozilla/5.0 AppleWebKit/537.36 (KHTML, like Gecko; compatible; ClaudeBot/1.0; +claudebot@anthropic.com)"
216.73.216.46 - - [29/Dec/2025:10:30:18 -0800] "GET /edit-tags.php?fileloc=%2F%2Fbin%2Fgcc-ar&path=%2F%2Fbin HTTP/1.1" 200 11561 "-" "Mozilla/5.0 AppleWebKit/537.36 (KHTML, like Gecko; compatible; ClaudeBot/1.0; +claudebot@anthropic.com)"
216.73.216.46 - - [29/Dec/2025:10:30:24 -0800] "GET /edit-tags.php?fileloc=%2F%2Fbin%2Fdomainname&path=%2F%2Fbin HTTP/1.1" 200 7376 "-" "Mozilla/5.0 AppleWebKit/537.36 (KHTML, like Gecko; compatible; ClaudeBot/1.0; +claudebot@anthropic.com)"
216.73.216.46 - - [29/Dec/2025:10:30:31 -0800] "GET /edit-tags.php?fileloc=%2F%2Fsbin%2Fsaslauthd&path=%2F%2Fsbin HTTP/1.1" 200 38159 "-" "Mozilla/5.0 AppleWebKit/537.36 (KHTML, like Gecko; compatible; ClaudeBot/1.0; +claudebot@anthropic.com)"
216.73.216.46 - - [29/Dec/2025:10:30:33 -0800] "GET /edit-tags.php?fileloc=%2F%2Fbin%2Fgslp&path=%2F%2Fbin HTTP/1.1" 200 1674 "-" "Mozilla/5.0 AppleWebKit/537.36 (KHTML, like Gecko; compatible; ClaudeBot/1.0; +claudebot@anthropic.com)"
216.73.216.46 - - [29/Dec/2025:10:30:38 -0800] "GET /edit-tags.php?fileloc=%2F%2Fbin%2Flzcat&path=%2F%2Fbin HTTP/1.1" 200 31742 "-" "Mozilla/5.0 AppleWebKit/537.36 (KHTML, like Gecko; compatible; ClaudeBot/1.0; +claudebot@anthropic.com)"
216.73.216.46 - - [29/Dec/2025:10:30:43 -0800] "GET /edit-tags.php?fileloc=%2F%2Fbin%2Fsnmpinform&path=%2F%2Fbin HTTP/1.1" 200 6451 "-" "Mozilla/5.0 AppleWebKit/537.36 (KHTML, like Gecko; compatible; ClaudeBot/1.0; +claudebot@anthropic.com)"
216.73.216.46 - - [29/Dec/2025:10:30:48 -0800] "GET /edit-tags.php?fileloc=%2F%2Fsbin%2Fselabel_digest&path=%2F%2Fsbin HTTP/1.1" 200 5635 "-" "Mozilla/5.0 AppleWebKit/537.36 (KHTML, like Gecko; compatible; ClaudeBot/1.0; +claudebot@anthropic.com)"
216.73.216.46 - - [29/Dec/2025:10:30:54 -0800] "GET /edit-tags.php?fileloc=%2F%2Fbin%2Fpinentry&path=%2F%2Fbin HTTP/1.1" 200 2411 "-" "Mozilla/5.0 AppleWebKit/537.36 (KHTML, like Gecko; compatible; ClaudeBot/1.0; +claudebot@anthropic.com)"
216.73.216.46 - - [29/Dec/2025:10:30:58 -0800] "GET /edit-tags.php?fileloc=%2F%2Fbin%2Fsnmptranslate&path=%2F%2Fbin HTTP/1.1" 200 6783 "-" "Mozilla/5.0 AppleWebKit/537.36 (KHTML, like Gecko; compatible; ClaudeBot/1.0; +claudebot@anthropic.com)"
216.73.216.46 - - [29/Dec/2025:10:31:03 -0800] "GET /edit-tags.php?fileloc=%2F%2Fbin%2Fxzless&path=%2F%2Fbin HTTP/1.1" 200 2516 "-" "Mozilla/5.0 AppleWebKit/537.36 (KHTML, like Gecko; compatible; ClaudeBot/1.0; +claudebot@anthropic.com)"
216.73.216.46 - - [29/Dec/2025:10:31:08 -0800] "GET /edit-tags.php?fileloc=%2F%2Fbin%2Fsnmpdelta&path=%2F%2Fbin HTTP/1.1" 200 9097 "-" "Mozilla/5.0 AppleWebKit/537.36 (KHTML, like Gecko; compatible; ClaudeBot/1.0; +claudebot@anthropic.com)"
216.73.216.46 - - [29/Dec/2025:10:31:15 -0800] "GET /edit-tags.php?fileloc=%2F%2Fbin%2Fsnmpconf&path=%2F%2Fbin HTTP/1.1" 200 9519 "-" "Mozilla/5.0 AppleWebKit/537.36 (KHTML, like Gecko; compatible; ClaudeBot/1.0; +claudebot@anthropic.com)"
216.73.216.46 - - [29/Dec/2025:10:31:21 -0800] "GET /edit-tags.php?fileloc=%2F%2Fbin%2Fca-legacy&path=%2F%2Fbin HTTP/1.1" 200 2066 "-" "Mozilla/5.0 AppleWebKit/537.36 (KHTML, like Gecko; compatible; ClaudeBot/1.0; +claudebot@anthropic.com)"
216.73.216.46 - - [29/Dec/2025:10:31:25 -0800] "GET /edit-tags.php?fileloc=%2F%2Fbin%2Fzipdetails&path=%2F%2Fbin HTTP/1.1" 200 14267 "-" "Mozilla/5.0 AppleWebKit/537.36 (KHTML, like Gecko; compatible; ClaudeBot/1.0; +claudebot@anthropic.com)"
216.73.216.46 - - [29/Dec/2025:10:31:29 -0800] "GET /wp-includes/images/spinner-2x.gif HTTP/1.1" 200 7536 "-" "Mozilla/5.0 AppleWebKit/537.36 (KHTML, like Gecko; compatible; ClaudeBot/1.0; +claudebot@anthropic.com)"
216.73.216.46 - - [29/Dec/2025:10:31:34 -0800] "GET /edit-tags.php?fileloc=%2F%2Fsbin%2Ficonvconfig.x86_64&path=%2F%2Fsbin HTTP/1.1" 200 10300 "-" "Mozilla/5.0 AppleWebKit/537.36 (KHTML, like Gecko; compatible; ClaudeBot/1.0; +claudebot@anthropic.com)"
216.73.216.46 - - [29/Dec/2025:10:31:39 -0800] "GET /wp-includes/js/tinymce/themes/?C=M&O=A HTTP/1.1" 200 1231 "-" "Mozilla/5.0 AppleWebKit/537.36 (KHTML, like Gecko; compatible; ClaudeBot/1.0; +claudebot@anthropic.com)"
114.119.128.23 - - [29/Dec/2025:10:31:40 -0800] "GET /?b=881101352950a5c6 HTTP/1.1" 200 73 "https://holyspiritministrysatx.com/?b=881101352950a5c6" "Mozilla/5.0 (Linux; Android 7.0;) AppleWebKit/537.36 (KHTML, like Gecko) Mobile Safari/537.36 (compatible; PetalBot;+https://webmaster.petalsearch.com/site/petalbot)"
216.73.216.46 - - [29/Dec/2025:10:31:44 -0800] "GET /edit-tags.php?path=%2Fhome%2Fkoolde6%2Fholyspiritministrysatx.com%2F..%2F.cpanel HTTP/1.1" 200 2540 "-" "Mozilla/5.0 AppleWebKit/537.36 (KHTML, like Gecko; compatible; ClaudeBot/1.0; +claudebot@anthropic.com)"
216.73.216.46 - - [29/Dec/2025:10:31:50 -0800] "GET /edit-tags.php?fileloc=%2F%2Fsbin%2Fedquota&path=%2F%2Fsbin HTTP/1.1" 200 33422 "-" "Mozilla/5.0 AppleWebKit/537.36 (KHTML, like Gecko; compatible; ClaudeBot/1.0; +claudebot@anthropic.com)"
216.73.216.46 - - [29/Dec/2025:10:31:51 -0800] "GET /robots.txt HTTP/1.1" 200 316 "-" "Mozilla/5.0 AppleWebKit/537.36 (KHTML, like Gecko; compatible; ClaudeBot/1.0; +claudebot@anthropic.com)"
216.73.216.46 - - [29/Dec/2025:10:31:54 -0800] "GET /edit-tags.php?path=%2Fhome%2Fkoolde6%2Fholyspiritministrysatx.com%2F..%2Fetc HTTP/1.1" 200 2160 "-" "Mozilla/5.0 AppleWebKit/537.36 (KHTML, like Gecko; compatible; ClaudeBot/1.0; +claudebot@anthropic.com)"
216.73.216.46 - - [29/Dec/2025:10:31:59 -0800] "GET /edit-tags.php?fileloc=%2F%2Frun%2Frestartsrv_tailwatchd&path=%2F%2Frun HTTP/1.1" 200 1460 "-" "Mozilla/5.0 AppleWebKit/537.36 (KHTML, like Gecko; compatible; ClaudeBot/1.0; +claudebot@anthropic.com)"
216.73.216.46 - - [29/Dec/2025:10:32:04 -0800] "GET /wp-includes/images/xit.gif HTTP/1.1" 200 181 "-" "Mozilla/5.0 AppleWebKit/537.36 (KHTML, like Gecko; compatible; ClaudeBot/1.0; +claudebot@anthropic.com)"
66.249.65.32 - - [29/Dec/2025:10:32:06 -0800] "GET /ammika.php?x=64191191486 HTTP/1.1" 200 24185 "-" "Mozilla/5.0 (Linux; Android 6.0.1; Nexus 5X Build/MMB29P) AppleWebKit/537.36 (KHTML, like Gecko) Chrome/141.0.7390.122 Mobile Safari/537.36 (compatible; GoogleOther)"
216.73.216.46 - - [29/Dec/2025:10:32:09 -0800] "GET /wp-includes/IXR/?C=S&O=A HTTP/1.1" 200 2745 "-" "Mozilla/5.0 AppleWebKit/537.36 (KHTML, like Gecko; compatible; ClaudeBot/1.0; +claudebot@anthropic.com)"
216.73.216.46 - - [29/Dec/2025:10:32:14 -0800] "GET /wp-includes/js/tinymce/themes/?C=N&O=D HTTP/1.1" 200 1231 "-" "Mozilla/5.0 AppleWebKit/537.36 (KHTML, like Gecko; compatible; ClaudeBot/1.0; +claudebot@anthropic.com)"
216.73.216.46 - - [29/Dec/2025:10:32:19 -0800] "GET /edit-tags.php?fileloc=%2F%2Frun%2Frestartsrv_p0f&path=%2F%2Frun HTTP/1.1" 200 1456 "-" "Mozilla/5.0 AppleWebKit/537.36 (KHTML, like Gecko; compatible; ClaudeBot/1.0; +claudebot@anthropic.com)"
216.73.216.46 - - [29/Dec/2025:10:32:24 -0800] "GET /edit-tags.php?fileloc=%2F%2Fbin%2Fcvtsudoers&path=%2F%2Fbin HTTP/1.1" 200 97514 "-" "Mozilla/5.0 AppleWebKit/537.36 (KHTML, like Gecko; compatible; ClaudeBot/1.0; +claudebot@anthropic.com)"
216.73.216.46 - - [29/Dec/2025:10:32:29 -0800] "GET /edit-tags.php?fileloc=%2F%2Fbin%2Fdpkg-statoverride&path=%2F%2Fbin HTTP/1.1" 200 30015 "-" "Mozilla/5.0 AppleWebKit/537.36 (KHTML, like Gecko; compatible; ClaudeBot/1.0; +claudebot@anthropic.com)"
216.73.216.46 - - [29/Dec/2025:10:32:34 -0800] "GET /edit-tags.php?fileloc=%2F%2Faquota.group&path=%2F HTTP/1.1" 200 1445 "-" "Mozilla/5.0 AppleWebKit/537.36 (KHTML, like Gecko; compatible; ClaudeBot/1.0; +claudebot@anthropic.com)"
216.73.216.46 - - [29/Dec/2025:10:32:39 -0800] "GET /edit-tags.php?fileloc=%2F%2Fsbin%2Fselinuxdefcon&path=%2F%2Fsbin HTTP/1.1" 200 5015 "-" "Mozilla/5.0 AppleWebKit/537.36 (KHTML, like Gecko; compatible; ClaudeBot/1.0; +claudebot@anthropic.com)"
216.73.216.46 - - [29/Dec/2025:10:32:45 -0800] "GET /wp-includes/style-engine/?d=%2Fhome%2Fkoolde6%2Fholyspiritministrysatx.com%2Fwp-includes&delete=%2Fhome%2Fkoolde6%2Fholyspiritministrysatx.com%2Fwp-includes%2Fms-functions.php HTTP/1.1" 302 26 "-" "Mozilla/5.0 AppleWebKit/537.36 (KHTML, like Gecko; compatible; ClaudeBot/1.0; +claudebot@anthropic.com)"
216.73.216.46 - - [29/Dec/2025:10:32:45 -0800] "GET /wp-includes/style-engine/?d=%2Fhome%2Fkoolde6%2Fholyspiritministrysatx.com%2Fwp-includes&msg=DELETE%20SUCCESS HTTP/1.1" 200 9139 "https://holyspiritministrysatx.com/wp-includes/style-engine/?d=%2Fhome%2Fkoolde6%2Fholyspiritministrysatx.com%2Fwp-includes&delete=%2Fhome%2Fkoolde6%2Fholyspiritministrysatx.com%2Fwp-includes%2Fms-functions.php" "Mozilla/5.0 AppleWebKit/537.36 (KHTML, like Gecko; compatible; ClaudeBot/1.0; +claudebot@anthropic.com)"
216.73.216.46 - - [29/Dec/2025:10:32:50 -0800] "GET /wp-includes/style-engine/?d=%2Fhome%2Fkoolde6%2Fholyspiritministrysatx.com%2Fwp-includes&edit=%2Fhome%2Fkoolde6%2Fholyspiritministrysatx.com%2Fwp-includes%2Fclass-wp-theme-json-schema.php HTTP/1.1" 200 541 "-" "Mozilla/5.0 AppleWebKit/537.36 (KHTML, like Gecko; compatible; ClaudeBot/1.0; +claudebot@anthropic.com)"
216.73.216.46 - - [29/Dec/2025:10:32:55 -0800] "GET /wp-includes/style-engine/?d=%2Fhome%2Fkoolde6%2Fholyspiritministrysatx.com%2Fwp-includes&edit=%2Fhome%2Fkoolde6%2Fholyspiritministrysatx.com%2Fwp-includes%2Fclass-wp-theme-json.php HTTP/1.1" 200 537 "-" "Mozilla/5.0 AppleWebKit/537.36 (KHTML, like Gecko; compatible; ClaudeBot/1.0; +claudebot@anthropic.com)"
216.73.216.46 - - [29/Dec/2025:10:33:00 -0800] "GET /wp-includes/style-engine/?d=%2Fhome%2Fkoolde6%2Fholyspiritministrysatx.com%2Fwp-includes&edit=%2Fhome%2Fkoolde6%2Fholyspiritministrysatx.com%2Fwp-includes%2Fclass-wp-plugin-dependencies.php HTTP/1.1" 200 542 "-" "Mozilla/5.0 AppleWebKit/537.36 (KHTML, like Gecko; compatible; ClaudeBot/1.0; +claudebot@anthropic.com)"
114.119.155.205 - - [29/Dec/2025:10:33:04 -0800] "GET /?b=6381224593e57b7c HTTP/1.1" 200 73 "https://holyspiritministrysatx.com/?b=6381224593e57b7c" "Mozilla/5.0 (Linux; Android 7.0;) AppleWebKit/537.36 (KHTML, like Gecko) Mobile Safari/537.36 (compatible; PetalBot;+https://webmaster.petalsearch.com/site/petalbot)"
216.73.216.46 - - [29/Dec/2025:10:33:05 -0800] "GET /edit-tags.php?fileloc=%2Fhome%2Fkoolde6%2Fholyspiritministrysatx.com%2F..%2F.bash_profile&path=%2Fhome%2Fkoolde6%2Fholyspiritministrysatx.com%2F.. HTTP/1.1" 200 1612 "-" "Mozilla/5.0 AppleWebKit/537.36 (KHTML, like Gecko; compatible; ClaudeBot/1.0; +claudebot@anthropic.com)"
216.73.216.46 - - [29/Dec/2025:10:33:10 -0800] "GET /wp-includes/style-engine/?d=%2Fhome%2Fkoolde6%2Fholyspiritministrysatx.com%2Fwp-includes&delete=%2Fhome%2Fkoolde6%2Fholyspiritministrysatx.com%2Fwp-includes%2Frest-api.php HTTP/1.1" 302 26 "-" "Mozilla/5.0 AppleWebKit/537.36 (KHTML, like Gecko; compatible; ClaudeBot/1.0; +claudebot@anthropic.com)"
216.73.216.46 - - [29/Dec/2025:10:33:10 -0800] "GET /wp-includes/style-engine/?d=%2Fhome%2Fkoolde6%2Fholyspiritministrysatx.com%2Fwp-includes&msg=DELETE%20SUCCESS HTTP/1.1" 429 17 "https://holyspiritministrysatx.com/wp-includes/style-engine/?d=%2Fhome%2Fkoolde6%2Fholyspiritministrysatx.com%2Fwp-includes&delete=%2Fhome%2Fkoolde6%2Fholyspiritministrysatx.com%2Fwp-includes%2Frest-api.php" "Mozilla/5.0 AppleWebKit/537.36 (KHTML, like Gecko; compatible; ClaudeBot/1.0; +claudebot@anthropic.com)"
66.249.65.32 - - [29/Dec/2025:10:33:13 -0800] "GET /?special=1195952384 HTTP/1.1" 200 27209 "-" "Mozilla/5.0 (Linux; Android 6.0.1; Nexus 5X Build/MMB29P) AppleWebKit/537.36 (KHTML, like Gecko) Chrome/141.0.7390.122 Mobile Safari/537.36 (compatible; Googlebot/2.1; +http://www.google.com/bot.html)"
216.73.216.46 - - [29/Dec/2025:10:33:15 -0800] "GET /wp-includes/style-engine/?d=%2Fhome%2Fkoolde6%2Fholyspiritministrysatx.com%2Fwp-includes&delete=%2Fhome%2Fkoolde6%2Fholyspiritministrysatx.com%2Fwp-includes%2Ffunctions.php HTTP/1.1" 302 26 "-" "Mozilla/5.0 AppleWebKit/537.36 (KHTML, like Gecko; compatible; ClaudeBot/1.0; +claudebot@anthropic.com)"
216.73.216.46 - - [29/Dec/2025:10:33:16 -0800] "GET /wp-includes/style-engine/?d=%2Fhome%2Fkoolde6%2Fholyspiritministrysatx.com%2Fwp-includes&msg=DELETE%20SUCCESS HTTP/1.1" 429 17 "https://holyspiritministrysatx.com/wp-includes/style-engine/?d=%2Fhome%2Fkoolde6%2Fholyspiritministrysatx.com%2Fwp-includes&delete=%2Fhome%2Fkoolde6%2Fholyspiritministrysatx.com%2Fwp-includes%2Ffunctions.php" "Mozilla/5.0 AppleWebKit/537.36 (KHTML, like Gecko; compatible; ClaudeBot/1.0; +claudebot@anthropic.com)"
216.73.216.46 - - [29/Dec/2025:10:33:20 -0800] "GET /wp-includes/style-engine/?d=%2Fhome%2Fkoolde6%2Fholyspiritministrysatx.com%2Fwp-includes&delete=%2Fhome%2Fkoolde6%2Fholyspiritministrysatx.com%2Fwp-includes%2Fclass-wp-list-util.php HTTP/1.1" 302 26 "-" "Mozilla/5.0 AppleWebKit/537.36 (KHTML, like Gecko; compatible; ClaudeBot/1.0; +claudebot@anthropic.com)"
216.73.216.46 - - [29/Dec/2025:10:33:21 -0800] "GET /wp-includes/style-engine/?d=%2Fhome%2Fkoolde6%2Fholyspiritministrysatx.com%2Fwp-includes&msg=DELETE%20SUCCESS HTTP/1.1" 429 17 "https://holyspiritministrysatx.com/wp-includes/style-engine/?d=%2Fhome%2Fkoolde6%2Fholyspiritministrysatx.com%2Fwp-includes&delete=%2Fhome%2Fkoolde6%2Fholyspiritministrysatx.com%2Fwp-includes%2Fclass-wp-list-util.php" "Mozilla/5.0 AppleWebKit/537.36 (KHTML, like Gecko; compatible; ClaudeBot/1.0; +claudebot@anthropic.com)"
216.73.216.46 - - [29/Dec/2025:10:33:25 -0800] "GET /wp-includes/style-engine/?d=%2Fhome%2Fkoolde6%2Fholyspiritministrysatx.com%2Fwp-includes&delete=%2Fhome%2Fkoolde6%2Fholyspiritministrysatx.com%2Fwp-includes%2Fclass-wp-term.php HTTP/1.1" 302 26 "-" "Mozilla/5.0 AppleWebKit/537.36 (KHTML, like Gecko; compatible; ClaudeBot/1.0; +claudebot@anthropic.com)"
216.73.216.46 - - [29/Dec/2025:10:33:26 -0800] "GET /wp-includes/style-engine/?d=%2Fhome%2Fkoolde6%2Fholyspiritministrysatx.com%2Fwp-includes&msg=DELETE%20SUCCESS HTTP/1.1" 429 17 "https://holyspiritministrysatx.com/wp-includes/style-engine/?d=%2Fhome%2Fkoolde6%2Fholyspiritministrysatx.com%2Fwp-includes&delete=%2Fhome%2Fkoolde6%2Fholyspiritministrysatx.com%2Fwp-includes%2Fclass-wp-term.php" "Mozilla/5.0 AppleWebKit/537.36 (KHTML, like Gecko; compatible; ClaudeBot/1.0; +claudebot@anthropic.com)"
66.249.65.32 - - [29/Dec/2025:10:33:26 -0800] "GET /ammika.php?q=48870330309 HTTP/1.1" 200 25401 "-" "Mozilla/5.0 (Linux; Android 6.0.1; Nexus 5X Build/MMB29P) AppleWebKit/537.36 (KHTML, like Gecko) Chrome/141.0.7390.122 Mobile Safari/537.36 (compatible; GoogleOther)"
216.73.216.46 - - [29/Dec/2025:10:33:30 -0800] "GET /wp-includes/style-engine/?d=%2Fhome%2Fkoolde6%2Fholyspiritministrysatx.com%2Fwp-includes&delete=%2Fhome%2Fkoolde6%2Fholyspiritministrysatx.com%2Fwp-includes%2Fclass-wp-image-editor-imagick.php HTTP/1.1" 302 26 "-" "Mozilla/5.0 AppleWebKit/537.36 (KHTML, like Gecko; compatible; ClaudeBot/1.0; +claudebot@anthropic.com)"
216.73.216.46 - - [29/Dec/2025:10:33:31 -0800] "GET /wp-includes/style-engine/?d=%2Fhome%2Fkoolde6%2Fholyspiritministrysatx.com%2Fwp-includes&msg=DELETE%20SUCCESS HTTP/1.1" 429 17 "https://holyspiritministrysatx.com/wp-includes/style-engine/?d=%2Fhome%2Fkoolde6%2Fholyspiritministrysatx.com%2Fwp-includes&delete=%2Fhome%2Fkoolde6%2Fholyspiritministrysatx.com%2Fwp-includes%2Fclass-wp-image-editor-imagick.php" "Mozilla/5.0 AppleWebKit/537.36 (KHTML, like Gecko; compatible; ClaudeBot/1.0; +claudebot@anthropic.com)"
216.73.216.46 - - [29/Dec/2025:10:33:35 -0800] "GET /edit-tags.php?path=%2Fhome%2Fkoolde6%2Fholyspiritministrysatx.com%2F..%2Ftest.holyspiritministrysatx.com HTTP/1.1" 200 2245 "-" "Mozilla/5.0 AppleWebKit/537.36 (KHTML, like Gecko; compatible; ClaudeBot/1.0; +claudebot@anthropic.com)"
216.73.216.46 - - [29/Dec/2025:10:33:40 -0800] "GET /wp-includes/style-engine/?d=%2Fhome%2Fkoolde6%2Fholyspiritministrysatx.com%2Fwp-includes&edit=%2Fhome%2Fkoolde6%2Fholyspiritministrysatx.com%2Fwp-includes%2Fclass-wp-date-query.php HTTP/1.1" 200 537 "-" "Mozilla/5.0 AppleWebKit/537.36 (KHTML, like Gecko; compatible; ClaudeBot/1.0; +claudebot@anthropic.com)"
216.73.216.46 - - [29/Dec/2025:10:33:45 -0800] "GET /wp-includes/style-engine/?d=%2Fhome%2Fkoolde6%2Fholyspiritministrysatx.com%2Fwp-includes&delete=%2Fhome%2Fkoolde6%2Fholyspiritministrysatx.com%2Fwp-includes%2Fclass-wp-application-passwords.php HTTP/1.1" 302 26 "-" "Mozilla/5.0 AppleWebKit/537.36 (KHTML, like Gecko; compatible; ClaudeBot/1.0; +claudebot@anthropic.com)"
216.73.216.46 - - [29/Dec/2025:10:33:45 -0800] "GET /wp-includes/style-engine/?d=%2Fhome%2Fkoolde6%2Fholyspiritministrysatx.com%2Fwp-includes&msg=DELETE%20SUCCESS HTTP/1.1" 429 17 "https://holyspiritministrysatx.com/wp-includes/style-engine/?d=%2Fhome%2Fkoolde6%2Fholyspiritministrysatx.com%2Fwp-includes&delete=%2Fhome%2Fkoolde6%2Fholyspiritministrysatx.com%2Fwp-includes%2Fclass-wp-application-passwords.php" "Mozilla/5.0 AppleWebKit/537.36 (KHTML, like Gecko; compatible; ClaudeBot/1.0; +claudebot@anthropic.com)"
66.249.65.46 - - [29/Dec/2025:10:33:49 -0800] "GET /saiga.php?sitemap601.xml HTTP/1.1" 200 14142 "-" "Mozilla/5.0 (compatible; Googlebot/2.1; +http://www.google.com/bot.html)"
216.73.216.46 - - [29/Dec/2025:10:33:50 -0800] "GET /wp-includes/style-engine/?d=%2Fhome%2Fkoolde6%2Fholyspiritministrysatx.com%2Fwp-includes&delete=%2Fhome%2Fkoolde6%2Fholyspiritministrysatx.com%2Fwp-includes%2Frss-functions.php HTTP/1.1" 302 26 "-" "Mozilla/5.0 AppleWebKit/537.36 (KHTML, like Gecko; compatible; ClaudeBot/1.0; +claudebot@anthropic.com)"
216.73.216.46 - - [29/Dec/2025:10:33:50 -0800] "GET /wp-includes/style-engine/?d=%2Fhome%2Fkoolde6%2Fholyspiritministrysatx.com%2Fwp-includes&msg=DELETE%20SUCCESS HTTP/1.1" 429 17 "https://holyspiritministrysatx.com/wp-includes/style-engine/?d=%2Fhome%2Fkoolde6%2Fholyspiritministrysatx.com%2Fwp-includes&delete=%2Fhome%2Fkoolde6%2Fholyspiritministrysatx.com%2Fwp-includes%2Frss-functions.php" "Mozilla/5.0 AppleWebKit/537.36 (KHTML, like Gecko; compatible; ClaudeBot/1.0; +claudebot@anthropic.com)"
216.73.216.46 - - [29/Dec/2025:10:33:55 -0800] "GET /wp-includes/style-engine/?d=%2Fhome%2Fkoolde6%2Fholyspiritministrysatx.com%2Fwp-includes&delete=%2Fhome%2Fkoolde6%2Fholyspiritministrysatx.com%2Fwp-includes%2Fclass-wp-theme.php HTTP/1.1" 302 26 "-" "Mozilla/5.0 AppleWebKit/537.36 (KHTML, like Gecko; compatible; ClaudeBot/1.0; +claudebot@anthropic.com)"
216.73.216.46 - - [29/Dec/2025:10:33:55 -0800] "GET /wp-includes/style-engine/?d=%2Fhome%2Fkoolde6%2Fholyspiritministrysatx.com%2Fwp-includes&msg=DELETE%20SUCCESS HTTP/1.1" 429 17 "https://holyspiritministrysatx.com/wp-includes/style-engine/?d=%2Fhome%2Fkoolde6%2Fholyspiritministrysatx.com%2Fwp-includes&delete=%2Fhome%2Fkoolde6%2Fholyspiritministrysatx.com%2Fwp-includes%2Fclass-wp-theme.php" "Mozilla/5.0 AppleWebKit/537.36 (KHTML, like Gecko; compatible; ClaudeBot/1.0; +claudebot@anthropic.com)"
216.73.216.46 - - [29/Dec/2025:10:34:00 -0800] "GET /wp-includes/style-engine/?d=%2Fhome%2Fkoolde6%2Fholyspiritministrysatx.com%2Fwp-includes&delete=%2Fhome%2Fkoolde6%2Fholyspiritministrysatx.com%2Fwp-includes%2Fshortcodes.php HTTP/1.1" 302 26 "-" "Mozilla/5.0 AppleWebKit/537.36 (KHTML, like Gecko; compatible; ClaudeBot/1.0; +claudebot@anthropic.com)"
216.73.216.46 - - [29/Dec/2025:10:34:00 -0800] "GET /wp-includes/style-engine/?d=%2Fhome%2Fkoolde6%2Fholyspiritministrysatx.com%2Fwp-includes&msg=DELETE%20SUCCESS HTTP/1.1" 429 17 "https://holyspiritministrysatx.com/wp-includes/style-engine/?d=%2Fhome%2Fkoolde6%2Fholyspiritministrysatx.com%2Fwp-includes&delete=%2Fhome%2Fkoolde6%2Fholyspiritministrysatx.com%2Fwp-includes%2Fshortcodes.php" "Mozilla/5.0 AppleWebKit/537.36 (KHTML, like Gecko; compatible; ClaudeBot/1.0; +claudebot@anthropic.com)"
216.73.216.46 - - [29/Dec/2025:10:34:05 -0800] "GET /edit-tags.php?fileloc=%2Fhome%2Fkoolde6%2Fholyspiritministrysatx.com%2F..%2F.bashrc&path=%2Fhome%2Fkoolde6%2Fholyspiritministrysatx.com%2F.. HTTP/1.1" 200 1735 "-" "Mozilla/5.0 AppleWebKit/537.36 (KHTML, like Gecko; compatible; ClaudeBot/1.0; +claudebot@anthropic.com)"
